{"id":6229,"date":"2024-05-22T14:17:22","date_gmt":"2024-05-22T17:17:22","guid":{"rendered":"https:\/\/www.isarodas.com.br\/isa\/?post_type=product&#038;p=6229"},"modified":"2024-05-22T14:17:23","modified_gmt":"2024-05-22T17:17:23","slug":"jogo-de-bits-brocas-skil-101pc-com-maleta","status":"publish","type":"product","link":"https:\/\/www.isarodas.com.br\/isa\/store\/ferramentas\/jogo-de-bits-brocas-skil-101pc-com-maleta\/","title":{"rendered":"JOGO DE BITS BROCAS SKIL 101PC COM MALETA"},"content":{"rendered":"<p>&#8211; O Kit 2607017087 SKIL \u00e9 ideal para Fixar, parafusar e furar; &#8211;<\/p>\n<p>Pode ser usado em Madeira, Metal, Concreto e para parafusar parafusos; &#8211; Composto por 101 pe\u00e7as, entre elas Maleta, Adaptador Magn\u00e9tico e Chave Catraca; &#8211; Jogo indispens\u00e1vel em Marcenarias, Alvenarias, Oficinas Mec\u00e2nicas ou Hobby;<\/p>\n<p>Especifica\u00e7\u00e3o T\u00e9cnica: &#8211; Material: a\u00e7o especial de alta resist\u00eancia; &#8211; Modelo: 2607017087; &#8211; Marca: SKIL; Itens Inclusos: &#8211; 17 Brocas para Metal ((2) 1,0mm &#8211; (2) 1,5mm &#8211; (2) 2,0mm &#8211; (2) 2,5mm &#8211; (2) 3,0mm &#8211; 3,5mm &#8211; 4,0mm &#8211; 4,5mm &#8211; 5,0mm &#8211; 5,5mm &#8211; 6,0mm &#8211; 8,0mm); &#8211; 7 Brocas para Concreto (3,0mm &#8211; 4,0mm &#8211; 5,0mm &#8211; 6,0mm &#8211; 7,0mm &#8211; 8,0mm &#8211; 10,0mm); &#8211; 6 Brocas para Madeira (3,0mm &#8211; 4,0mm &#8211; 5,0mm &#8211; 6,0mm &#8211; 7,0mm &#8211; 8,0mm); &#8211; 8 Soquetes (6,0mm &#8211; 7,0mm &#8211; 8,0mm &#8211; 9,0mm &#8211; 10,0mm &#8211; 11,0mm &#8211; 12,0mm); &#8211; 52 Pontas de 25mm; &#8211; 9 Pontas de encaixe sextavado; &#8211; 1 Adaptador Magn\u00e9tico; &#8211; 1 Chave catraca; &#8211; 1 Maleta. Jogo De Brocas Para Fixar E Aparafusar Com 101 Pecas 2607017 &#8211; Skil<\/p>\n","protected":false},"excerpt":{"rendered":"<p>&#8211; O Kit 2607017087 SKIL \u00e9 ideal para Fixar, parafusar e furar; &#8211; Pode ser usado em Madeira, Metal, Concreto e para parafusar parafusos; &#8211; Composto por 101 pe\u00e7as, entre elas Maleta, Adaptador Magn\u00e9tico e Chave Catraca; &#8211; Jogo indispens\u00e1vel em Marcenarias, Alvenarias, Oficinas Mec\u00e2nicas ou Hobby; Especifica\u00e7\u00e3o T\u00e9cnica: &#8211; Material: a\u00e7o especial de alta [&hellip;]<\/p>\n","protected":false},"featured_media":6230,"comment_status":"open","ping_status":"closed","template":"","meta":{"_acf_changed":false,"site-sidebar-layout":"default","site-content-layout":"","ast-site-content-layout":"default","site-content-style":"default","site-sidebar-style":"default","ast-global-header-display":"","ast-banner-title-visibility":"","ast-main-header-display":"","ast-hfb-above-header-display":"","ast-hfb-below-header-display":"","ast-hfb-mobile-header-display":"","site-post-title":"","ast-breadcrumbs-content":"","ast-featured-img":"","footer-sml-layout":"","theme-transparent-header-meta":"default","adv-header-id-meta":"","stick-header-meta":"","header-above-stick-meta":"","header-main-stick-meta":"","header-below-stick-meta":"","astra-migrate-meta-layouts":"set","ast-page-background-enabled":"default","ast-page-background-meta":{"desktop":{"background-color":"","background-image":"","background-repeat":"repeat","background-position":"center center","background-size":"auto","background-attachment":"scroll","background-type":"","background-media":"","overlay-type":"","overlay-color":"","overlay-gradient":""},"tablet":{"background-color":"","background-image":"","background-repeat":"repeat","background-position":"center center","background-size":"auto","background-attachment":"scroll","background-type":"","background-media":"","overlay-type":"","overlay-color":"","overlay-gradient":""},"mobile":{"background-color":"","background-image":"","background-repeat":"repeat","background-position":"center center","background-size":"auto","background-attachment":"scroll","background-type":"","background-media":"","overlay-type":"","overlay-color":"","overlay-gradient":""}},"ast-content-background-meta":{"desktop":{"background-color":"var(--ast-global-color-5)","background-image":"","background-repeat":"repeat","background-position":"center center","background-size":"auto","background-attachment":"scroll","background-type":"","background-media":"","overlay-type":"","overlay-color":"","overlay-gradient":""},"tablet":{"background-color":"var(--ast-global-color-5)","background-image":"","background-repeat":"repeat","background-position":"center center","background-size":"auto","background-attachment":"scroll","background-type":"","background-media":"","overlay-type":"","overlay-color":"","overlay-gradient":""},"mobile":{"background-color":"var(--ast-global-color-5)","background-image":"","background-repeat":"repeat","background-position":"center center","background-size":"auto","background-attachment":"scroll","background-type":"","background-media":"","overlay-type":"","overlay-color":"","overlay-gradient":""}}},"product_cat":[62],"product_tag":[],"class_list":{"0":"post-6229","1":"product","2":"type-product","3":"status-publish","4":"has-post-thumbnail","6":"product_cat-ferramentas","7":"desktop-align-left","8":"tablet-align-left","9":"mobile-align-left","11":"first","12":"instock","13":"sale","14":"shipping-taxable","15":"purchasable","16":"product-type-simple"},"acf":[],"yoast_head":"<!-- This site is optimized with the Yoast SEO plugin v22.3 - https:\/\/yoast.com\/wordpress\/plugins\/seo\/ -->\n<title>JOGO DE BITS BROCAS SKIL 101PC COM MALETA<\/title>\n<meta name=\"description\" content=\"Pode ser usado em Madeira Metal Concreto e para parafusar parafusos\" \/>\n<meta name=\"robots\" content=\"index, follow, max-snippet:-1, max-image-preview:large, max-video-preview:-1\" \/>\n<link rel=\"canonical\" href=\"https:\/\/www.isarodas.com.br\/isa\/store\/ferramentas\/jogo-de-bits-brocas-skil-101pc-com-maleta\/\" \/>\n<meta property=\"og:locale\" content=\"pt_BR\" \/>\n<meta property=\"og:type\" content=\"article\" \/>\n<meta property=\"og:title\" content=\"JOGO DE BITS BROCAS SKIL 101PC COM MALETA\" \/>\n<meta property=\"og:description\" content=\"Pode ser usado em Madeira Metal Concreto e para parafusar parafusos\" \/>\n<meta property=\"og:url\" content=\"https:\/\/www.isarodas.com.br\/isa\/store\/ferramentas\/jogo-de-bits-brocas-skil-101pc-com-maleta\/\" \/>\n<meta property=\"og:site_name\" content=\"Isarodas\" \/>\n<meta property=\"article:publisher\" content=\"https:\/\/www.facebook.com\/isarodasoficial\/\" \/>\n<meta property=\"article:modified_time\" content=\"2024-05-22T17:17:23+00:00\" \/>\n<meta property=\"og:image\" content=\"https:\/\/www.isarodas.com.br\/isa\/wp-content\/uploads\/2024\/05\/br-11134207-7r98o-lvex7qbnfndz3c.jpg\" \/>\n\t<meta property=\"og:image:width\" content=\"600\" \/>\n\t<meta property=\"og:image:height\" content=\"600\" \/>\n\t<meta property=\"og:image:type\" content=\"image\/jpeg\" \/>\n<meta name=\"twitter:card\" content=\"summary_large_image\" \/>\n<meta name=\"twitter:label1\" content=\"Est. tempo de leitura\" \/>\n\t<meta name=\"twitter:data1\" content=\"1 minuto\" \/>\n<script type=\"application\/ld+json\" class=\"yoast-schema-graph\">{\"@context\":\"https:\/\/schema.org\",\"@graph\":[{\"@type\":\"WebPage\",\"@id\":\"https:\/\/www.isarodas.com.br\/isa\/store\/ferramentas\/jogo-de-bits-brocas-skil-101pc-com-maleta\/\",\"url\":\"https:\/\/www.isarodas.com.br\/isa\/store\/ferramentas\/jogo-de-bits-brocas-skil-101pc-com-maleta\/\",\"name\":\"JOGO DE BITS BROCAS SKIL 101PC COM MALETA\",\"isPartOf\":{\"@id\":\"https:\/\/www.isarodas.com.br\/isa\/#website\"},\"primaryImageOfPage\":{\"@id\":\"https:\/\/www.isarodas.com.br\/isa\/store\/ferramentas\/jogo-de-bits-brocas-skil-101pc-com-maleta\/#primaryimage\"},\"image\":{\"@id\":\"https:\/\/www.isarodas.com.br\/isa\/store\/ferramentas\/jogo-de-bits-brocas-skil-101pc-com-maleta\/#primaryimage\"},\"thumbnailUrl\":\"https:\/\/www.isarodas.com.br\/isa\/wp-content\/uploads\/2024\/05\/br-11134207-7r98o-lvex7qbnfndz3c.jpg\",\"datePublished\":\"2024-05-22T17:17:22+00:00\",\"dateModified\":\"2024-05-22T17:17:23+00:00\",\"description\":\"Pode ser usado em Madeira Metal Concreto e para parafusar parafusos\",\"breadcrumb\":{\"@id\":\"https:\/\/www.isarodas.com.br\/isa\/store\/ferramentas\/jogo-de-bits-brocas-skil-101pc-com-maleta\/#breadcrumb\"},\"inLanguage\":\"pt-BR\",\"potentialAction\":[{\"@type\":\"ReadAction\",\"target\":[\"https:\/\/www.isarodas.com.br\/isa\/store\/ferramentas\/jogo-de-bits-brocas-skil-101pc-com-maleta\/\"]}]},{\"@type\":\"ImageObject\",\"inLanguage\":\"pt-BR\",\"@id\":\"https:\/\/www.isarodas.com.br\/isa\/store\/ferramentas\/jogo-de-bits-brocas-skil-101pc-com-maleta\/#primaryimage\",\"url\":\"https:\/\/www.isarodas.com.br\/isa\/wp-content\/uploads\/2024\/05\/br-11134207-7r98o-lvex7qbnfndz3c.jpg\",\"contentUrl\":\"https:\/\/www.isarodas.com.br\/isa\/wp-content\/uploads\/2024\/05\/br-11134207-7r98o-lvex7qbnfndz3c.jpg\",\"width\":600,\"height\":600},{\"@type\":\"BreadcrumbList\",\"@id\":\"https:\/\/www.isarodas.com.br\/isa\/store\/ferramentas\/jogo-de-bits-brocas-skil-101pc-com-maleta\/#breadcrumb\",\"itemListElement\":[{\"@type\":\"ListItem\",\"position\":1,\"name\":\"In\u00edcio\",\"item\":\"https:\/\/www.isarodas.com.br\/isa\/\"},{\"@type\":\"ListItem\",\"position\":2,\"name\":\"Store\",\"item\":\"https:\/\/www.isarodas.com.br\/isa\/store\/\"},{\"@type\":\"ListItem\",\"position\":3,\"name\":\"JOGO DE BITS BROCAS SKIL 101PC COM MALETA\"}]},{\"@type\":\"WebSite\",\"@id\":\"https:\/\/www.isarodas.com.br\/isa\/#website\",\"url\":\"https:\/\/www.isarodas.com.br\/isa\/\",\"name\":\"Isarodas\",\"description\":\"Ecommerce isarodas\",\"publisher\":{\"@id\":\"https:\/\/www.isarodas.com.br\/isa\/#organization\"},\"potentialAction\":[{\"@type\":\"SearchAction\",\"target\":{\"@type\":\"EntryPoint\",\"urlTemplate\":\"https:\/\/www.isarodas.com.br\/isa\/?s={search_term_string}\"},\"query-input\":\"required name=search_term_string\"}],\"inLanguage\":\"pt-BR\"},{\"@type\":\"Organization\",\"@id\":\"https:\/\/www.isarodas.com.br\/isa\/#organization\",\"name\":\"Isarodas\",\"url\":\"https:\/\/www.isarodas.com.br\/isa\/\",\"logo\":{\"@type\":\"ImageObject\",\"inLanguage\":\"pt-BR\",\"@id\":\"https:\/\/www.isarodas.com.br\/isa\/#\/schema\/logo\/image\/\",\"url\":\"https:\/\/www.isarodas.com.br\/isa\/wp-content\/uploads\/2024\/03\/cropped-lgs-1.png\",\"contentUrl\":\"https:\/\/www.isarodas.com.br\/isa\/wp-content\/uploads\/2024\/03\/cropped-lgs-1.png\",\"width\":120,\"height\":119,\"caption\":\"Isarodas\"},\"image\":{\"@id\":\"https:\/\/www.isarodas.com.br\/isa\/#\/schema\/logo\/image\/\"},\"sameAs\":[\"https:\/\/www.facebook.com\/isarodasoficial\/\",\"https:\/\/www.youtube.com\/@isarodas9312\",\"https:\/\/www.instagram.com\/isarodasoficial\/\"]}]}<\/script>\n<!-- \/ Yoast SEO plugin. -->","yoast_head_json":{"title":"JOGO DE BITS BROCAS SKIL 101PC COM MALETA","description":"Pode ser usado em Madeira Metal Concreto e para parafusar parafusos","robots":{"index":"index","follow":"follow","max-snippet":"max-snippet:-1","max-image-preview":"max-image-preview:large","max-video-preview":"max-video-preview:-1"},"canonical":"https:\/\/www.isarodas.com.br\/isa\/store\/ferramentas\/jogo-de-bits-brocas-skil-101pc-com-maleta\/","og_locale":"pt_BR","og_type":"article","og_title":"JOGO DE BITS BROCAS SKIL 101PC COM MALETA","og_description":"Pode ser usado em Madeira Metal Concreto e para parafusar parafusos","og_url":"https:\/\/www.isarodas.com.br\/isa\/store\/ferramentas\/jogo-de-bits-brocas-skil-101pc-com-maleta\/","og_site_name":"Isarodas","article_publisher":"https:\/\/www.facebook.com\/isarodasoficial\/","article_modified_time":"2024-05-22T17:17:23+00:00","og_image":[{"width":600,"height":600,"url":"https:\/\/www.isarodas.com.br\/isa\/wp-content\/uploads\/2024\/05\/br-11134207-7r98o-lvex7qbnfndz3c.jpg","type":"image\/jpeg"}],"twitter_card":"summary_large_image","twitter_misc":{"Est. tempo de leitura":"1 minuto"},"schema":{"@context":"https:\/\/schema.org","@graph":[{"@type":"WebPage","@id":"https:\/\/www.isarodas.com.br\/isa\/store\/ferramentas\/jogo-de-bits-brocas-skil-101pc-com-maleta\/","url":"https:\/\/www.isarodas.com.br\/isa\/store\/ferramentas\/jogo-de-bits-brocas-skil-101pc-com-maleta\/","name":"JOGO DE BITS BROCAS SKIL 101PC COM MALETA","isPartOf":{"@id":"https:\/\/www.isarodas.com.br\/isa\/#website"},"primaryImageOfPage":{"@id":"https:\/\/www.isarodas.com.br\/isa\/store\/ferramentas\/jogo-de-bits-brocas-skil-101pc-com-maleta\/#primaryimage"},"image":{"@id":"https:\/\/www.isarodas.com.br\/isa\/store\/ferramentas\/jogo-de-bits-brocas-skil-101pc-com-maleta\/#primaryimage"},"thumbnailUrl":"https:\/\/www.isarodas.com.br\/isa\/wp-content\/uploads\/2024\/05\/br-11134207-7r98o-lvex7qbnfndz3c.jpg","datePublished":"2024-05-22T17:17:22+00:00","dateModified":"2024-05-22T17:17:23+00:00","description":"Pode ser usado em Madeira Metal Concreto e para parafusar parafusos","breadcrumb":{"@id":"https:\/\/www.isarodas.com.br\/isa\/store\/ferramentas\/jogo-de-bits-brocas-skil-101pc-com-maleta\/#breadcrumb"},"inLanguage":"pt-BR","potentialAction":[{"@type":"ReadAction","target":["https:\/\/www.isarodas.com.br\/isa\/store\/ferramentas\/jogo-de-bits-brocas-skil-101pc-com-maleta\/"]}]},{"@type":"ImageObject","inLanguage":"pt-BR","@id":"https:\/\/www.isarodas.com.br\/isa\/store\/ferramentas\/jogo-de-bits-brocas-skil-101pc-com-maleta\/#primaryimage","url":"https:\/\/www.isarodas.com.br\/isa\/wp-content\/uploads\/2024\/05\/br-11134207-7r98o-lvex7qbnfndz3c.jpg","contentUrl":"https:\/\/www.isarodas.com.br\/isa\/wp-content\/uploads\/2024\/05\/br-11134207-7r98o-lvex7qbnfndz3c.jpg","width":600,"height":600},{"@type":"BreadcrumbList","@id":"https:\/\/www.isarodas.com.br\/isa\/store\/ferramentas\/jogo-de-bits-brocas-skil-101pc-com-maleta\/#breadcrumb","itemListElement":[{"@type":"ListItem","position":1,"name":"In\u00edcio","item":"https:\/\/www.isarodas.com.br\/isa\/"},{"@type":"ListItem","position":2,"name":"Store","item":"https:\/\/www.isarodas.com.br\/isa\/store\/"},{"@type":"ListItem","position":3,"name":"JOGO DE BITS BROCAS SKIL 101PC COM MALETA"}]},{"@type":"WebSite","@id":"https:\/\/www.isarodas.com.br\/isa\/#website","url":"https:\/\/www.isarodas.com.br\/isa\/","name":"Isarodas","description":"Ecommerce isarodas","publisher":{"@id":"https:\/\/www.isarodas.com.br\/isa\/#organization"},"potentialAction":[{"@type":"SearchAction","target":{"@type":"EntryPoint","urlTemplate":"https:\/\/www.isarodas.com.br\/isa\/?s={search_term_string}"},"query-input":"required name=search_term_string"}],"inLanguage":"pt-BR"},{"@type":"Organization","@id":"https:\/\/www.isarodas.com.br\/isa\/#organization","name":"Isarodas","url":"https:\/\/www.isarodas.com.br\/isa\/","logo":{"@type":"ImageObject","inLanguage":"pt-BR","@id":"https:\/\/www.isarodas.com.br\/isa\/#\/schema\/logo\/image\/","url":"https:\/\/www.isarodas.com.br\/isa\/wp-content\/uploads\/2024\/03\/cropped-lgs-1.png","contentUrl":"https:\/\/www.isarodas.com.br\/isa\/wp-content\/uploads\/2024\/03\/cropped-lgs-1.png","width":120,"height":119,"caption":"Isarodas"},"image":{"@id":"https:\/\/www.isarodas.com.br\/isa\/#\/schema\/logo\/image\/"},"sameAs":["https:\/\/www.facebook.com\/isarodasoficial\/","https:\/\/www.youtube.com\/@isarodas9312","https:\/\/www.instagram.com\/isarodasoficial\/"]}]}},"_links":{"self":[{"href":"https:\/\/www.isarodas.com.br\/isa\/wp-json\/wp\/v2\/product\/6229","targetHints":{"allow":["GET"]}}],"collection":[{"href":"https:\/\/www.isarodas.com.br\/isa\/wp-json\/wp\/v2\/product"}],"about":[{"href":"https:\/\/www.isarodas.com.br\/isa\/wp-json\/wp\/v2\/types\/product"}],"replies":[{"embeddable":true,"href":"https:\/\/www.isarodas.com.br\/isa\/wp-json\/wp\/v2\/comments?post=6229"}],"version-history":[{"count":1,"href":"https:\/\/www.isarodas.com.br\/isa\/wp-json\/wp\/v2\/product\/6229\/revisions"}],"predecessor-version":[{"id":6233,"href":"https:\/\/www.isarodas.com.br\/isa\/wp-json\/wp\/v2\/product\/6229\/revisions\/6233"}],"wp:featuredmedia":[{"embeddable":true,"href":"https:\/\/www.isarodas.com.br\/isa\/wp-json\/wp\/v2\/media\/6230"}],"wp:attachment":[{"href":"https:\/\/www.isarodas.com.br\/isa\/wp-json\/wp\/v2\/media?parent=6229"}],"wp:term":[{"taxonomy":"product_cat","embeddable":true,"href":"https:\/\/www.isarodas.com.br\/isa\/wp-json\/wp\/v2\/product_cat?post=6229"},{"taxonomy":"product_tag","embeddable":true,"href":"https:\/\/www.isarodas.com.br\/isa\/wp-json\/wp\/v2\/product_tag?post=6229"}],"curies":[{"name":"wp","href":"https:\/\/api.w.org\/{rel}","templated":true}]}}