{"id":5496,"date":"2024-04-12T14:41:14","date_gmt":"2024-04-12T17:41:14","guid":{"rendered":"https:\/\/www.isarodas.com.br\/isa\/?post_type=product&#038;p=5496"},"modified":"2024-04-12T14:41:14","modified_gmt":"2024-04-12T17:41:14","slug":"grampeador-pinador-manual-80f-rocama-com-grampos","status":"publish","type":"product","link":"https:\/\/www.isarodas.com.br\/isa\/store\/ferramentas\/grampeador-pinador-manual-80f-rocama-com-grampos\/","title":{"rendered":"Grampeador Pinador Manual 80f Rocama Com Grampos"},"content":{"rendered":"<p>Grampeador e pinador amarelo com 500 grampos e 480 pinos. Ideal para trabalhos em Tape\u00e7aria, Forro, Serigrafia, Marcenaria, Hobby, Cartonagem, Decora\u00e7\u00e3o, etc.<br \/>\n\u2022 Marca: ROCAMA<br \/>\n\u2022 Caracter\u00edsticas:<br \/>\n***********************************************-Cor: Sortida, n\u00e3o \u00e9 poss\u00edvel escolher a Cor ************************************************<br \/>\n-Peso: 0,557 gramas.<br \/>\n-Dimens\u00f5es (CxLxA): 17cm x 15cm x 3cm<br \/>\n\u2022 Precau\u00e7\u00f5es:<br \/>\n-Mantenha fora do alcance das crian\u00e7as.<br \/>\n-Para grampear ou pinar use sempre uma superf\u00edcie de apoio firme e plana.<br \/>\n-N\u00e3o disparar grampos e pinos contra si mesmo ou outros.<br \/>\n-Quando n\u00e3o estiver em uso, esvazie o carregador de grampos e pinos.<br \/>\n-Quando necessitar de maior press\u00e3o, acionar o regulador de press\u00e3o (A) para o s\u00edmbolo de + (B) e vice versa.<br \/>\n\u2022 Instru\u00e7\u00f5es:<br \/>\n*Para grampos:<br \/>\n-Abrir o trilho.<br \/>\n-Colocar a barra de grampos.<br \/>\n-Fechar o trilho at\u00e9 travar.<br \/>\n*Para pinos:<br \/>\n-Abrir o trilho.<br \/>\n-Colocar a barra com a cabe\u00e7a do pino voltada para o fundo do carregador.<br \/>\n-Fechar o trilho at\u00e9 travar.<br \/>\n\u2022 Conte\u00fado:<br \/>\n-1 Grampeador e pinador.<br \/>\n-500 Grampos 80\/60.<br \/>\n-480 Pinos F-12.<br \/>\n\u2022 Aplica\u00e7\u00e3o: Ideal para trabalhos em tape\u00e7aria, forro, serigrafia, marcenaria, hobby, cartonagem, decora\u00e7\u00e3o, etc.<br \/>\n\u2022 C\u00f3digo: 80F<\/p>\n<p>Especifica\u00e7\u00f5es T\u00e9cnicas<\/p>\n<p>Conte\u00fado da Embalagem -1 Grampeador e pinador.-500 Grampos 80\/60.-480 Pinos F-12.7<\/p>\n","protected":false},"excerpt":{"rendered":"<p>Grampeador e pinador amarelo com 500 grampos e 480 pinos. Ideal para trabalhos em Tape\u00e7aria, Forro, Serigrafia, Marcenaria, Hobby, Cartonagem, Decora\u00e7\u00e3o, etc. \u2022 Marca: ROCAMA \u2022 Caracter\u00edsticas: ***********************************************-Cor: Sortida, n\u00e3o \u00e9 poss\u00edvel escolher a Cor ************************************************ -Peso: 0,557 gramas. -Dimens\u00f5es (CxLxA): 17cm x 15cm x 3cm \u2022 Precau\u00e7\u00f5es: -Mantenha fora do alcance das crian\u00e7as. -Para [&hellip;]<\/p>\n","protected":false},"featured_media":5497,"comment_status":"open","ping_status":"closed","template":"","meta":{"_acf_changed":false,"site-sidebar-layout":"default","site-content-layout":"","ast-site-content-layout":"default","site-content-style":"default","site-sidebar-style":"default","ast-global-header-display":"","ast-banner-title-visibility":"","ast-main-header-display":"","ast-hfb-above-header-display":"","ast-hfb-below-header-display":"","ast-hfb-mobile-header-display":"","site-post-title":"","ast-breadcrumbs-content":"","ast-featured-img":"","footer-sml-layout":"","theme-transparent-header-meta":"default","adv-header-id-meta":"","stick-header-meta":"","header-above-stick-meta":"","header-main-stick-meta":"","header-below-stick-meta":"","astra-migrate-meta-layouts":"set","ast-page-background-enabled":"default","ast-page-background-meta":{"desktop":{"background-color":"","background-image":"","background-repeat":"repeat","background-position":"center center","background-size":"auto","background-attachment":"scroll","background-type":"","background-media":"","overlay-type":"","overlay-color":"","overlay-gradient":""},"tablet":{"background-color":"","background-image":"","background-repeat":"repeat","background-position":"center center","background-size":"auto","background-attachment":"scroll","background-type":"","background-media":"","overlay-type":"","overlay-color":"","overlay-gradient":""},"mobile":{"background-color":"","background-image":"","background-repeat":"repeat","background-position":"center center","background-size":"auto","background-attachment":"scroll","background-type":"","background-media":"","overlay-type":"","overlay-color":"","overlay-gradient":""}},"ast-content-background-meta":{"desktop":{"background-color":"var(--ast-global-color-5)","background-image":"","background-repeat":"repeat","background-position":"center center","background-size":"auto","background-attachment":"scroll","background-type":"","background-media":"","overlay-type":"","overlay-color":"","overlay-gradient":""},"tablet":{"background-color":"var(--ast-global-color-5)","background-image":"","background-repeat":"repeat","background-position":"center center","background-size":"auto","background-attachment":"scroll","background-type":"","background-media":"","overlay-type":"","overlay-color":"","overlay-gradient":""},"mobile":{"background-color":"var(--ast-global-color-5)","background-image":"","background-repeat":"repeat","background-position":"center center","background-size":"auto","background-attachment":"scroll","background-type":"","background-media":"","overlay-type":"","overlay-color":"","overlay-gradient":""}}},"product_cat":[62],"product_tag":[],"class_list":{"0":"post-5496","1":"product","2":"type-product","3":"status-publish","4":"has-post-thumbnail","6":"product_cat-ferramentas","7":"desktop-align-left","8":"tablet-align-left","9":"mobile-align-left","11":"first","12":"instock","13":"sale","14":"shipping-taxable","15":"purchasable","16":"product-type-simple"},"acf":[],"yoast_head":"<!-- This site is optimized with the Yoast SEO plugin v22.3 - https:\/\/yoast.com\/wordpress\/plugins\/seo\/ -->\n<title>Grampeador Pinador Manual 80f Rocama Com Grampos<\/title>\n<meta name=\"description\" content=\"Grampeador e pinador amarelo com 500 grampos e 480 pinos. Ideal para trabalhos em Tape\u00e7aria, Forro, Serigrafia, Marcenaria, Hobby, Cartonagem, Decora\u00e7\u00e3o, etc.\" \/>\n<meta name=\"robots\" content=\"index, follow, max-snippet:-1, max-image-preview:large, max-video-preview:-1\" \/>\n<link rel=\"canonical\" href=\"https:\/\/www.isarodas.com.br\/isa\/store\/ferramentas\/grampeador-pinador-manual-80f-rocama-com-grampos\/\" \/>\n<meta property=\"og:locale\" content=\"pt_BR\" \/>\n<meta property=\"og:type\" content=\"article\" \/>\n<meta property=\"og:title\" content=\"Grampeador Pinador Manual 80f Rocama Com Grampos\" \/>\n<meta property=\"og:description\" content=\"Grampeador e pinador amarelo com 500 grampos e 480 pinos. Ideal para trabalhos em Tape\u00e7aria, Forro, Serigrafia, Marcenaria, Hobby, Cartonagem, Decora\u00e7\u00e3o, etc.\" \/>\n<meta property=\"og:url\" content=\"https:\/\/www.isarodas.com.br\/isa\/store\/ferramentas\/grampeador-pinador-manual-80f-rocama-com-grampos\/\" \/>\n<meta property=\"og:site_name\" content=\"Isarodas\" \/>\n<meta property=\"article:publisher\" content=\"https:\/\/www.facebook.com\/isarodasoficial\/\" \/>\n<meta property=\"og:image\" content=\"https:\/\/www.isarodas.com.br\/isa\/wp-content\/uploads\/2024\/04\/D_NQ_NP_850259-MLB42331499750_062020-O.webp\" \/>\n\t<meta property=\"og:image:width\" content=\"474\" \/>\n\t<meta property=\"og:image:height\" content=\"500\" \/>\n\t<meta property=\"og:image:type\" content=\"image\/webp\" \/>\n<meta name=\"twitter:card\" content=\"summary_large_image\" \/>\n<meta name=\"twitter:label1\" content=\"Est. tempo de leitura\" \/>\n\t<meta name=\"twitter:data1\" content=\"2 minutos\" \/>\n<script type=\"application\/ld+json\" class=\"yoast-schema-graph\">{\"@context\":\"https:\/\/schema.org\",\"@graph\":[{\"@type\":\"WebPage\",\"@id\":\"https:\/\/www.isarodas.com.br\/isa\/store\/ferramentas\/grampeador-pinador-manual-80f-rocama-com-grampos\/\",\"url\":\"https:\/\/www.isarodas.com.br\/isa\/store\/ferramentas\/grampeador-pinador-manual-80f-rocama-com-grampos\/\",\"name\":\"Grampeador Pinador Manual 80f Rocama Com Grampos\",\"isPartOf\":{\"@id\":\"https:\/\/www.isarodas.com.br\/isa\/#website\"},\"primaryImageOfPage\":{\"@id\":\"https:\/\/www.isarodas.com.br\/isa\/store\/ferramentas\/grampeador-pinador-manual-80f-rocama-com-grampos\/#primaryimage\"},\"image\":{\"@id\":\"https:\/\/www.isarodas.com.br\/isa\/store\/ferramentas\/grampeador-pinador-manual-80f-rocama-com-grampos\/#primaryimage\"},\"thumbnailUrl\":\"https:\/\/www.isarodas.com.br\/isa\/wp-content\/uploads\/2024\/04\/D_NQ_NP_850259-MLB42331499750_062020-O.webp\",\"datePublished\":\"2024-04-12T17:41:14+00:00\",\"dateModified\":\"2024-04-12T17:41:14+00:00\",\"description\":\"Grampeador e pinador amarelo com 500 grampos e 480 pinos. Ideal para trabalhos em Tape\u00e7aria, Forro, Serigrafia, Marcenaria, Hobby, Cartonagem, Decora\u00e7\u00e3o, etc.\",\"breadcrumb\":{\"@id\":\"https:\/\/www.isarodas.com.br\/isa\/store\/ferramentas\/grampeador-pinador-manual-80f-rocama-com-grampos\/#breadcrumb\"},\"inLanguage\":\"pt-BR\",\"potentialAction\":[{\"@type\":\"ReadAction\",\"target\":[\"https:\/\/www.isarodas.com.br\/isa\/store\/ferramentas\/grampeador-pinador-manual-80f-rocama-com-grampos\/\"]}]},{\"@type\":\"ImageObject\",\"inLanguage\":\"pt-BR\",\"@id\":\"https:\/\/www.isarodas.com.br\/isa\/store\/ferramentas\/grampeador-pinador-manual-80f-rocama-com-grampos\/#primaryimage\",\"url\":\"https:\/\/www.isarodas.com.br\/isa\/wp-content\/uploads\/2024\/04\/D_NQ_NP_850259-MLB42331499750_062020-O.webp\",\"contentUrl\":\"https:\/\/www.isarodas.com.br\/isa\/wp-content\/uploads\/2024\/04\/D_NQ_NP_850259-MLB42331499750_062020-O.webp\",\"width\":474,\"height\":500},{\"@type\":\"BreadcrumbList\",\"@id\":\"https:\/\/www.isarodas.com.br\/isa\/store\/ferramentas\/grampeador-pinador-manual-80f-rocama-com-grampos\/#breadcrumb\",\"itemListElement\":[{\"@type\":\"ListItem\",\"position\":1,\"name\":\"In\u00edcio\",\"item\":\"https:\/\/www.isarodas.com.br\/isa\/\"},{\"@type\":\"ListItem\",\"position\":2,\"name\":\"Store\",\"item\":\"https:\/\/www.isarodas.com.br\/isa\/store\/\"},{\"@type\":\"ListItem\",\"position\":3,\"name\":\"Grampeador Pinador Manual 80f Rocama Com Grampos\"}]},{\"@type\":\"WebSite\",\"@id\":\"https:\/\/www.isarodas.com.br\/isa\/#website\",\"url\":\"https:\/\/www.isarodas.com.br\/isa\/\",\"name\":\"Isarodas\",\"description\":\"Ecommerce isarodas\",\"publisher\":{\"@id\":\"https:\/\/www.isarodas.com.br\/isa\/#organization\"},\"potentialAction\":[{\"@type\":\"SearchAction\",\"target\":{\"@type\":\"EntryPoint\",\"urlTemplate\":\"https:\/\/www.isarodas.com.br\/isa\/?s={search_term_string}\"},\"query-input\":\"required name=search_term_string\"}],\"inLanguage\":\"pt-BR\"},{\"@type\":\"Organization\",\"@id\":\"https:\/\/www.isarodas.com.br\/isa\/#organization\",\"name\":\"Isarodas\",\"url\":\"https:\/\/www.isarodas.com.br\/isa\/\",\"logo\":{\"@type\":\"ImageObject\",\"inLanguage\":\"pt-BR\",\"@id\":\"https:\/\/www.isarodas.com.br\/isa\/#\/schema\/logo\/image\/\",\"url\":\"https:\/\/www.isarodas.com.br\/isa\/wp-content\/uploads\/2024\/03\/cropped-lgs-1.png\",\"contentUrl\":\"https:\/\/www.isarodas.com.br\/isa\/wp-content\/uploads\/2024\/03\/cropped-lgs-1.png\",\"width\":120,\"height\":119,\"caption\":\"Isarodas\"},\"image\":{\"@id\":\"https:\/\/www.isarodas.com.br\/isa\/#\/schema\/logo\/image\/\"},\"sameAs\":[\"https:\/\/www.facebook.com\/isarodasoficial\/\",\"https:\/\/www.youtube.com\/@isarodas9312\",\"https:\/\/www.instagram.com\/isarodasoficial\/\"]}]}<\/script>\n<!-- \/ Yoast SEO plugin. -->","yoast_head_json":{"title":"Grampeador Pinador Manual 80f Rocama Com Grampos","description":"Grampeador e pinador amarelo com 500 grampos e 480 pinos. Ideal para trabalhos em Tape\u00e7aria, Forro, Serigrafia, Marcenaria, Hobby, Cartonagem, Decora\u00e7\u00e3o, etc.","robots":{"index":"index","follow":"follow","max-snippet":"max-snippet:-1","max-image-preview":"max-image-preview:large","max-video-preview":"max-video-preview:-1"},"canonical":"https:\/\/www.isarodas.com.br\/isa\/store\/ferramentas\/grampeador-pinador-manual-80f-rocama-com-grampos\/","og_locale":"pt_BR","og_type":"article","og_title":"Grampeador Pinador Manual 80f Rocama Com Grampos","og_description":"Grampeador e pinador amarelo com 500 grampos e 480 pinos. Ideal para trabalhos em Tape\u00e7aria, Forro, Serigrafia, Marcenaria, Hobby, Cartonagem, Decora\u00e7\u00e3o, etc.","og_url":"https:\/\/www.isarodas.com.br\/isa\/store\/ferramentas\/grampeador-pinador-manual-80f-rocama-com-grampos\/","og_site_name":"Isarodas","article_publisher":"https:\/\/www.facebook.com\/isarodasoficial\/","og_image":[{"width":474,"height":500,"url":"https:\/\/www.isarodas.com.br\/isa\/wp-content\/uploads\/2024\/04\/D_NQ_NP_850259-MLB42331499750_062020-O.webp","type":"image\/webp"}],"twitter_card":"summary_large_image","twitter_misc":{"Est. tempo de leitura":"2 minutos"},"schema":{"@context":"https:\/\/schema.org","@graph":[{"@type":"WebPage","@id":"https:\/\/www.isarodas.com.br\/isa\/store\/ferramentas\/grampeador-pinador-manual-80f-rocama-com-grampos\/","url":"https:\/\/www.isarodas.com.br\/isa\/store\/ferramentas\/grampeador-pinador-manual-80f-rocama-com-grampos\/","name":"Grampeador Pinador Manual 80f Rocama Com Grampos","isPartOf":{"@id":"https:\/\/www.isarodas.com.br\/isa\/#website"},"primaryImageOfPage":{"@id":"https:\/\/www.isarodas.com.br\/isa\/store\/ferramentas\/grampeador-pinador-manual-80f-rocama-com-grampos\/#primaryimage"},"image":{"@id":"https:\/\/www.isarodas.com.br\/isa\/store\/ferramentas\/grampeador-pinador-manual-80f-rocama-com-grampos\/#primaryimage"},"thumbnailUrl":"https:\/\/www.isarodas.com.br\/isa\/wp-content\/uploads\/2024\/04\/D_NQ_NP_850259-MLB42331499750_062020-O.webp","datePublished":"2024-04-12T17:41:14+00:00","dateModified":"2024-04-12T17:41:14+00:00","description":"Grampeador e pinador amarelo com 500 grampos e 480 pinos. Ideal para trabalhos em Tape\u00e7aria, Forro, Serigrafia, Marcenaria, Hobby, Cartonagem, Decora\u00e7\u00e3o, etc.","breadcrumb":{"@id":"https:\/\/www.isarodas.com.br\/isa\/store\/ferramentas\/grampeador-pinador-manual-80f-rocama-com-grampos\/#breadcrumb"},"inLanguage":"pt-BR","potentialAction":[{"@type":"ReadAction","target":["https:\/\/www.isarodas.com.br\/isa\/store\/ferramentas\/grampeador-pinador-manual-80f-rocama-com-grampos\/"]}]},{"@type":"ImageObject","inLanguage":"pt-BR","@id":"https:\/\/www.isarodas.com.br\/isa\/store\/ferramentas\/grampeador-pinador-manual-80f-rocama-com-grampos\/#primaryimage","url":"https:\/\/www.isarodas.com.br\/isa\/wp-content\/uploads\/2024\/04\/D_NQ_NP_850259-MLB42331499750_062020-O.webp","contentUrl":"https:\/\/www.isarodas.com.br\/isa\/wp-content\/uploads\/2024\/04\/D_NQ_NP_850259-MLB42331499750_062020-O.webp","width":474,"height":500},{"@type":"BreadcrumbList","@id":"https:\/\/www.isarodas.com.br\/isa\/store\/ferramentas\/grampeador-pinador-manual-80f-rocama-com-grampos\/#breadcrumb","itemListElement":[{"@type":"ListItem","position":1,"name":"In\u00edcio","item":"https:\/\/www.isarodas.com.br\/isa\/"},{"@type":"ListItem","position":2,"name":"Store","item":"https:\/\/www.isarodas.com.br\/isa\/store\/"},{"@type":"ListItem","position":3,"name":"Grampeador Pinador Manual 80f Rocama Com Grampos"}]},{"@type":"WebSite","@id":"https:\/\/www.isarodas.com.br\/isa\/#website","url":"https:\/\/www.isarodas.com.br\/isa\/","name":"Isarodas","description":"Ecommerce isarodas","publisher":{"@id":"https:\/\/www.isarodas.com.br\/isa\/#organization"},"potentialAction":[{"@type":"SearchAction","target":{"@type":"EntryPoint","urlTemplate":"https:\/\/www.isarodas.com.br\/isa\/?s={search_term_string}"},"query-input":"required name=search_term_string"}],"inLanguage":"pt-BR"},{"@type":"Organization","@id":"https:\/\/www.isarodas.com.br\/isa\/#organization","name":"Isarodas","url":"https:\/\/www.isarodas.com.br\/isa\/","logo":{"@type":"ImageObject","inLanguage":"pt-BR","@id":"https:\/\/www.isarodas.com.br\/isa\/#\/schema\/logo\/image\/","url":"https:\/\/www.isarodas.com.br\/isa\/wp-content\/uploads\/2024\/03\/cropped-lgs-1.png","contentUrl":"https:\/\/www.isarodas.com.br\/isa\/wp-content\/uploads\/2024\/03\/cropped-lgs-1.png","width":120,"height":119,"caption":"Isarodas"},"image":{"@id":"https:\/\/www.isarodas.com.br\/isa\/#\/schema\/logo\/image\/"},"sameAs":["https:\/\/www.facebook.com\/isarodasoficial\/","https:\/\/www.youtube.com\/@isarodas9312","https:\/\/www.instagram.com\/isarodasoficial\/"]}]}},"_links":{"self":[{"href":"https:\/\/www.isarodas.com.br\/isa\/wp-json\/wp\/v2\/product\/5496","targetHints":{"allow":["GET"]}}],"collection":[{"href":"https:\/\/www.isarodas.com.br\/isa\/wp-json\/wp\/v2\/product"}],"about":[{"href":"https:\/\/www.isarodas.com.br\/isa\/wp-json\/wp\/v2\/types\/product"}],"replies":[{"embeddable":true,"href":"https:\/\/www.isarodas.com.br\/isa\/wp-json\/wp\/v2\/comments?post=5496"}],"version-history":[{"count":1,"href":"https:\/\/www.isarodas.com.br\/isa\/wp-json\/wp\/v2\/product\/5496\/revisions"}],"predecessor-version":[{"id":5500,"href":"https:\/\/www.isarodas.com.br\/isa\/wp-json\/wp\/v2\/product\/5496\/revisions\/5500"}],"wp:featuredmedia":[{"embeddable":true,"href":"https:\/\/www.isarodas.com.br\/isa\/wp-json\/wp\/v2\/media\/5497"}],"wp:attachment":[{"href":"https:\/\/www.isarodas.com.br\/isa\/wp-json\/wp\/v2\/media?parent=5496"}],"wp:term":[{"taxonomy":"product_cat","embeddable":true,"href":"https:\/\/www.isarodas.com.br\/isa\/wp-json\/wp\/v2\/product_cat?post=5496"},{"taxonomy":"product_tag","embeddable":true,"href":"https:\/\/www.isarodas.com.br\/isa\/wp-json\/wp\/v2\/product_tag?post=5496"}],"curies":[{"name":"wp","href":"https:\/\/api.w.org\/{rel}","templated":true}]}}