{"id":5279,"date":"2024-04-11T10:42:31","date_gmt":"2024-04-11T13:42:31","guid":{"rendered":"https:\/\/www.isarodas.com.br\/isa\/?post_type=product&#038;p=5279"},"modified":"2024-04-11T10:42:31","modified_gmt":"2024-04-11T13:42:31","slug":"capa-de-chuva-nikokit-laminada-de-pvc-transparente-tam-g","status":"publish","type":"product","link":"https:\/\/www.isarodas.com.br\/isa\/store\/utilidades\/capa-de-chuva-nikokit-laminada-de-pvc-transparente-tam-g\/","title":{"rendered":"Capa De Chuva Nikokit Laminada De Pvc Transparente Tam G"},"content":{"rendered":"<p>Prepare-se para os dias chuvosos com a Capa de Chuva Nikokit Laminada de PVC Transparente no tamanho G! Esta capa \u00e9 o acess\u00f3rio perfeito para mant\u00ea-lo seco e protegido da chuva enquanto mant\u00e9m sua roupa vis\u00edvel por meio do material transparente. Feita com PVC de alta qualidade e laminada para garantir impermeabilidade m\u00e1xima, esta capa \u00e9 dur\u00e1vel e resistente, proporcionando prote\u00e7\u00e3o confi\u00e1vel contra a \u00e1gua. Seu tamanho G oferece conforto e liberdade de movimento, permitindo que voc\u00ea se mova facilmente mesmo sob a chuva. Al\u00e9m disso, seu design leve e compacto facilita o transporte e armazenamento quando n\u00e3o estiver em uso. Esteja preparado para enfrentar qualquer clima com estilo e praticidade com a Capa de Chuva Nikokit Laminada de PVC Transparente<\/p>\n","protected":false},"excerpt":{"rendered":"<p>Prepare-se para os dias chuvosos com a Capa de Chuva Nikokit Laminada de PVC Transparente no tamanho G! Esta capa \u00e9 o acess\u00f3rio perfeito para mant\u00ea-lo seco e protegido da chuva enquanto mant\u00e9m sua roupa vis\u00edvel por meio do material transparente. Feita com PVC de alta qualidade e laminada para garantir impermeabilidade m\u00e1xima, esta capa [&hellip;]<\/p>\n","protected":false},"featured_media":5280,"comment_status":"open","ping_status":"closed","template":"","meta":{"_acf_changed":false,"site-sidebar-layout":"default","site-content-layout":"","ast-site-content-layout":"default","site-content-style":"default","site-sidebar-style":"default","ast-global-header-display":"","ast-banner-title-visibility":"","ast-main-header-display":"","ast-hfb-above-header-display":"","ast-hfb-below-header-display":"","ast-hfb-mobile-header-display":"","site-post-title":"","ast-breadcrumbs-content":"","ast-featured-img":"","footer-sml-layout":"","theme-transparent-header-meta":"default","adv-header-id-meta":"","stick-header-meta":"","header-above-stick-meta":"","header-main-stick-meta":"","header-below-stick-meta":"","astra-migrate-meta-layouts":"set","ast-page-background-enabled":"default","ast-page-background-meta":{"desktop":{"background-color":"","background-image":"","background-repeat":"repeat","background-position":"center center","background-size":"auto","background-attachment":"scroll","background-type":"","background-media":"","overlay-type":"","overlay-color":"","overlay-gradient":""},"tablet":{"background-color":"","background-image":"","background-repeat":"repeat","background-position":"center center","background-size":"auto","background-attachment":"scroll","background-type":"","background-media":"","overlay-type":"","overlay-color":"","overlay-gradient":""},"mobile":{"background-color":"","background-image":"","background-repeat":"repeat","background-position":"center center","background-size":"auto","background-attachment":"scroll","background-type":"","background-media":"","overlay-type":"","overlay-color":"","overlay-gradient":""}},"ast-content-background-meta":{"desktop":{"background-color":"var(--ast-global-color-5)","background-image":"","background-repeat":"repeat","background-position":"center center","background-size":"auto","background-attachment":"scroll","background-type":"","background-media":"","overlay-type":"","overlay-color":"","overlay-gradient":""},"tablet":{"background-color":"var(--ast-global-color-5)","background-image":"","background-repeat":"repeat","background-position":"center center","background-size":"auto","background-attachment":"scroll","background-type":"","background-media":"","overlay-type":"","overlay-color":"","overlay-gradient":""},"mobile":{"background-color":"var(--ast-global-color-5)","background-image":"","background-repeat":"repeat","background-position":"center center","background-size":"auto","background-attachment":"scroll","background-type":"","background-media":"","overlay-type":"","overlay-color":"","overlay-gradient":""}}},"product_cat":[86],"product_tag":[],"class_list":{"0":"post-5279","1":"product","2":"type-product","3":"status-publish","4":"has-post-thumbnail","6":"product_cat-utilidades","7":"desktop-align-left","8":"tablet-align-left","9":"mobile-align-left","11":"first","12":"instock","13":"sale","14":"shipping-taxable","15":"purchasable","16":"product-type-simple"},"acf":[],"yoast_head":"<!-- This site is optimized with the Yoast SEO plugin v22.3 - https:\/\/yoast.com\/wordpress\/plugins\/seo\/ -->\n<title>Capa De Chuva Nikokit Laminada De Pvc Transparente Tam G<\/title>\n<meta name=\"description\" content=\"Capa de Chuva Nikokit Laminada de PVC Transparente no tamanho G! Esta capa \u00e9 o acess\u00f3rio perfeito para mant\u00ea-lo seco e protegido da chuva enquanto mant\u00e9m sua roupa vis\u00edvel por meio do material transparente.\" \/>\n<meta name=\"robots\" content=\"index, follow, max-snippet:-1, max-image-preview:large, max-video-preview:-1\" \/>\n<link rel=\"canonical\" href=\"https:\/\/www.isarodas.com.br\/isa\/store\/utilidades\/capa-de-chuva-nikokit-laminada-de-pvc-transparente-tam-g\/\" \/>\n<meta property=\"og:locale\" content=\"pt_BR\" \/>\n<meta property=\"og:type\" content=\"article\" \/>\n<meta property=\"og:title\" content=\"Capa De Chuva Nikokit Laminada De Pvc Transparente Tam G\" \/>\n<meta property=\"og:description\" content=\"Capa de Chuva Nikokit Laminada de PVC Transparente no tamanho G! Esta capa \u00e9 o acess\u00f3rio perfeito para mant\u00ea-lo seco e protegido da chuva enquanto mant\u00e9m sua roupa vis\u00edvel por meio do material transparente.\" \/>\n<meta property=\"og:url\" content=\"https:\/\/www.isarodas.com.br\/isa\/store\/utilidades\/capa-de-chuva-nikokit-laminada-de-pvc-transparente-tam-g\/\" \/>\n<meta property=\"og:site_name\" content=\"Isarodas\" \/>\n<meta property=\"article:publisher\" content=\"https:\/\/www.facebook.com\/isarodasoficial\/\" \/>\n<meta property=\"og:image\" content=\"https:\/\/www.isarodas.com.br\/isa\/wp-content\/uploads\/2024\/04\/D_NQ_NP_663466-MLB40459969096_012020-O.webp\" \/>\n\t<meta property=\"og:image:width\" content=\"461\" \/>\n\t<meta property=\"og:image:height\" content=\"500\" \/>\n\t<meta property=\"og:image:type\" content=\"image\/webp\" \/>\n<meta name=\"twitter:card\" content=\"summary_large_image\" \/>\n<meta name=\"twitter:label1\" content=\"Est. tempo de leitura\" \/>\n\t<meta name=\"twitter:data1\" content=\"1 minuto\" \/>\n<script type=\"application\/ld+json\" class=\"yoast-schema-graph\">{\"@context\":\"https:\/\/schema.org\",\"@graph\":[{\"@type\":\"WebPage\",\"@id\":\"https:\/\/www.isarodas.com.br\/isa\/store\/utilidades\/capa-de-chuva-nikokit-laminada-de-pvc-transparente-tam-g\/\",\"url\":\"https:\/\/www.isarodas.com.br\/isa\/store\/utilidades\/capa-de-chuva-nikokit-laminada-de-pvc-transparente-tam-g\/\",\"name\":\"Capa De Chuva Nikokit Laminada De Pvc Transparente Tam G\",\"isPartOf\":{\"@id\":\"https:\/\/www.isarodas.com.br\/isa\/#website\"},\"primaryImageOfPage\":{\"@id\":\"https:\/\/www.isarodas.com.br\/isa\/store\/utilidades\/capa-de-chuva-nikokit-laminada-de-pvc-transparente-tam-g\/#primaryimage\"},\"image\":{\"@id\":\"https:\/\/www.isarodas.com.br\/isa\/store\/utilidades\/capa-de-chuva-nikokit-laminada-de-pvc-transparente-tam-g\/#primaryimage\"},\"thumbnailUrl\":\"https:\/\/www.isarodas.com.br\/isa\/wp-content\/uploads\/2024\/04\/D_NQ_NP_663466-MLB40459969096_012020-O.webp\",\"datePublished\":\"2024-04-11T13:42:31+00:00\",\"dateModified\":\"2024-04-11T13:42:31+00:00\",\"description\":\"Capa de Chuva Nikokit Laminada de PVC Transparente no tamanho G! Esta capa \u00e9 o acess\u00f3rio perfeito para mant\u00ea-lo seco e protegido da chuva enquanto mant\u00e9m sua roupa vis\u00edvel por meio do material transparente.\",\"breadcrumb\":{\"@id\":\"https:\/\/www.isarodas.com.br\/isa\/store\/utilidades\/capa-de-chuva-nikokit-laminada-de-pvc-transparente-tam-g\/#breadcrumb\"},\"inLanguage\":\"pt-BR\",\"potentialAction\":[{\"@type\":\"ReadAction\",\"target\":[\"https:\/\/www.isarodas.com.br\/isa\/store\/utilidades\/capa-de-chuva-nikokit-laminada-de-pvc-transparente-tam-g\/\"]}]},{\"@type\":\"ImageObject\",\"inLanguage\":\"pt-BR\",\"@id\":\"https:\/\/www.isarodas.com.br\/isa\/store\/utilidades\/capa-de-chuva-nikokit-laminada-de-pvc-transparente-tam-g\/#primaryimage\",\"url\":\"https:\/\/www.isarodas.com.br\/isa\/wp-content\/uploads\/2024\/04\/D_NQ_NP_663466-MLB40459969096_012020-O.webp\",\"contentUrl\":\"https:\/\/www.isarodas.com.br\/isa\/wp-content\/uploads\/2024\/04\/D_NQ_NP_663466-MLB40459969096_012020-O.webp\",\"width\":461,\"height\":500},{\"@type\":\"BreadcrumbList\",\"@id\":\"https:\/\/www.isarodas.com.br\/isa\/store\/utilidades\/capa-de-chuva-nikokit-laminada-de-pvc-transparente-tam-g\/#breadcrumb\",\"itemListElement\":[{\"@type\":\"ListItem\",\"position\":1,\"name\":\"In\u00edcio\",\"item\":\"https:\/\/www.isarodas.com.br\/isa\/\"},{\"@type\":\"ListItem\",\"position\":2,\"name\":\"Store\",\"item\":\"https:\/\/www.isarodas.com.br\/isa\/store\/\"},{\"@type\":\"ListItem\",\"position\":3,\"name\":\"Capa De Chuva Nikokit Laminada De Pvc Transparente Tam G\"}]},{\"@type\":\"WebSite\",\"@id\":\"https:\/\/www.isarodas.com.br\/isa\/#website\",\"url\":\"https:\/\/www.isarodas.com.br\/isa\/\",\"name\":\"Isarodas\",\"description\":\"Ecommerce isarodas\",\"publisher\":{\"@id\":\"https:\/\/www.isarodas.com.br\/isa\/#organization\"},\"potentialAction\":[{\"@type\":\"SearchAction\",\"target\":{\"@type\":\"EntryPoint\",\"urlTemplate\":\"https:\/\/www.isarodas.com.br\/isa\/?s={search_term_string}\"},\"query-input\":\"required name=search_term_string\"}],\"inLanguage\":\"pt-BR\"},{\"@type\":\"Organization\",\"@id\":\"https:\/\/www.isarodas.com.br\/isa\/#organization\",\"name\":\"Isarodas\",\"url\":\"https:\/\/www.isarodas.com.br\/isa\/\",\"logo\":{\"@type\":\"ImageObject\",\"inLanguage\":\"pt-BR\",\"@id\":\"https:\/\/www.isarodas.com.br\/isa\/#\/schema\/logo\/image\/\",\"url\":\"https:\/\/www.isarodas.com.br\/isa\/wp-content\/uploads\/2024\/03\/cropped-lgs-1.png\",\"contentUrl\":\"https:\/\/www.isarodas.com.br\/isa\/wp-content\/uploads\/2024\/03\/cropped-lgs-1.png\",\"width\":120,\"height\":119,\"caption\":\"Isarodas\"},\"image\":{\"@id\":\"https:\/\/www.isarodas.com.br\/isa\/#\/schema\/logo\/image\/\"},\"sameAs\":[\"https:\/\/www.facebook.com\/isarodasoficial\/\",\"https:\/\/www.youtube.com\/@isarodas9312\",\"https:\/\/www.instagram.com\/isarodasoficial\/\"]}]}<\/script>\n<!-- \/ Yoast SEO plugin. -->","yoast_head_json":{"title":"Capa De Chuva Nikokit Laminada De Pvc Transparente Tam G","description":"Capa de Chuva Nikokit Laminada de PVC Transparente no tamanho G! Esta capa \u00e9 o acess\u00f3rio perfeito para mant\u00ea-lo seco e protegido da chuva enquanto mant\u00e9m sua roupa vis\u00edvel por meio do material transparente.","robots":{"index":"index","follow":"follow","max-snippet":"max-snippet:-1","max-image-preview":"max-image-preview:large","max-video-preview":"max-video-preview:-1"},"canonical":"https:\/\/www.isarodas.com.br\/isa\/store\/utilidades\/capa-de-chuva-nikokit-laminada-de-pvc-transparente-tam-g\/","og_locale":"pt_BR","og_type":"article","og_title":"Capa De Chuva Nikokit Laminada De Pvc Transparente Tam G","og_description":"Capa de Chuva Nikokit Laminada de PVC Transparente no tamanho G! Esta capa \u00e9 o acess\u00f3rio perfeito para mant\u00ea-lo seco e protegido da chuva enquanto mant\u00e9m sua roupa vis\u00edvel por meio do material transparente.","og_url":"https:\/\/www.isarodas.com.br\/isa\/store\/utilidades\/capa-de-chuva-nikokit-laminada-de-pvc-transparente-tam-g\/","og_site_name":"Isarodas","article_publisher":"https:\/\/www.facebook.com\/isarodasoficial\/","og_image":[{"width":461,"height":500,"url":"https:\/\/www.isarodas.com.br\/isa\/wp-content\/uploads\/2024\/04\/D_NQ_NP_663466-MLB40459969096_012020-O.webp","type":"image\/webp"}],"twitter_card":"summary_large_image","twitter_misc":{"Est. tempo de leitura":"1 minuto"},"schema":{"@context":"https:\/\/schema.org","@graph":[{"@type":"WebPage","@id":"https:\/\/www.isarodas.com.br\/isa\/store\/utilidades\/capa-de-chuva-nikokit-laminada-de-pvc-transparente-tam-g\/","url":"https:\/\/www.isarodas.com.br\/isa\/store\/utilidades\/capa-de-chuva-nikokit-laminada-de-pvc-transparente-tam-g\/","name":"Capa De Chuva Nikokit Laminada De Pvc Transparente Tam G","isPartOf":{"@id":"https:\/\/www.isarodas.com.br\/isa\/#website"},"primaryImageOfPage":{"@id":"https:\/\/www.isarodas.com.br\/isa\/store\/utilidades\/capa-de-chuva-nikokit-laminada-de-pvc-transparente-tam-g\/#primaryimage"},"image":{"@id":"https:\/\/www.isarodas.com.br\/isa\/store\/utilidades\/capa-de-chuva-nikokit-laminada-de-pvc-transparente-tam-g\/#primaryimage"},"thumbnailUrl":"https:\/\/www.isarodas.com.br\/isa\/wp-content\/uploads\/2024\/04\/D_NQ_NP_663466-MLB40459969096_012020-O.webp","datePublished":"2024-04-11T13:42:31+00:00","dateModified":"2024-04-11T13:42:31+00:00","description":"Capa de Chuva Nikokit Laminada de PVC Transparente no tamanho G! Esta capa \u00e9 o acess\u00f3rio perfeito para mant\u00ea-lo seco e protegido da chuva enquanto mant\u00e9m sua roupa vis\u00edvel por meio do material transparente.","breadcrumb":{"@id":"https:\/\/www.isarodas.com.br\/isa\/store\/utilidades\/capa-de-chuva-nikokit-laminada-de-pvc-transparente-tam-g\/#breadcrumb"},"inLanguage":"pt-BR","potentialAction":[{"@type":"ReadAction","target":["https:\/\/www.isarodas.com.br\/isa\/store\/utilidades\/capa-de-chuva-nikokit-laminada-de-pvc-transparente-tam-g\/"]}]},{"@type":"ImageObject","inLanguage":"pt-BR","@id":"https:\/\/www.isarodas.com.br\/isa\/store\/utilidades\/capa-de-chuva-nikokit-laminada-de-pvc-transparente-tam-g\/#primaryimage","url":"https:\/\/www.isarodas.com.br\/isa\/wp-content\/uploads\/2024\/04\/D_NQ_NP_663466-MLB40459969096_012020-O.webp","contentUrl":"https:\/\/www.isarodas.com.br\/isa\/wp-content\/uploads\/2024\/04\/D_NQ_NP_663466-MLB40459969096_012020-O.webp","width":461,"height":500},{"@type":"BreadcrumbList","@id":"https:\/\/www.isarodas.com.br\/isa\/store\/utilidades\/capa-de-chuva-nikokit-laminada-de-pvc-transparente-tam-g\/#breadcrumb","itemListElement":[{"@type":"ListItem","position":1,"name":"In\u00edcio","item":"https:\/\/www.isarodas.com.br\/isa\/"},{"@type":"ListItem","position":2,"name":"Store","item":"https:\/\/www.isarodas.com.br\/isa\/store\/"},{"@type":"ListItem","position":3,"name":"Capa De Chuva Nikokit Laminada De Pvc Transparente Tam G"}]},{"@type":"WebSite","@id":"https:\/\/www.isarodas.com.br\/isa\/#website","url":"https:\/\/www.isarodas.com.br\/isa\/","name":"Isarodas","description":"Ecommerce isarodas","publisher":{"@id":"https:\/\/www.isarodas.com.br\/isa\/#organization"},"potentialAction":[{"@type":"SearchAction","target":{"@type":"EntryPoint","urlTemplate":"https:\/\/www.isarodas.com.br\/isa\/?s={search_term_string}"},"query-input":"required name=search_term_string"}],"inLanguage":"pt-BR"},{"@type":"Organization","@id":"https:\/\/www.isarodas.com.br\/isa\/#organization","name":"Isarodas","url":"https:\/\/www.isarodas.com.br\/isa\/","logo":{"@type":"ImageObject","inLanguage":"pt-BR","@id":"https:\/\/www.isarodas.com.br\/isa\/#\/schema\/logo\/image\/","url":"https:\/\/www.isarodas.com.br\/isa\/wp-content\/uploads\/2024\/03\/cropped-lgs-1.png","contentUrl":"https:\/\/www.isarodas.com.br\/isa\/wp-content\/uploads\/2024\/03\/cropped-lgs-1.png","width":120,"height":119,"caption":"Isarodas"},"image":{"@id":"https:\/\/www.isarodas.com.br\/isa\/#\/schema\/logo\/image\/"},"sameAs":["https:\/\/www.facebook.com\/isarodasoficial\/","https:\/\/www.youtube.com\/@isarodas9312","https:\/\/www.instagram.com\/isarodasoficial\/"]}]}},"_links":{"self":[{"href":"https:\/\/www.isarodas.com.br\/isa\/wp-json\/wp\/v2\/product\/5279","targetHints":{"allow":["GET"]}}],"collection":[{"href":"https:\/\/www.isarodas.com.br\/isa\/wp-json\/wp\/v2\/product"}],"about":[{"href":"https:\/\/www.isarodas.com.br\/isa\/wp-json\/wp\/v2\/types\/product"}],"replies":[{"embeddable":true,"href":"https:\/\/www.isarodas.com.br\/isa\/wp-json\/wp\/v2\/comments?post=5279"}],"version-history":[{"count":1,"href":"https:\/\/www.isarodas.com.br\/isa\/wp-json\/wp\/v2\/product\/5279\/revisions"}],"predecessor-version":[{"id":5281,"href":"https:\/\/www.isarodas.com.br\/isa\/wp-json\/wp\/v2\/product\/5279\/revisions\/5281"}],"wp:featuredmedia":[{"embeddable":true,"href":"https:\/\/www.isarodas.com.br\/isa\/wp-json\/wp\/v2\/media\/5280"}],"wp:attachment":[{"href":"https:\/\/www.isarodas.com.br\/isa\/wp-json\/wp\/v2\/media?parent=5279"}],"wp:term":[{"taxonomy":"product_cat","embeddable":true,"href":"https:\/\/www.isarodas.com.br\/isa\/wp-json\/wp\/v2\/product_cat?post=5279"},{"taxonomy":"product_tag","embeddable":true,"href":"https:\/\/www.isarodas.com.br\/isa\/wp-json\/wp\/v2\/product_tag?post=5279"}],"curies":[{"name":"wp","href":"https:\/\/api.w.org\/{rel}","templated":true}]}}