{"id":5269,"date":"2024-04-11T10:31:03","date_gmt":"2024-04-11T13:31:03","guid":{"rendered":"https:\/\/www.isarodas.com.br\/isa\/?post_type=product&#038;p=5269"},"modified":"2024-04-11T10:31:03","modified_gmt":"2024-04-11T13:31:03","slug":"brinquedo-para-bebes-kit-com-7-chocalhos-pacote-economico","status":"publish","type":"product","link":"https:\/\/www.isarodas.com.br\/isa\/store\/brinquedos\/brinquedo-para-bebes-kit-com-7-chocalhos-pacote-economico\/","title":{"rendered":"Brinquedo Para Beb\u00eas Kit Com 7 Chocalhos Pacote Econ\u00f4mico"},"content":{"rendered":"<h2 class=\"ui-pdp-description__title\">Descri\u00e7\u00e3o<\/h2>\n<p class=\"ui-pdp-description__content\">Brinquedo Para Beb\u00eas Kit Com 7 Chocalhos<\/p>\n<p>O Uso das Cores<br \/>\nAs cores t\u00eam uma liga\u00e7\u00e3o direta no desenvolvimento da crian\u00e7a. Est\u00edmulos decorrentes da presen\u00e7a de figuras, brinquedos coloridos contribuem para a capacidade motora e cognitiva, para o racioc\u00ednio, a fala, a audi\u00e7\u00e3o entre outras fun\u00e7\u00f5es. Quer um exemplo do poder das mentes dos beb\u00eas? Coloque argolas, chocalhos coloridos fixados sobre o ber\u00e7o, no carrinho de beb\u00ea e at\u00e9 mesmo na cadeirinha de refei\u00e7\u00e3o. \u00c9 um excelente est\u00edmulo para beb\u00eas de cinco a 12 meses, segundo especialistas.<br \/>\nAs cores atraem o olhar do beb\u00ea, e o processo de mexer no brinquedo \u00e9 important\u00edssimo, pois inconscientemente ele estar\u00e1 exercitando a percep\u00e7\u00e3o ao tocar na pe\u00e7a, desenvolvendo sua autoestima. Ele percebe que \u00e9 capaz de movimentar o objeto, e ao ouvir o barulho provocado no contato com o chocalho, ele realmente desenvolve a audi\u00e7\u00e3o e trabalha a coordena\u00e7\u00e3o motora.<\/p>\n<p>Brinquedo com Selo do Inmetro<\/p>\n","protected":false},"excerpt":{"rendered":"<p>Descri\u00e7\u00e3o Brinquedo Para Beb\u00eas Kit Com 7 Chocalhos O Uso das Cores As cores t\u00eam uma liga\u00e7\u00e3o direta no desenvolvimento da crian\u00e7a. Est\u00edmulos decorrentes da presen\u00e7a de figuras, brinquedos coloridos contribuem para a capacidade motora e cognitiva, para o racioc\u00ednio, a fala, a audi\u00e7\u00e3o entre outras fun\u00e7\u00f5es. Quer um exemplo do poder das mentes dos [&hellip;]<\/p>\n","protected":false},"featured_media":5270,"comment_status":"open","ping_status":"closed","template":"","meta":{"_acf_changed":false,"site-sidebar-layout":"default","site-content-layout":"","ast-site-content-layout":"default","site-content-style":"default","site-sidebar-style":"default","ast-global-header-display":"","ast-banner-title-visibility":"","ast-main-header-display":"","ast-hfb-above-header-display":"","ast-hfb-below-header-display":"","ast-hfb-mobile-header-display":"","site-post-title":"","ast-breadcrumbs-content":"","ast-featured-img":"","footer-sml-layout":"","theme-transparent-header-meta":"default","adv-header-id-meta":"","stick-header-meta":"","header-above-stick-meta":"","header-main-stick-meta":"","header-below-stick-meta":"","astra-migrate-meta-layouts":"set","ast-page-background-enabled":"default","ast-page-background-meta":{"desktop":{"background-color":"","background-image":"","background-repeat":"repeat","background-position":"center center","background-size":"auto","background-attachment":"scroll","background-type":"","background-media":"","overlay-type":"","overlay-color":"","overlay-gradient":""},"tablet":{"background-color":"","background-image":"","background-repeat":"repeat","background-position":"center center","background-size":"auto","background-attachment":"scroll","background-type":"","background-media":"","overlay-type":"","overlay-color":"","overlay-gradient":""},"mobile":{"background-color":"","background-image":"","background-repeat":"repeat","background-position":"center center","background-size":"auto","background-attachment":"scroll","background-type":"","background-media":"","overlay-type":"","overlay-color":"","overlay-gradient":""}},"ast-content-background-meta":{"desktop":{"background-color":"var(--ast-global-color-5)","background-image":"","background-repeat":"repeat","background-position":"center center","background-size":"auto","background-attachment":"scroll","background-type":"","background-media":"","overlay-type":"","overlay-color":"","overlay-gradient":""},"tablet":{"background-color":"var(--ast-global-color-5)","background-image":"","background-repeat":"repeat","background-position":"center center","background-size":"auto","background-attachment":"scroll","background-type":"","background-media":"","overlay-type":"","overlay-color":"","overlay-gradient":""},"mobile":{"background-color":"var(--ast-global-color-5)","background-image":"","background-repeat":"repeat","background-position":"center center","background-size":"auto","background-attachment":"scroll","background-type":"","background-media":"","overlay-type":"","overlay-color":"","overlay-gradient":""}}},"product_cat":[58],"product_tag":[],"class_list":{"0":"post-5269","1":"product","2":"type-product","3":"status-publish","4":"has-post-thumbnail","6":"product_cat-brinquedos","7":"desktop-align-left","8":"tablet-align-left","9":"mobile-align-left","11":"first","12":"instock","13":"sale","14":"shipping-taxable","15":"purchasable","16":"product-type-simple"},"acf":[],"yoast_head":"<!-- This site is optimized with the Yoast SEO plugin v22.3 - https:\/\/yoast.com\/wordpress\/plugins\/seo\/ -->\n<title>Brinquedo Para Beb\u00eas Kit Com 7 Chocalhos Pacote Econ\u00f4mico<\/title>\n<meta name=\"description\" content=\"Kit de 7 Chocalhos, uma escolha econ\u00f4mica e cheia de est\u00edmulos! Este pacote oferece uma variedade de chocalhos coloridos e divertidos, projetados especialmente para os pequenos exploradores.\" \/>\n<meta name=\"robots\" content=\"index, follow, max-snippet:-1, max-image-preview:large, max-video-preview:-1\" \/>\n<link rel=\"canonical\" href=\"https:\/\/www.isarodas.com.br\/isa\/store\/brinquedos\/brinquedo-para-bebes-kit-com-7-chocalhos-pacote-economico\/\" \/>\n<meta property=\"og:locale\" content=\"pt_BR\" \/>\n<meta property=\"og:type\" content=\"article\" \/>\n<meta property=\"og:title\" content=\"Brinquedo Para Beb\u00eas Kit Com 7 Chocalhos Pacote Econ\u00f4mico\" \/>\n<meta property=\"og:description\" content=\"Kit de 7 Chocalhos, uma escolha econ\u00f4mica e cheia de est\u00edmulos! Este pacote oferece uma variedade de chocalhos coloridos e divertidos, projetados especialmente para os pequenos exploradores.\" \/>\n<meta property=\"og:url\" content=\"https:\/\/www.isarodas.com.br\/isa\/store\/brinquedos\/brinquedo-para-bebes-kit-com-7-chocalhos-pacote-economico\/\" \/>\n<meta property=\"og:site_name\" content=\"Isarodas\" \/>\n<meta property=\"article:publisher\" content=\"https:\/\/www.facebook.com\/isarodasoficial\/\" \/>\n<meta property=\"og:image\" content=\"https:\/\/www.isarodas.com.br\/isa\/wp-content\/uploads\/2024\/04\/D_NQ_NP_661587-MLB46976275329_082021-O-1.webp\" \/>\n\t<meta property=\"og:image:width\" content=\"500\" \/>\n\t<meta property=\"og:image:height\" content=\"425\" \/>\n\t<meta property=\"og:image:type\" content=\"image\/webp\" \/>\n<meta name=\"twitter:card\" content=\"summary_large_image\" \/>\n<meta name=\"twitter:label1\" content=\"Est. tempo de leitura\" \/>\n\t<meta name=\"twitter:data1\" content=\"2 minutos\" \/>\n<script type=\"application\/ld+json\" class=\"yoast-schema-graph\">{\"@context\":\"https:\/\/schema.org\",\"@graph\":[{\"@type\":\"WebPage\",\"@id\":\"https:\/\/www.isarodas.com.br\/isa\/store\/brinquedos\/brinquedo-para-bebes-kit-com-7-chocalhos-pacote-economico\/\",\"url\":\"https:\/\/www.isarodas.com.br\/isa\/store\/brinquedos\/brinquedo-para-bebes-kit-com-7-chocalhos-pacote-economico\/\",\"name\":\"Brinquedo Para Beb\u00eas Kit Com 7 Chocalhos Pacote Econ\u00f4mico\",\"isPartOf\":{\"@id\":\"https:\/\/www.isarodas.com.br\/isa\/#website\"},\"primaryImageOfPage\":{\"@id\":\"https:\/\/www.isarodas.com.br\/isa\/store\/brinquedos\/brinquedo-para-bebes-kit-com-7-chocalhos-pacote-economico\/#primaryimage\"},\"image\":{\"@id\":\"https:\/\/www.isarodas.com.br\/isa\/store\/brinquedos\/brinquedo-para-bebes-kit-com-7-chocalhos-pacote-economico\/#primaryimage\"},\"thumbnailUrl\":\"https:\/\/www.isarodas.com.br\/isa\/wp-content\/uploads\/2024\/04\/D_NQ_NP_661587-MLB46976275329_082021-O-1.webp\",\"datePublished\":\"2024-04-11T13:31:03+00:00\",\"dateModified\":\"2024-04-11T13:31:03+00:00\",\"description\":\"Kit de 7 Chocalhos, uma escolha econ\u00f4mica e cheia de est\u00edmulos! Este pacote oferece uma variedade de chocalhos coloridos e divertidos, projetados especialmente para os pequenos exploradores.\",\"breadcrumb\":{\"@id\":\"https:\/\/www.isarodas.com.br\/isa\/store\/brinquedos\/brinquedo-para-bebes-kit-com-7-chocalhos-pacote-economico\/#breadcrumb\"},\"inLanguage\":\"pt-BR\",\"potentialAction\":[{\"@type\":\"ReadAction\",\"target\":[\"https:\/\/www.isarodas.com.br\/isa\/store\/brinquedos\/brinquedo-para-bebes-kit-com-7-chocalhos-pacote-economico\/\"]}]},{\"@type\":\"ImageObject\",\"inLanguage\":\"pt-BR\",\"@id\":\"https:\/\/www.isarodas.com.br\/isa\/store\/brinquedos\/brinquedo-para-bebes-kit-com-7-chocalhos-pacote-economico\/#primaryimage\",\"url\":\"https:\/\/www.isarodas.com.br\/isa\/wp-content\/uploads\/2024\/04\/D_NQ_NP_661587-MLB46976275329_082021-O-1.webp\",\"contentUrl\":\"https:\/\/www.isarodas.com.br\/isa\/wp-content\/uploads\/2024\/04\/D_NQ_NP_661587-MLB46976275329_082021-O-1.webp\",\"width\":500,\"height\":425},{\"@type\":\"BreadcrumbList\",\"@id\":\"https:\/\/www.isarodas.com.br\/isa\/store\/brinquedos\/brinquedo-para-bebes-kit-com-7-chocalhos-pacote-economico\/#breadcrumb\",\"itemListElement\":[{\"@type\":\"ListItem\",\"position\":1,\"name\":\"In\u00edcio\",\"item\":\"https:\/\/www.isarodas.com.br\/isa\/\"},{\"@type\":\"ListItem\",\"position\":2,\"name\":\"Store\",\"item\":\"https:\/\/www.isarodas.com.br\/isa\/store\/\"},{\"@type\":\"ListItem\",\"position\":3,\"name\":\"Brinquedo Para Beb\u00eas Kit Com 7 Chocalhos Pacote Econ\u00f4mico\"}]},{\"@type\":\"WebSite\",\"@id\":\"https:\/\/www.isarodas.com.br\/isa\/#website\",\"url\":\"https:\/\/www.isarodas.com.br\/isa\/\",\"name\":\"Isarodas\",\"description\":\"Ecommerce isarodas\",\"publisher\":{\"@id\":\"https:\/\/www.isarodas.com.br\/isa\/#organization\"},\"potentialAction\":[{\"@type\":\"SearchAction\",\"target\":{\"@type\":\"EntryPoint\",\"urlTemplate\":\"https:\/\/www.isarodas.com.br\/isa\/?s={search_term_string}\"},\"query-input\":\"required name=search_term_string\"}],\"inLanguage\":\"pt-BR\"},{\"@type\":\"Organization\",\"@id\":\"https:\/\/www.isarodas.com.br\/isa\/#organization\",\"name\":\"Isarodas\",\"url\":\"https:\/\/www.isarodas.com.br\/isa\/\",\"logo\":{\"@type\":\"ImageObject\",\"inLanguage\":\"pt-BR\",\"@id\":\"https:\/\/www.isarodas.com.br\/isa\/#\/schema\/logo\/image\/\",\"url\":\"https:\/\/www.isarodas.com.br\/isa\/wp-content\/uploads\/2024\/03\/cropped-lgs-1.png\",\"contentUrl\":\"https:\/\/www.isarodas.com.br\/isa\/wp-content\/uploads\/2024\/03\/cropped-lgs-1.png\",\"width\":120,\"height\":119,\"caption\":\"Isarodas\"},\"image\":{\"@id\":\"https:\/\/www.isarodas.com.br\/isa\/#\/schema\/logo\/image\/\"},\"sameAs\":[\"https:\/\/www.facebook.com\/isarodasoficial\/\",\"https:\/\/www.youtube.com\/@isarodas9312\",\"https:\/\/www.instagram.com\/isarodasoficial\/\"]}]}<\/script>\n<!-- \/ Yoast SEO plugin. -->","yoast_head_json":{"title":"Brinquedo Para Beb\u00eas Kit Com 7 Chocalhos Pacote Econ\u00f4mico","description":"Kit de 7 Chocalhos, uma escolha econ\u00f4mica e cheia de est\u00edmulos! Este pacote oferece uma variedade de chocalhos coloridos e divertidos, projetados especialmente para os pequenos exploradores.","robots":{"index":"index","follow":"follow","max-snippet":"max-snippet:-1","max-image-preview":"max-image-preview:large","max-video-preview":"max-video-preview:-1"},"canonical":"https:\/\/www.isarodas.com.br\/isa\/store\/brinquedos\/brinquedo-para-bebes-kit-com-7-chocalhos-pacote-economico\/","og_locale":"pt_BR","og_type":"article","og_title":"Brinquedo Para Beb\u00eas Kit Com 7 Chocalhos Pacote Econ\u00f4mico","og_description":"Kit de 7 Chocalhos, uma escolha econ\u00f4mica e cheia de est\u00edmulos! Este pacote oferece uma variedade de chocalhos coloridos e divertidos, projetados especialmente para os pequenos exploradores.","og_url":"https:\/\/www.isarodas.com.br\/isa\/store\/brinquedos\/brinquedo-para-bebes-kit-com-7-chocalhos-pacote-economico\/","og_site_name":"Isarodas","article_publisher":"https:\/\/www.facebook.com\/isarodasoficial\/","og_image":[{"width":500,"height":425,"url":"https:\/\/www.isarodas.com.br\/isa\/wp-content\/uploads\/2024\/04\/D_NQ_NP_661587-MLB46976275329_082021-O-1.webp","type":"image\/webp"}],"twitter_card":"summary_large_image","twitter_misc":{"Est. tempo de leitura":"2 minutos"},"schema":{"@context":"https:\/\/schema.org","@graph":[{"@type":"WebPage","@id":"https:\/\/www.isarodas.com.br\/isa\/store\/brinquedos\/brinquedo-para-bebes-kit-com-7-chocalhos-pacote-economico\/","url":"https:\/\/www.isarodas.com.br\/isa\/store\/brinquedos\/brinquedo-para-bebes-kit-com-7-chocalhos-pacote-economico\/","name":"Brinquedo Para Beb\u00eas Kit Com 7 Chocalhos Pacote Econ\u00f4mico","isPartOf":{"@id":"https:\/\/www.isarodas.com.br\/isa\/#website"},"primaryImageOfPage":{"@id":"https:\/\/www.isarodas.com.br\/isa\/store\/brinquedos\/brinquedo-para-bebes-kit-com-7-chocalhos-pacote-economico\/#primaryimage"},"image":{"@id":"https:\/\/www.isarodas.com.br\/isa\/store\/brinquedos\/brinquedo-para-bebes-kit-com-7-chocalhos-pacote-economico\/#primaryimage"},"thumbnailUrl":"https:\/\/www.isarodas.com.br\/isa\/wp-content\/uploads\/2024\/04\/D_NQ_NP_661587-MLB46976275329_082021-O-1.webp","datePublished":"2024-04-11T13:31:03+00:00","dateModified":"2024-04-11T13:31:03+00:00","description":"Kit de 7 Chocalhos, uma escolha econ\u00f4mica e cheia de est\u00edmulos! Este pacote oferece uma variedade de chocalhos coloridos e divertidos, projetados especialmente para os pequenos exploradores.","breadcrumb":{"@id":"https:\/\/www.isarodas.com.br\/isa\/store\/brinquedos\/brinquedo-para-bebes-kit-com-7-chocalhos-pacote-economico\/#breadcrumb"},"inLanguage":"pt-BR","potentialAction":[{"@type":"ReadAction","target":["https:\/\/www.isarodas.com.br\/isa\/store\/brinquedos\/brinquedo-para-bebes-kit-com-7-chocalhos-pacote-economico\/"]}]},{"@type":"ImageObject","inLanguage":"pt-BR","@id":"https:\/\/www.isarodas.com.br\/isa\/store\/brinquedos\/brinquedo-para-bebes-kit-com-7-chocalhos-pacote-economico\/#primaryimage","url":"https:\/\/www.isarodas.com.br\/isa\/wp-content\/uploads\/2024\/04\/D_NQ_NP_661587-MLB46976275329_082021-O-1.webp","contentUrl":"https:\/\/www.isarodas.com.br\/isa\/wp-content\/uploads\/2024\/04\/D_NQ_NP_661587-MLB46976275329_082021-O-1.webp","width":500,"height":425},{"@type":"BreadcrumbList","@id":"https:\/\/www.isarodas.com.br\/isa\/store\/brinquedos\/brinquedo-para-bebes-kit-com-7-chocalhos-pacote-economico\/#breadcrumb","itemListElement":[{"@type":"ListItem","position":1,"name":"In\u00edcio","item":"https:\/\/www.isarodas.com.br\/isa\/"},{"@type":"ListItem","position":2,"name":"Store","item":"https:\/\/www.isarodas.com.br\/isa\/store\/"},{"@type":"ListItem","position":3,"name":"Brinquedo Para Beb\u00eas Kit Com 7 Chocalhos Pacote Econ\u00f4mico"}]},{"@type":"WebSite","@id":"https:\/\/www.isarodas.com.br\/isa\/#website","url":"https:\/\/www.isarodas.com.br\/isa\/","name":"Isarodas","description":"Ecommerce isarodas","publisher":{"@id":"https:\/\/www.isarodas.com.br\/isa\/#organization"},"potentialAction":[{"@type":"SearchAction","target":{"@type":"EntryPoint","urlTemplate":"https:\/\/www.isarodas.com.br\/isa\/?s={search_term_string}"},"query-input":"required name=search_term_string"}],"inLanguage":"pt-BR"},{"@type":"Organization","@id":"https:\/\/www.isarodas.com.br\/isa\/#organization","name":"Isarodas","url":"https:\/\/www.isarodas.com.br\/isa\/","logo":{"@type":"ImageObject","inLanguage":"pt-BR","@id":"https:\/\/www.isarodas.com.br\/isa\/#\/schema\/logo\/image\/","url":"https:\/\/www.isarodas.com.br\/isa\/wp-content\/uploads\/2024\/03\/cropped-lgs-1.png","contentUrl":"https:\/\/www.isarodas.com.br\/isa\/wp-content\/uploads\/2024\/03\/cropped-lgs-1.png","width":120,"height":119,"caption":"Isarodas"},"image":{"@id":"https:\/\/www.isarodas.com.br\/isa\/#\/schema\/logo\/image\/"},"sameAs":["https:\/\/www.facebook.com\/isarodasoficial\/","https:\/\/www.youtube.com\/@isarodas9312","https:\/\/www.instagram.com\/isarodasoficial\/"]}]}},"_links":{"self":[{"href":"https:\/\/www.isarodas.com.br\/isa\/wp-json\/wp\/v2\/product\/5269","targetHints":{"allow":["GET"]}}],"collection":[{"href":"https:\/\/www.isarodas.com.br\/isa\/wp-json\/wp\/v2\/product"}],"about":[{"href":"https:\/\/www.isarodas.com.br\/isa\/wp-json\/wp\/v2\/types\/product"}],"replies":[{"embeddable":true,"href":"https:\/\/www.isarodas.com.br\/isa\/wp-json\/wp\/v2\/comments?post=5269"}],"version-history":[{"count":1,"href":"https:\/\/www.isarodas.com.br\/isa\/wp-json\/wp\/v2\/product\/5269\/revisions"}],"predecessor-version":[{"id":5271,"href":"https:\/\/www.isarodas.com.br\/isa\/wp-json\/wp\/v2\/product\/5269\/revisions\/5271"}],"wp:featuredmedia":[{"embeddable":true,"href":"https:\/\/www.isarodas.com.br\/isa\/wp-json\/wp\/v2\/media\/5270"}],"wp:attachment":[{"href":"https:\/\/www.isarodas.com.br\/isa\/wp-json\/wp\/v2\/media?parent=5269"}],"wp:term":[{"taxonomy":"product_cat","embeddable":true,"href":"https:\/\/www.isarodas.com.br\/isa\/wp-json\/wp\/v2\/product_cat?post=5269"},{"taxonomy":"product_tag","embeddable":true,"href":"https:\/\/www.isarodas.com.br\/isa\/wp-json\/wp\/v2\/product_tag?post=5269"}],"curies":[{"name":"wp","href":"https:\/\/api.w.org\/{rel}","templated":true}]}}