{"id":5245,"date":"2024-04-10T15:44:58","date_gmt":"2024-04-10T18:44:58","guid":{"rendered":"https:\/\/www.isarodas.com.br\/isa\/?post_type=product&#038;p=5245"},"modified":"2024-04-10T15:44:58","modified_gmt":"2024-04-10T18:44:58","slug":"oleo-lubrificante-desengripante-m1-starret-300ml","status":"publish","type":"product","link":"https:\/\/www.isarodas.com.br\/isa\/store\/ferramentas\/lubrificantes\/oleo-lubrificante-desengripante-m1-starret-300ml\/","title":{"rendered":"\u00d3leo Lubrificante Desengripante M1 Starret 300ml"},"content":{"rendered":"<p>DESCRI\u00c7\u00c3O:<br \/>\nMicro-\u00d3leo Anti-Corrosivo Starrett M1 Aerrosol 300ml<\/p>\n<p>A Starrett \u00e9 l\u00edder em instrumentos de medi\u00e7\u00e3o de alta precis\u00e3o. N\u00f3s usamos M1 em nossas \u00e1reas de fabrica\u00e7\u00e3o. Ele funciona, e funcionar\u00e1 com voc\u00ea tamb\u00e9m.<\/p>\n<p>M1 \u00e9 o lubrificante de maior valia para o seu dinheiro. Ele seca e n\u00e3o atrai sujeira, poeira e outras impurezas, como fazem muitos lubrificantes famosos.<\/p>\n<p>\u00c9 CERTIFICADO NSF (Nonfood Compunds Program Listed H2 ) Reg: 154191<\/p>\n<p>O M1 produz uma micropel\u00edcula \u00e0 prova de ar, que seca e protege, evitando sujeira e encardimentos que outros lubrificantes \u00bf\u00famidos\u00bf normalmente atraem. M1 atua efetivamente sobre sujeira concentrada, removendo-a na limpeza dos metais.<\/p>\n<p>A lata vaporiza de cabe\u00e7a para baixo, em locais inc\u00f4modos, sem perder o poder propelente.<\/p>\n<p>Lubrifica: M1 n\u00e3o cont\u00e9m silicone, e se mant\u00e9m inalterado mesmo sob temperaturas elevadas. Excelente lubrificante, ideal em qualquer tempo. A grande capacidade de penetra\u00e7\u00e3o atua rapidamente, liberando porcas emperradas, prisioneiros e partes met\u00e1licas.<\/p>\n<p>Protege os metais contra ferrugem e danos causados pela corros\u00e3o, mantendo uma pel\u00edcula protetora que adere aos metais.<\/p>\n<p>Limpa: remove graxa, piche e encardimento das superf\u00edcies pintadas e partes met\u00e1licas. Limpa, d\u00e1 polimento e prote\u00e7\u00e3o duradoura.<\/p>\n<p>Elimina Rangidos: suas propriedades lubrificantes instant\u00e2neas se expandem para dentro daquelas partes de dif\u00edcil acesso, eliminando rangidos e ader\u00eancias.<\/p>\n<p>Remove Umidade: M1 n\u00e3o \u00e9 sol\u00favel em \u00e1gua; por isso ele se instala sob a umidade, retirando-a da superf\u00edcie a ser protegida.<\/p>\n<p>N\u00e3o Condutor: previne contra curtocircuitos em ambientes de intensa umidade, impedindo o desperd\u00edcio de eletricidade atrav\u00e9s de fios \u00famidos de igni\u00e7\u00e3o.<\/p>\n<p>Al\u00e9m da A\u00e7\u00e3o Instant\u00e2nea, M1 possui uma f\u00f3rmula exclusiva que n\u00e3o cont\u00e9m clorofluorcarbonetos nem detergentes nocivos ao meio ambiente. Na embalagem aerossol, M1 utiliza propelente que n\u00e3o ataca a camada de oz\u00f4nio. M1 \u00e9 prote\u00e7\u00e3o total.<\/p>\n<p>Confira 6 maneiras de utilizar o seu \u00d3leo Lubrificante e que voc\u00ea n\u00e3o sabia.<\/p>\n<p>&#8211; REMOVENDO COLA DE ADESIVOS<\/p>\n<p>Com certeza, voc\u00ea j\u00e1 tentou remover um adesivo do vidro do carro ou de um pote que queria utilizar para outra finalidade. Na tentativa de retirar o adesivo, o mesmo sempre acaba deixando restos de cola e acaba sendo um grande trabalho remover tudo.<\/p>\n<p>Na pr\u00f3xima tentativa, utilize um pouco do \u00d3leo Lubrificante M1 da Starrett. O resultado ir\u00e1 surpreender voc\u00ea.<\/p>\n<p>&#8211; CONSERVANDO AS FERRAMENTAS E PE\u00c7AS<\/p>\n<p>Utilize o lubrificante para manuten\u00e7\u00e3o, conserva\u00e7\u00e3o e prote\u00e7\u00e3o de suas ferramentas e acess\u00f3rios. O M1 da Starrett \u00e9 eficaz at\u00e9 mesmo em situa\u00e7\u00f5es de extrema corros\u00e3o, que destr\u00f3i equipamentos met\u00e1licos industriais (rolos, cremalheiras, correias transportadoras, por exemplo) e ferramentas em geral (alicates, chaves, martelos, etc).<\/p>\n<p>lubrifica-oleo lubrificante-m1-starret-conectafg<\/p>\n<p>FUROS E CORTES DE METAIS<br \/>\nO M1 pode ser usado quando fazemos furos ou cortes em metais, pois al\u00e9m de lubrificar, atuando como um \u00f3leo de corte, ele resfria as pe\u00e7as, preservando o fio dos equipamentos cortantes e obtendo o corte ou furo com muito mais rapidez.<\/p>\n<p>&#8211; EXTERMINADOR DE RANGIDOS<\/p>\n<p>Suas propriedades lubrificantes instant\u00e2neas se expandem para dentro daquelas partes de dif\u00edcil acesso, eliminando rangidos e ader\u00eancias.<\/p>\n<p>&#8211; LIMPEZA PESADA<\/p>\n<p>Utilize seu M1 da Starret para limpar pe\u00e7as e ferramentas que est\u00e3o sujas e precisam de uma prote\u00e7\u00e3o extra contra os res\u00edduos do local de trabalho. O M1 \u00e9 t\u00e3o eficaz que remove graxa, piche e encardimento das superf\u00edcies pintadas e partes met\u00e1licas. Limpa, d\u00e1 polimento e prote\u00e7\u00e3o duradoura.<\/p>\n<p>&#8211; APLICA\u00c7\u00c3O UNIVERSAL<\/p>\n<p>Use para secar sistemas de igni\u00e7\u00e3o de ve\u00edculos quando molhados. Excelente nos patins e bicicletas. Ideal para corredi\u00e7as de gavetas e batentes de janelas. Usado em ferramentas, dobradi\u00e7as, dispositivos, armas, facas, molinetes, travas e assim por diante. As aplica\u00e7\u00f5es e vantagens s\u00e3o diversas!<\/p>\n<p>Al\u00e9m de ser um produto com A\u00e7\u00e3o Instant\u00e2nea, o M1 possui uma f\u00f3rmula exclusiva que n\u00e3o cont\u00e9m clorofluorcarbonetos nem detergentes nocivos ao meio ambiente. Na embalagem aerossol, M1 utiliza propelente que n\u00e3o ataca a camada de oz\u00f4nio. M1 \u00e9 prote\u00e7\u00e3o total.<\/p>\n<p>&#8211; APLICA\u00c7\u00d5ES INDUSTRIAIS<\/p>\n<p>As aplica\u00e7\u00f5es na ind\u00fastria s\u00e3o igualmente numerosas. Protege as superf\u00edcies de trabalho do maquin\u00e1rio; \u00e9 usado nos tanques onde as pe\u00e7as s\u00e3o mergulhadas durante o processo de produ\u00e7\u00e3o, protegendo-as; tamb\u00e9m \u00e9 aplicado sobre ferramentas armazenadas, como medida de preven\u00e7\u00e3o. M1 \u00e9 eficaz at\u00e9 mesmo em situa\u00e7\u00f5es de extrema corros\u00e3o, que destr\u00f3i equipamentos met\u00e1licos como rolos, cremalheiras, correias transportadoras etc, usados em ambientes mar\u00edtimos ou locais de processamento de alimentos.<\/p>\n<p>Especifica\u00e7\u00f5es do M1<\/p>\n<p>&#8211; Cor \u00e2mbar<br \/>\n&#8211; Odor agrad\u00e1vel<br \/>\n&#8211; Densidade 0,788 a 60\u00b0 F (15,5\u00b0 C)<br \/>\n&#8211; Viscosidade 2,2 cSt (centiStokes) equivalente a 10,5 SUS (viscosidade segundo Saybolt) a 22,2\u00baC (72\u00ba)<br \/>\n&#8211; Lubrifica\u00e7\u00e3o 680 kg (1500 lbs) de press\u00e3o<br \/>\n&#8211; Ponto de fulgor m\u00ednimo 53\u00b0 (C127\u00b0 F) Vaso Aberto de Toledo<br \/>\n&#8211; Porcentagem vol\u00e1til m\u00e1x. 85% do peso do petr\u00f3leo destilado<br \/>\n&#8211; Ponto de fluidez -73\u00b0 C (-100\u00b0 F) Excelente estabilidade em baixa temperatura<br \/>\n&#8211; M\u00e9dia de evapora\u00e7\u00e3o 0,7 (\u00e1gua = 1)<br \/>\n&#8211; Cobertura 85 a 100 m2 por litro (3.500 a 4.000 p\u00e9s quadrados por gal\u00e3o americano)<br \/>\n&#8211; Ponto inicial de ebuli\u00e7\u00e3o 173\u00b0 C (343\u00b0 F)<br \/>\n&#8211; Peso cobertura aplicada 8 x 10-3 kg por m2 (1,7 x 10-3 lbs por p\u00e9 quadrado)<br \/>\n&#8211; Espessura da cobertura aplicada 0,010mm (0,0004&#8243;) em m\u00e9dia<br \/>\n&#8211; Rigidez diel\u00e9trica 18.000 V com afastamento de 2,54mm (0,100&#8243;)<br \/>\n&#8211; Resist\u00eancia \u00e0 umidade De acordo com Norma ASTM-D 655. N\u00e3o apresenta ferrugem ap\u00f3s 1.000 horas<br \/>\n&#8211; Resist\u00eancia ao Salt Spray De acordo com Norma ASTM-B117. N\u00e3o apresenta ferrugem ap\u00f3s 48 horas<br \/>\n&#8211; Prote\u00e7\u00e3o em ambiente fechado At\u00e9 1 ano<br \/>\n&#8211; Prote\u00e7\u00e3o em ambiente aberto Reaplicar de acordo com a necesside<\/p>\n","protected":false},"excerpt":{"rendered":"<p>DESCRI\u00c7\u00c3O: Micro-\u00d3leo Anti-Corrosivo Starrett M1 Aerrosol 300ml A Starrett \u00e9 l\u00edder em instrumentos de medi\u00e7\u00e3o de alta precis\u00e3o. N\u00f3s usamos M1 em nossas \u00e1reas de fabrica\u00e7\u00e3o. Ele funciona, e funcionar\u00e1 com voc\u00ea tamb\u00e9m. M1 \u00e9 o lubrificante de maior valia para o seu dinheiro. Ele seca e n\u00e3o atrai sujeira, poeira e outras impurezas, como [&hellip;]<\/p>\n","protected":false},"featured_media":5246,"comment_status":"open","ping_status":"closed","template":"","meta":{"_acf_changed":false,"site-sidebar-layout":"default","site-content-layout":"","ast-site-content-layout":"default","site-content-style":"default","site-sidebar-style":"default","ast-global-header-display":"","ast-banner-title-visibility":"","ast-main-header-display":"","ast-hfb-above-header-display":"","ast-hfb-below-header-display":"","ast-hfb-mobile-header-display":"","site-post-title":"","ast-breadcrumbs-content":"","ast-featured-img":"","footer-sml-layout":"","theme-transparent-header-meta":"default","adv-header-id-meta":"","stick-header-meta":"","header-above-stick-meta":"","header-main-stick-meta":"","header-below-stick-meta":"","astra-migrate-meta-layouts":"set","ast-page-background-enabled":"default","ast-page-background-meta":{"desktop":{"background-color":"","background-image":"","background-repeat":"repeat","background-position":"center center","background-size":"auto","background-attachment":"scroll","background-type":"","background-media":"","overlay-type":"","overlay-color":"","overlay-gradient":""},"tablet":{"background-color":"","background-image":"","background-repeat":"repeat","background-position":"center center","background-size":"auto","background-attachment":"scroll","background-type":"","background-media":"","overlay-type":"","overlay-color":"","overlay-gradient":""},"mobile":{"background-color":"","background-image":"","background-repeat":"repeat","background-position":"center center","background-size":"auto","background-attachment":"scroll","background-type":"","background-media":"","overlay-type":"","overlay-color":"","overlay-gradient":""}},"ast-content-background-meta":{"desktop":{"background-color":"var(--ast-global-color-5)","background-image":"","background-repeat":"repeat","background-position":"center center","background-size":"auto","background-attachment":"scroll","background-type":"","background-media":"","overlay-type":"","overlay-color":"","overlay-gradient":""},"tablet":{"background-color":"var(--ast-global-color-5)","background-image":"","background-repeat":"repeat","background-position":"center center","background-size":"auto","background-attachment":"scroll","background-type":"","background-media":"","overlay-type":"","overlay-color":"","overlay-gradient":""},"mobile":{"background-color":"var(--ast-global-color-5)","background-image":"","background-repeat":"repeat","background-position":"center center","background-size":"auto","background-attachment":"scroll","background-type":"","background-media":"","overlay-type":"","overlay-color":"","overlay-gradient":""}}},"product_cat":[62,92],"product_tag":[],"class_list":{"0":"post-5245","1":"product","2":"type-product","3":"status-publish","4":"has-post-thumbnail","6":"product_cat-ferramentas","7":"product_cat-lubrificantes","8":"desktop-align-left","9":"tablet-align-left","10":"mobile-align-left","12":"first","13":"instock","14":"sale","15":"shipping-taxable","16":"purchasable","17":"product-type-simple"},"acf":[],"yoast_head":"<!-- This site is optimized with the Yoast SEO plugin v22.3 - https:\/\/yoast.com\/wordpress\/plugins\/seo\/ -->\n<title>\u00d3leo Lubrificante Desengripante M1 Starret 300ml<\/title>\n<meta name=\"description\" content=\"M1 \u00e9 o lubrificante de maior valia para o seu dinheiro. Ele seca e n\u00e3o atrai sujeira, poeira e outras impurezas, como fazem muitos lubrificantes famosos.\" \/>\n<meta name=\"robots\" content=\"index, follow, max-snippet:-1, max-image-preview:large, max-video-preview:-1\" \/>\n<link rel=\"canonical\" href=\"https:\/\/www.isarodas.com.br\/isa\/store\/ferramentas\/lubrificantes\/oleo-lubrificante-desengripante-m1-starret-300ml\/\" \/>\n<meta property=\"og:locale\" content=\"pt_BR\" \/>\n<meta property=\"og:type\" content=\"article\" \/>\n<meta property=\"og:title\" content=\"\u00d3leo Lubrificante Desengripante M1 Starret 300ml\" \/>\n<meta property=\"og:description\" content=\"M1 \u00e9 o lubrificante de maior valia para o seu dinheiro. Ele seca e n\u00e3o atrai sujeira, poeira e outras impurezas, como fazem muitos lubrificantes famosos.\" \/>\n<meta property=\"og:url\" content=\"https:\/\/www.isarodas.com.br\/isa\/store\/ferramentas\/lubrificantes\/oleo-lubrificante-desengripante-m1-starret-300ml\/\" \/>\n<meta property=\"og:site_name\" content=\"Isarodas\" \/>\n<meta property=\"article:publisher\" content=\"https:\/\/www.facebook.com\/isarodasoficial\/\" \/>\n<meta property=\"og:image\" content=\"https:\/\/www.isarodas.com.br\/isa\/wp-content\/uploads\/2024\/04\/D_NQ_NP_2X_749314-MLB28884592175_122018-F.webp\" \/>\n\t<meta property=\"og:image:width\" content=\"700\" \/>\n\t<meta property=\"og:image:height\" content=\"700\" \/>\n\t<meta property=\"og:image:type\" content=\"image\/webp\" \/>\n<meta name=\"twitter:card\" content=\"summary_large_image\" \/>\n<meta name=\"twitter:label1\" content=\"Est. tempo de leitura\" \/>\n\t<meta name=\"twitter:data1\" content=\"5 minutos\" \/>\n<script type=\"application\/ld+json\" class=\"yoast-schema-graph\">{\"@context\":\"https:\/\/schema.org\",\"@graph\":[{\"@type\":\"WebPage\",\"@id\":\"https:\/\/www.isarodas.com.br\/isa\/store\/ferramentas\/lubrificantes\/oleo-lubrificante-desengripante-m1-starret-300ml\/\",\"url\":\"https:\/\/www.isarodas.com.br\/isa\/store\/ferramentas\/lubrificantes\/oleo-lubrificante-desengripante-m1-starret-300ml\/\",\"name\":\"\u00d3leo Lubrificante Desengripante M1 Starret 300ml\",\"isPartOf\":{\"@id\":\"https:\/\/www.isarodas.com.br\/isa\/#website\"},\"primaryImageOfPage\":{\"@id\":\"https:\/\/www.isarodas.com.br\/isa\/store\/ferramentas\/lubrificantes\/oleo-lubrificante-desengripante-m1-starret-300ml\/#primaryimage\"},\"image\":{\"@id\":\"https:\/\/www.isarodas.com.br\/isa\/store\/ferramentas\/lubrificantes\/oleo-lubrificante-desengripante-m1-starret-300ml\/#primaryimage\"},\"thumbnailUrl\":\"https:\/\/www.isarodas.com.br\/isa\/wp-content\/uploads\/2024\/04\/D_NQ_NP_2X_749314-MLB28884592175_122018-F.webp\",\"datePublished\":\"2024-04-10T18:44:58+00:00\",\"dateModified\":\"2024-04-10T18:44:58+00:00\",\"description\":\"M1 \u00e9 o lubrificante de maior valia para o seu dinheiro. Ele seca e n\u00e3o atrai sujeira, poeira e outras impurezas, como fazem muitos lubrificantes famosos.\",\"breadcrumb\":{\"@id\":\"https:\/\/www.isarodas.com.br\/isa\/store\/ferramentas\/lubrificantes\/oleo-lubrificante-desengripante-m1-starret-300ml\/#breadcrumb\"},\"inLanguage\":\"pt-BR\",\"potentialAction\":[{\"@type\":\"ReadAction\",\"target\":[\"https:\/\/www.isarodas.com.br\/isa\/store\/ferramentas\/lubrificantes\/oleo-lubrificante-desengripante-m1-starret-300ml\/\"]}]},{\"@type\":\"ImageObject\",\"inLanguage\":\"pt-BR\",\"@id\":\"https:\/\/www.isarodas.com.br\/isa\/store\/ferramentas\/lubrificantes\/oleo-lubrificante-desengripante-m1-starret-300ml\/#primaryimage\",\"url\":\"https:\/\/www.isarodas.com.br\/isa\/wp-content\/uploads\/2024\/04\/D_NQ_NP_2X_749314-MLB28884592175_122018-F.webp\",\"contentUrl\":\"https:\/\/www.isarodas.com.br\/isa\/wp-content\/uploads\/2024\/04\/D_NQ_NP_2X_749314-MLB28884592175_122018-F.webp\",\"width\":700,\"height\":700},{\"@type\":\"BreadcrumbList\",\"@id\":\"https:\/\/www.isarodas.com.br\/isa\/store\/ferramentas\/lubrificantes\/oleo-lubrificante-desengripante-m1-starret-300ml\/#breadcrumb\",\"itemListElement\":[{\"@type\":\"ListItem\",\"position\":1,\"name\":\"In\u00edcio\",\"item\":\"https:\/\/www.isarodas.com.br\/isa\/\"},{\"@type\":\"ListItem\",\"position\":2,\"name\":\"Store\",\"item\":\"https:\/\/www.isarodas.com.br\/isa\/store\/\"},{\"@type\":\"ListItem\",\"position\":3,\"name\":\"\u00d3leo Lubrificante Desengripante M1 Starret 300ml\"}]},{\"@type\":\"WebSite\",\"@id\":\"https:\/\/www.isarodas.com.br\/isa\/#website\",\"url\":\"https:\/\/www.isarodas.com.br\/isa\/\",\"name\":\"Isarodas\",\"description\":\"Ecommerce isarodas\",\"publisher\":{\"@id\":\"https:\/\/www.isarodas.com.br\/isa\/#organization\"},\"potentialAction\":[{\"@type\":\"SearchAction\",\"target\":{\"@type\":\"EntryPoint\",\"urlTemplate\":\"https:\/\/www.isarodas.com.br\/isa\/?s={search_term_string}\"},\"query-input\":\"required name=search_term_string\"}],\"inLanguage\":\"pt-BR\"},{\"@type\":\"Organization\",\"@id\":\"https:\/\/www.isarodas.com.br\/isa\/#organization\",\"name\":\"Isarodas\",\"url\":\"https:\/\/www.isarodas.com.br\/isa\/\",\"logo\":{\"@type\":\"ImageObject\",\"inLanguage\":\"pt-BR\",\"@id\":\"https:\/\/www.isarodas.com.br\/isa\/#\/schema\/logo\/image\/\",\"url\":\"https:\/\/www.isarodas.com.br\/isa\/wp-content\/uploads\/2024\/03\/cropped-lgs-1.png\",\"contentUrl\":\"https:\/\/www.isarodas.com.br\/isa\/wp-content\/uploads\/2024\/03\/cropped-lgs-1.png\",\"width\":120,\"height\":119,\"caption\":\"Isarodas\"},\"image\":{\"@id\":\"https:\/\/www.isarodas.com.br\/isa\/#\/schema\/logo\/image\/\"},\"sameAs\":[\"https:\/\/www.facebook.com\/isarodasoficial\/\",\"https:\/\/www.youtube.com\/@isarodas9312\",\"https:\/\/www.instagram.com\/isarodasoficial\/\"]}]}<\/script>\n<!-- \/ Yoast SEO plugin. -->","yoast_head_json":{"title":"\u00d3leo Lubrificante Desengripante M1 Starret 300ml","description":"M1 \u00e9 o lubrificante de maior valia para o seu dinheiro. Ele seca e n\u00e3o atrai sujeira, poeira e outras impurezas, como fazem muitos lubrificantes famosos.","robots":{"index":"index","follow":"follow","max-snippet":"max-snippet:-1","max-image-preview":"max-image-preview:large","max-video-preview":"max-video-preview:-1"},"canonical":"https:\/\/www.isarodas.com.br\/isa\/store\/ferramentas\/lubrificantes\/oleo-lubrificante-desengripante-m1-starret-300ml\/","og_locale":"pt_BR","og_type":"article","og_title":"\u00d3leo Lubrificante Desengripante M1 Starret 300ml","og_description":"M1 \u00e9 o lubrificante de maior valia para o seu dinheiro. Ele seca e n\u00e3o atrai sujeira, poeira e outras impurezas, como fazem muitos lubrificantes famosos.","og_url":"https:\/\/www.isarodas.com.br\/isa\/store\/ferramentas\/lubrificantes\/oleo-lubrificante-desengripante-m1-starret-300ml\/","og_site_name":"Isarodas","article_publisher":"https:\/\/www.facebook.com\/isarodasoficial\/","og_image":[{"width":700,"height":700,"url":"https:\/\/www.isarodas.com.br\/isa\/wp-content\/uploads\/2024\/04\/D_NQ_NP_2X_749314-MLB28884592175_122018-F.webp","type":"image\/webp"}],"twitter_card":"summary_large_image","twitter_misc":{"Est. tempo de leitura":"5 minutos"},"schema":{"@context":"https:\/\/schema.org","@graph":[{"@type":"WebPage","@id":"https:\/\/www.isarodas.com.br\/isa\/store\/ferramentas\/lubrificantes\/oleo-lubrificante-desengripante-m1-starret-300ml\/","url":"https:\/\/www.isarodas.com.br\/isa\/store\/ferramentas\/lubrificantes\/oleo-lubrificante-desengripante-m1-starret-300ml\/","name":"\u00d3leo Lubrificante Desengripante M1 Starret 300ml","isPartOf":{"@id":"https:\/\/www.isarodas.com.br\/isa\/#website"},"primaryImageOfPage":{"@id":"https:\/\/www.isarodas.com.br\/isa\/store\/ferramentas\/lubrificantes\/oleo-lubrificante-desengripante-m1-starret-300ml\/#primaryimage"},"image":{"@id":"https:\/\/www.isarodas.com.br\/isa\/store\/ferramentas\/lubrificantes\/oleo-lubrificante-desengripante-m1-starret-300ml\/#primaryimage"},"thumbnailUrl":"https:\/\/www.isarodas.com.br\/isa\/wp-content\/uploads\/2024\/04\/D_NQ_NP_2X_749314-MLB28884592175_122018-F.webp","datePublished":"2024-04-10T18:44:58+00:00","dateModified":"2024-04-10T18:44:58+00:00","description":"M1 \u00e9 o lubrificante de maior valia para o seu dinheiro. Ele seca e n\u00e3o atrai sujeira, poeira e outras impurezas, como fazem muitos lubrificantes famosos.","breadcrumb":{"@id":"https:\/\/www.isarodas.com.br\/isa\/store\/ferramentas\/lubrificantes\/oleo-lubrificante-desengripante-m1-starret-300ml\/#breadcrumb"},"inLanguage":"pt-BR","potentialAction":[{"@type":"ReadAction","target":["https:\/\/www.isarodas.com.br\/isa\/store\/ferramentas\/lubrificantes\/oleo-lubrificante-desengripante-m1-starret-300ml\/"]}]},{"@type":"ImageObject","inLanguage":"pt-BR","@id":"https:\/\/www.isarodas.com.br\/isa\/store\/ferramentas\/lubrificantes\/oleo-lubrificante-desengripante-m1-starret-300ml\/#primaryimage","url":"https:\/\/www.isarodas.com.br\/isa\/wp-content\/uploads\/2024\/04\/D_NQ_NP_2X_749314-MLB28884592175_122018-F.webp","contentUrl":"https:\/\/www.isarodas.com.br\/isa\/wp-content\/uploads\/2024\/04\/D_NQ_NP_2X_749314-MLB28884592175_122018-F.webp","width":700,"height":700},{"@type":"BreadcrumbList","@id":"https:\/\/www.isarodas.com.br\/isa\/store\/ferramentas\/lubrificantes\/oleo-lubrificante-desengripante-m1-starret-300ml\/#breadcrumb","itemListElement":[{"@type":"ListItem","position":1,"name":"In\u00edcio","item":"https:\/\/www.isarodas.com.br\/isa\/"},{"@type":"ListItem","position":2,"name":"Store","item":"https:\/\/www.isarodas.com.br\/isa\/store\/"},{"@type":"ListItem","position":3,"name":"\u00d3leo Lubrificante Desengripante M1 Starret 300ml"}]},{"@type":"WebSite","@id":"https:\/\/www.isarodas.com.br\/isa\/#website","url":"https:\/\/www.isarodas.com.br\/isa\/","name":"Isarodas","description":"Ecommerce isarodas","publisher":{"@id":"https:\/\/www.isarodas.com.br\/isa\/#organization"},"potentialAction":[{"@type":"SearchAction","target":{"@type":"EntryPoint","urlTemplate":"https:\/\/www.isarodas.com.br\/isa\/?s={search_term_string}"},"query-input":"required name=search_term_string"}],"inLanguage":"pt-BR"},{"@type":"Organization","@id":"https:\/\/www.isarodas.com.br\/isa\/#organization","name":"Isarodas","url":"https:\/\/www.isarodas.com.br\/isa\/","logo":{"@type":"ImageObject","inLanguage":"pt-BR","@id":"https:\/\/www.isarodas.com.br\/isa\/#\/schema\/logo\/image\/","url":"https:\/\/www.isarodas.com.br\/isa\/wp-content\/uploads\/2024\/03\/cropped-lgs-1.png","contentUrl":"https:\/\/www.isarodas.com.br\/isa\/wp-content\/uploads\/2024\/03\/cropped-lgs-1.png","width":120,"height":119,"caption":"Isarodas"},"image":{"@id":"https:\/\/www.isarodas.com.br\/isa\/#\/schema\/logo\/image\/"},"sameAs":["https:\/\/www.facebook.com\/isarodasoficial\/","https:\/\/www.youtube.com\/@isarodas9312","https:\/\/www.instagram.com\/isarodasoficial\/"]}]}},"_links":{"self":[{"href":"https:\/\/www.isarodas.com.br\/isa\/wp-json\/wp\/v2\/product\/5245","targetHints":{"allow":["GET"]}}],"collection":[{"href":"https:\/\/www.isarodas.com.br\/isa\/wp-json\/wp\/v2\/product"}],"about":[{"href":"https:\/\/www.isarodas.com.br\/isa\/wp-json\/wp\/v2\/types\/product"}],"replies":[{"embeddable":true,"href":"https:\/\/www.isarodas.com.br\/isa\/wp-json\/wp\/v2\/comments?post=5245"}],"version-history":[{"count":1,"href":"https:\/\/www.isarodas.com.br\/isa\/wp-json\/wp\/v2\/product\/5245\/revisions"}],"predecessor-version":[{"id":5248,"href":"https:\/\/www.isarodas.com.br\/isa\/wp-json\/wp\/v2\/product\/5245\/revisions\/5248"}],"wp:featuredmedia":[{"embeddable":true,"href":"https:\/\/www.isarodas.com.br\/isa\/wp-json\/wp\/v2\/media\/5246"}],"wp:attachment":[{"href":"https:\/\/www.isarodas.com.br\/isa\/wp-json\/wp\/v2\/media?parent=5245"}],"wp:term":[{"taxonomy":"product_cat","embeddable":true,"href":"https:\/\/www.isarodas.com.br\/isa\/wp-json\/wp\/v2\/product_cat?post=5245"},{"taxonomy":"product_tag","embeddable":true,"href":"https:\/\/www.isarodas.com.br\/isa\/wp-json\/wp\/v2\/product_tag?post=5245"}],"curies":[{"name":"wp","href":"https:\/\/api.w.org\/{rel}","templated":true}]}}