{"id":5158,"date":"2024-04-10T14:00:46","date_gmt":"2024-04-10T17:00:46","guid":{"rendered":"https:\/\/www.isarodas.com.br\/isa\/?post_type=product&#038;p=5158"},"modified":"2024-04-10T14:00:46","modified_gmt":"2024-04-10T17:00:46","slug":"cachorrinho-pelucia-pula-anda-late-e-cambalhota-a-pilha","status":"publish","type":"product","link":"https:\/\/www.isarodas.com.br\/isa\/store\/brinquedos\/cachorrinho-pelucia-pula-anda-late-e-cambalhota-a-pilha\/","title":{"rendered":"Cachorrinho Pel\u00facia Pula Anda Late E Cambalhota A Pilha"},"content":{"rendered":"<p>Divirta-se com o Cachorrinho de Pel\u00facia Interativo! Este ador\u00e1vel brinquedo de pel\u00facia \u00e9 mais do que apenas um brinquedo comum. Equipado com funcionalidades interativas, ele pula, anda, late e at\u00e9 mesmo faz cambalhotas, tudo com o uso de pilhas. As crian\u00e7as v\u00e3o se encantar com suas travessuras e habilidades divertidas, enquanto desfrutam de horas de divers\u00e3o interativa. Com seu design fofo e comportamento cativante, este cachorrinho de pel\u00facia \u00e9 o companheiro perfeito para brincadeiras cheias de alegria e imagina\u00e7\u00e3o. Prepare-se para criar mem\u00f3rias inesquec\u00edveis com este brinquedo encantador!<\/p>\n","protected":false},"excerpt":{"rendered":"<p>Divirta-se com o Cachorrinho de Pel\u00facia Interativo! Este ador\u00e1vel brinquedo de pel\u00facia \u00e9 mais do que apenas um brinquedo comum. Equipado com funcionalidades interativas, ele pula, anda, late e at\u00e9 mesmo faz cambalhotas, tudo com o uso de pilhas. As crian\u00e7as v\u00e3o se encantar com suas travessuras e habilidades divertidas, enquanto desfrutam de horas de [&hellip;]<\/p>\n","protected":false},"featured_media":5160,"comment_status":"open","ping_status":"closed","template":"","meta":{"_acf_changed":false,"site-sidebar-layout":"default","site-content-layout":"","ast-site-content-layout":"default","site-content-style":"default","site-sidebar-style":"default","ast-global-header-display":"","ast-banner-title-visibility":"","ast-main-header-display":"","ast-hfb-above-header-display":"","ast-hfb-below-header-display":"","ast-hfb-mobile-header-display":"","site-post-title":"","ast-breadcrumbs-content":"","ast-featured-img":"","footer-sml-layout":"","theme-transparent-header-meta":"default","adv-header-id-meta":"","stick-header-meta":"","header-above-stick-meta":"","header-main-stick-meta":"","header-below-stick-meta":"","astra-migrate-meta-layouts":"set","ast-page-background-enabled":"default","ast-page-background-meta":{"desktop":{"background-color":"","background-image":"","background-repeat":"repeat","background-position":"center center","background-size":"auto","background-attachment":"scroll","background-type":"","background-media":"","overlay-type":"","overlay-color":"","overlay-gradient":""},"tablet":{"background-color":"","background-image":"","background-repeat":"repeat","background-position":"center center","background-size":"auto","background-attachment":"scroll","background-type":"","background-media":"","overlay-type":"","overlay-color":"","overlay-gradient":""},"mobile":{"background-color":"","background-image":"","background-repeat":"repeat","background-position":"center center","background-size":"auto","background-attachment":"scroll","background-type":"","background-media":"","overlay-type":"","overlay-color":"","overlay-gradient":""}},"ast-content-background-meta":{"desktop":{"background-color":"var(--ast-global-color-5)","background-image":"","background-repeat":"repeat","background-position":"center center","background-size":"auto","background-attachment":"scroll","background-type":"","background-media":"","overlay-type":"","overlay-color":"","overlay-gradient":""},"tablet":{"background-color":"var(--ast-global-color-5)","background-image":"","background-repeat":"repeat","background-position":"center center","background-size":"auto","background-attachment":"scroll","background-type":"","background-media":"","overlay-type":"","overlay-color":"","overlay-gradient":""},"mobile":{"background-color":"var(--ast-global-color-5)","background-image":"","background-repeat":"repeat","background-position":"center center","background-size":"auto","background-attachment":"scroll","background-type":"","background-media":"","overlay-type":"","overlay-color":"","overlay-gradient":""}}},"product_cat":[58],"product_tag":[],"class_list":{"0":"post-5158","1":"product","2":"type-product","3":"status-publish","4":"has-post-thumbnail","6":"product_cat-brinquedos","7":"desktop-align-left","8":"tablet-align-left","9":"mobile-align-left","11":"first","12":"instock","13":"sale","14":"shipping-taxable","15":"purchasable","16":"product-type-simple"},"acf":[],"yoast_head":"<!-- This site is optimized with the Yoast SEO plugin v22.3 - https:\/\/yoast.com\/wordpress\/plugins\/seo\/ -->\n<title>Cachorrinho Pel\u00facia Pula Anda Late E Cambalhota A Pilha<\/title>\n<meta name=\"description\" content=\"Cachorrinho de Pel\u00facia Interativo! Este ador\u00e1vel brinquedo de pel\u00facia \u00e9 mais do que apenas um brinquedo comum. Equipado com funcionalidades interativas, ele pula, anda, late e at\u00e9 mesmo faz cambalhotas, tudo com o uso de pilhas\" \/>\n<meta name=\"robots\" content=\"index, follow, max-snippet:-1, max-image-preview:large, max-video-preview:-1\" \/>\n<link rel=\"canonical\" href=\"https:\/\/www.isarodas.com.br\/isa\/store\/brinquedos\/cachorrinho-pelucia-pula-anda-late-e-cambalhota-a-pilha\/\" \/>\n<meta property=\"og:locale\" content=\"pt_BR\" \/>\n<meta property=\"og:type\" content=\"article\" \/>\n<meta property=\"og:title\" content=\"Cachorrinho Pel\u00facia Pula Anda Late E Cambalhota A Pilha\" \/>\n<meta property=\"og:description\" content=\"Cachorrinho de Pel\u00facia Interativo! Este ador\u00e1vel brinquedo de pel\u00facia \u00e9 mais do que apenas um brinquedo comum. Equipado com funcionalidades interativas, ele pula, anda, late e at\u00e9 mesmo faz cambalhotas, tudo com o uso de pilhas\" \/>\n<meta property=\"og:url\" content=\"https:\/\/www.isarodas.com.br\/isa\/store\/brinquedos\/cachorrinho-pelucia-pula-anda-late-e-cambalhota-a-pilha\/\" \/>\n<meta property=\"og:site_name\" content=\"Isarodas\" \/>\n<meta property=\"article:publisher\" content=\"https:\/\/www.facebook.com\/isarodasoficial\/\" \/>\n<meta property=\"og:image\" content=\"https:\/\/www.isarodas.com.br\/isa\/wp-content\/uploads\/2024\/04\/D_NQ_NP_2X_897540-MLB42812799974_072020-F.webp\" \/>\n\t<meta property=\"og:image:width\" content=\"778\" \/>\n\t<meta property=\"og:image:height\" content=\"686\" \/>\n\t<meta property=\"og:image:type\" content=\"image\/webp\" \/>\n<meta name=\"twitter:card\" content=\"summary_large_image\" \/>\n<meta name=\"twitter:label1\" content=\"Est. tempo de leitura\" \/>\n\t<meta name=\"twitter:data1\" content=\"1 minuto\" \/>\n<script type=\"application\/ld+json\" class=\"yoast-schema-graph\">{\"@context\":\"https:\/\/schema.org\",\"@graph\":[{\"@type\":\"WebPage\",\"@id\":\"https:\/\/www.isarodas.com.br\/isa\/store\/brinquedos\/cachorrinho-pelucia-pula-anda-late-e-cambalhota-a-pilha\/\",\"url\":\"https:\/\/www.isarodas.com.br\/isa\/store\/brinquedos\/cachorrinho-pelucia-pula-anda-late-e-cambalhota-a-pilha\/\",\"name\":\"Cachorrinho Pel\u00facia Pula Anda Late E Cambalhota A Pilha\",\"isPartOf\":{\"@id\":\"https:\/\/www.isarodas.com.br\/isa\/#website\"},\"primaryImageOfPage\":{\"@id\":\"https:\/\/www.isarodas.com.br\/isa\/store\/brinquedos\/cachorrinho-pelucia-pula-anda-late-e-cambalhota-a-pilha\/#primaryimage\"},\"image\":{\"@id\":\"https:\/\/www.isarodas.com.br\/isa\/store\/brinquedos\/cachorrinho-pelucia-pula-anda-late-e-cambalhota-a-pilha\/#primaryimage\"},\"thumbnailUrl\":\"https:\/\/www.isarodas.com.br\/isa\/wp-content\/uploads\/2024\/04\/D_NQ_NP_2X_897540-MLB42812799974_072020-F.webp\",\"datePublished\":\"2024-04-10T17:00:46+00:00\",\"dateModified\":\"2024-04-10T17:00:46+00:00\",\"description\":\"Cachorrinho de Pel\u00facia Interativo! Este ador\u00e1vel brinquedo de pel\u00facia \u00e9 mais do que apenas um brinquedo comum. Equipado com funcionalidades interativas, ele pula, anda, late e at\u00e9 mesmo faz cambalhotas, tudo com o uso de pilhas\",\"breadcrumb\":{\"@id\":\"https:\/\/www.isarodas.com.br\/isa\/store\/brinquedos\/cachorrinho-pelucia-pula-anda-late-e-cambalhota-a-pilha\/#breadcrumb\"},\"inLanguage\":\"pt-BR\",\"potentialAction\":[{\"@type\":\"ReadAction\",\"target\":[\"https:\/\/www.isarodas.com.br\/isa\/store\/brinquedos\/cachorrinho-pelucia-pula-anda-late-e-cambalhota-a-pilha\/\"]}]},{\"@type\":\"ImageObject\",\"inLanguage\":\"pt-BR\",\"@id\":\"https:\/\/www.isarodas.com.br\/isa\/store\/brinquedos\/cachorrinho-pelucia-pula-anda-late-e-cambalhota-a-pilha\/#primaryimage\",\"url\":\"https:\/\/www.isarodas.com.br\/isa\/wp-content\/uploads\/2024\/04\/D_NQ_NP_2X_897540-MLB42812799974_072020-F.webp\",\"contentUrl\":\"https:\/\/www.isarodas.com.br\/isa\/wp-content\/uploads\/2024\/04\/D_NQ_NP_2X_897540-MLB42812799974_072020-F.webp\",\"width\":778,\"height\":686},{\"@type\":\"BreadcrumbList\",\"@id\":\"https:\/\/www.isarodas.com.br\/isa\/store\/brinquedos\/cachorrinho-pelucia-pula-anda-late-e-cambalhota-a-pilha\/#breadcrumb\",\"itemListElement\":[{\"@type\":\"ListItem\",\"position\":1,\"name\":\"In\u00edcio\",\"item\":\"https:\/\/www.isarodas.com.br\/isa\/\"},{\"@type\":\"ListItem\",\"position\":2,\"name\":\"Store\",\"item\":\"https:\/\/www.isarodas.com.br\/isa\/store\/\"},{\"@type\":\"ListItem\",\"position\":3,\"name\":\"Cachorrinho Pel\u00facia Pula Anda Late E Cambalhota A Pilha\"}]},{\"@type\":\"WebSite\",\"@id\":\"https:\/\/www.isarodas.com.br\/isa\/#website\",\"url\":\"https:\/\/www.isarodas.com.br\/isa\/\",\"name\":\"Isarodas\",\"description\":\"Ecommerce isarodas\",\"publisher\":{\"@id\":\"https:\/\/www.isarodas.com.br\/isa\/#organization\"},\"potentialAction\":[{\"@type\":\"SearchAction\",\"target\":{\"@type\":\"EntryPoint\",\"urlTemplate\":\"https:\/\/www.isarodas.com.br\/isa\/?s={search_term_string}\"},\"query-input\":\"required name=search_term_string\"}],\"inLanguage\":\"pt-BR\"},{\"@type\":\"Organization\",\"@id\":\"https:\/\/www.isarodas.com.br\/isa\/#organization\",\"name\":\"Isarodas\",\"url\":\"https:\/\/www.isarodas.com.br\/isa\/\",\"logo\":{\"@type\":\"ImageObject\",\"inLanguage\":\"pt-BR\",\"@id\":\"https:\/\/www.isarodas.com.br\/isa\/#\/schema\/logo\/image\/\",\"url\":\"https:\/\/www.isarodas.com.br\/isa\/wp-content\/uploads\/2024\/03\/cropped-lgs-1.png\",\"contentUrl\":\"https:\/\/www.isarodas.com.br\/isa\/wp-content\/uploads\/2024\/03\/cropped-lgs-1.png\",\"width\":120,\"height\":119,\"caption\":\"Isarodas\"},\"image\":{\"@id\":\"https:\/\/www.isarodas.com.br\/isa\/#\/schema\/logo\/image\/\"},\"sameAs\":[\"https:\/\/www.facebook.com\/isarodasoficial\/\",\"https:\/\/www.youtube.com\/@isarodas9312\",\"https:\/\/www.instagram.com\/isarodasoficial\/\"]}]}<\/script>\n<!-- \/ Yoast SEO plugin. -->","yoast_head_json":{"title":"Cachorrinho Pel\u00facia Pula Anda Late E Cambalhota A Pilha","description":"Cachorrinho de Pel\u00facia Interativo! Este ador\u00e1vel brinquedo de pel\u00facia \u00e9 mais do que apenas um brinquedo comum. Equipado com funcionalidades interativas, ele pula, anda, late e at\u00e9 mesmo faz cambalhotas, tudo com o uso de pilhas","robots":{"index":"index","follow":"follow","max-snippet":"max-snippet:-1","max-image-preview":"max-image-preview:large","max-video-preview":"max-video-preview:-1"},"canonical":"https:\/\/www.isarodas.com.br\/isa\/store\/brinquedos\/cachorrinho-pelucia-pula-anda-late-e-cambalhota-a-pilha\/","og_locale":"pt_BR","og_type":"article","og_title":"Cachorrinho Pel\u00facia Pula Anda Late E Cambalhota A Pilha","og_description":"Cachorrinho de Pel\u00facia Interativo! Este ador\u00e1vel brinquedo de pel\u00facia \u00e9 mais do que apenas um brinquedo comum. Equipado com funcionalidades interativas, ele pula, anda, late e at\u00e9 mesmo faz cambalhotas, tudo com o uso de pilhas","og_url":"https:\/\/www.isarodas.com.br\/isa\/store\/brinquedos\/cachorrinho-pelucia-pula-anda-late-e-cambalhota-a-pilha\/","og_site_name":"Isarodas","article_publisher":"https:\/\/www.facebook.com\/isarodasoficial\/","og_image":[{"width":778,"height":686,"url":"https:\/\/www.isarodas.com.br\/isa\/wp-content\/uploads\/2024\/04\/D_NQ_NP_2X_897540-MLB42812799974_072020-F.webp","type":"image\/webp"}],"twitter_card":"summary_large_image","twitter_misc":{"Est. tempo de leitura":"1 minuto"},"schema":{"@context":"https:\/\/schema.org","@graph":[{"@type":"WebPage","@id":"https:\/\/www.isarodas.com.br\/isa\/store\/brinquedos\/cachorrinho-pelucia-pula-anda-late-e-cambalhota-a-pilha\/","url":"https:\/\/www.isarodas.com.br\/isa\/store\/brinquedos\/cachorrinho-pelucia-pula-anda-late-e-cambalhota-a-pilha\/","name":"Cachorrinho Pel\u00facia Pula Anda Late E Cambalhota A Pilha","isPartOf":{"@id":"https:\/\/www.isarodas.com.br\/isa\/#website"},"primaryImageOfPage":{"@id":"https:\/\/www.isarodas.com.br\/isa\/store\/brinquedos\/cachorrinho-pelucia-pula-anda-late-e-cambalhota-a-pilha\/#primaryimage"},"image":{"@id":"https:\/\/www.isarodas.com.br\/isa\/store\/brinquedos\/cachorrinho-pelucia-pula-anda-late-e-cambalhota-a-pilha\/#primaryimage"},"thumbnailUrl":"https:\/\/www.isarodas.com.br\/isa\/wp-content\/uploads\/2024\/04\/D_NQ_NP_2X_897540-MLB42812799974_072020-F.webp","datePublished":"2024-04-10T17:00:46+00:00","dateModified":"2024-04-10T17:00:46+00:00","description":"Cachorrinho de Pel\u00facia Interativo! Este ador\u00e1vel brinquedo de pel\u00facia \u00e9 mais do que apenas um brinquedo comum. Equipado com funcionalidades interativas, ele pula, anda, late e at\u00e9 mesmo faz cambalhotas, tudo com o uso de pilhas","breadcrumb":{"@id":"https:\/\/www.isarodas.com.br\/isa\/store\/brinquedos\/cachorrinho-pelucia-pula-anda-late-e-cambalhota-a-pilha\/#breadcrumb"},"inLanguage":"pt-BR","potentialAction":[{"@type":"ReadAction","target":["https:\/\/www.isarodas.com.br\/isa\/store\/brinquedos\/cachorrinho-pelucia-pula-anda-late-e-cambalhota-a-pilha\/"]}]},{"@type":"ImageObject","inLanguage":"pt-BR","@id":"https:\/\/www.isarodas.com.br\/isa\/store\/brinquedos\/cachorrinho-pelucia-pula-anda-late-e-cambalhota-a-pilha\/#primaryimage","url":"https:\/\/www.isarodas.com.br\/isa\/wp-content\/uploads\/2024\/04\/D_NQ_NP_2X_897540-MLB42812799974_072020-F.webp","contentUrl":"https:\/\/www.isarodas.com.br\/isa\/wp-content\/uploads\/2024\/04\/D_NQ_NP_2X_897540-MLB42812799974_072020-F.webp","width":778,"height":686},{"@type":"BreadcrumbList","@id":"https:\/\/www.isarodas.com.br\/isa\/store\/brinquedos\/cachorrinho-pelucia-pula-anda-late-e-cambalhota-a-pilha\/#breadcrumb","itemListElement":[{"@type":"ListItem","position":1,"name":"In\u00edcio","item":"https:\/\/www.isarodas.com.br\/isa\/"},{"@type":"ListItem","position":2,"name":"Store","item":"https:\/\/www.isarodas.com.br\/isa\/store\/"},{"@type":"ListItem","position":3,"name":"Cachorrinho Pel\u00facia Pula Anda Late E Cambalhota A Pilha"}]},{"@type":"WebSite","@id":"https:\/\/www.isarodas.com.br\/isa\/#website","url":"https:\/\/www.isarodas.com.br\/isa\/","name":"Isarodas","description":"Ecommerce isarodas","publisher":{"@id":"https:\/\/www.isarodas.com.br\/isa\/#organization"},"potentialAction":[{"@type":"SearchAction","target":{"@type":"EntryPoint","urlTemplate":"https:\/\/www.isarodas.com.br\/isa\/?s={search_term_string}"},"query-input":"required name=search_term_string"}],"inLanguage":"pt-BR"},{"@type":"Organization","@id":"https:\/\/www.isarodas.com.br\/isa\/#organization","name":"Isarodas","url":"https:\/\/www.isarodas.com.br\/isa\/","logo":{"@type":"ImageObject","inLanguage":"pt-BR","@id":"https:\/\/www.isarodas.com.br\/isa\/#\/schema\/logo\/image\/","url":"https:\/\/www.isarodas.com.br\/isa\/wp-content\/uploads\/2024\/03\/cropped-lgs-1.png","contentUrl":"https:\/\/www.isarodas.com.br\/isa\/wp-content\/uploads\/2024\/03\/cropped-lgs-1.png","width":120,"height":119,"caption":"Isarodas"},"image":{"@id":"https:\/\/www.isarodas.com.br\/isa\/#\/schema\/logo\/image\/"},"sameAs":["https:\/\/www.facebook.com\/isarodasoficial\/","https:\/\/www.youtube.com\/@isarodas9312","https:\/\/www.instagram.com\/isarodasoficial\/"]}]}},"_links":{"self":[{"href":"https:\/\/www.isarodas.com.br\/isa\/wp-json\/wp\/v2\/product\/5158","targetHints":{"allow":["GET"]}}],"collection":[{"href":"https:\/\/www.isarodas.com.br\/isa\/wp-json\/wp\/v2\/product"}],"about":[{"href":"https:\/\/www.isarodas.com.br\/isa\/wp-json\/wp\/v2\/types\/product"}],"replies":[{"embeddable":true,"href":"https:\/\/www.isarodas.com.br\/isa\/wp-json\/wp\/v2\/comments?post=5158"}],"version-history":[{"count":1,"href":"https:\/\/www.isarodas.com.br\/isa\/wp-json\/wp\/v2\/product\/5158\/revisions"}],"predecessor-version":[{"id":5163,"href":"https:\/\/www.isarodas.com.br\/isa\/wp-json\/wp\/v2\/product\/5158\/revisions\/5163"}],"wp:featuredmedia":[{"embeddable":true,"href":"https:\/\/www.isarodas.com.br\/isa\/wp-json\/wp\/v2\/media\/5160"}],"wp:attachment":[{"href":"https:\/\/www.isarodas.com.br\/isa\/wp-json\/wp\/v2\/media?parent=5158"}],"wp:term":[{"taxonomy":"product_cat","embeddable":true,"href":"https:\/\/www.isarodas.com.br\/isa\/wp-json\/wp\/v2\/product_cat?post=5158"},{"taxonomy":"product_tag","embeddable":true,"href":"https:\/\/www.isarodas.com.br\/isa\/wp-json\/wp\/v2\/product_tag?post=5158"}],"curies":[{"name":"wp","href":"https:\/\/api.w.org\/{rel}","templated":true}]}}