{"id":5148,"date":"2024-04-10T13:50:12","date_gmt":"2024-04-10T16:50:12","guid":{"rendered":"https:\/\/www.isarodas.com.br\/isa\/?post_type=product&#038;p=5148"},"modified":"2024-04-10T13:50:13","modified_gmt":"2024-04-10T16:50:13","slug":"passa-fio-proaqua-super-com-alma-aco-20-metros-o-melhor","status":"publish","type":"product","link":"https:\/\/www.isarodas.com.br\/isa\/store\/ferramentas\/passa-fio-proaqua-super-com-alma-aco-20-metros-o-melhor\/","title":{"rendered":"Passa Fio Proaqua Super Com Alma A\u00e7o 20 Metros ( O Melhor)"},"content":{"rendered":"<p>Supere os Desafios com o Passa Fio Proaqua Super com Alma de A\u00e7o de 20 Metros &#8211; O Melhor em Durabilidade e Desempenho! Projetado para facilitar a passagem de cabos el\u00e9tricos e fios em instala\u00e7\u00f5es residenciais e comerciais, este passa fio \u00e9 sua solu\u00e7\u00e3o confi\u00e1vel. Com uma alma de a\u00e7o resistente, oferece durabilidade excepcional para lidar com qualquer tarefa. Seus 20 metros de comprimento fornecem alcance suficiente para diversas aplica\u00e7\u00f5es. N\u00e3o deixe que a passagem de fios seja um obst\u00e1culo &#8211; escolha o Passa Fio Proaqua Super para uma experi\u00eancia suave e eficiente em seus projetos!<\/p>\n<p>Passafio Nylon 20M COM Alma de A\u00e7o Super<br \/>\nMarca: Proaqua<br \/>\nCOM CABO DE A\u00c7O INTERNO PARA MAIOR RESIST\u00caNCIA E DURABILIDADE.<br \/>\nOriginal<br \/>\n20 Metros<\/p>\n","protected":false},"excerpt":{"rendered":"<p>Supere os Desafios com o Passa Fio Proaqua Super com Alma de A\u00e7o de 20 Metros &#8211; O Melhor em Durabilidade e Desempenho! Projetado para facilitar a passagem de cabos el\u00e9tricos e fios em instala\u00e7\u00f5es residenciais e comerciais, este passa fio \u00e9 sua solu\u00e7\u00e3o confi\u00e1vel. Com uma alma de a\u00e7o resistente, oferece durabilidade excepcional para [&hellip;]<\/p>\n","protected":false},"featured_media":5149,"comment_status":"open","ping_status":"closed","template":"","meta":{"_acf_changed":false,"site-sidebar-layout":"default","site-content-layout":"","ast-site-content-layout":"default","site-content-style":"default","site-sidebar-style":"default","ast-global-header-display":"","ast-banner-title-visibility":"","ast-main-header-display":"","ast-hfb-above-header-display":"","ast-hfb-below-header-display":"","ast-hfb-mobile-header-display":"","site-post-title":"","ast-breadcrumbs-content":"","ast-featured-img":"","footer-sml-layout":"","theme-transparent-header-meta":"default","adv-header-id-meta":"","stick-header-meta":"","header-above-stick-meta":"","header-main-stick-meta":"","header-below-stick-meta":"","astra-migrate-meta-layouts":"set","ast-page-background-enabled":"default","ast-page-background-meta":{"desktop":{"background-color":"","background-image":"","background-repeat":"repeat","background-position":"center center","background-size":"auto","background-attachment":"scroll","background-type":"","background-media":"","overlay-type":"","overlay-color":"","overlay-gradient":""},"tablet":{"background-color":"","background-image":"","background-repeat":"repeat","background-position":"center center","background-size":"auto","background-attachment":"scroll","background-type":"","background-media":"","overlay-type":"","overlay-color":"","overlay-gradient":""},"mobile":{"background-color":"","background-image":"","background-repeat":"repeat","background-position":"center center","background-size":"auto","background-attachment":"scroll","background-type":"","background-media":"","overlay-type":"","overlay-color":"","overlay-gradient":""}},"ast-content-background-meta":{"desktop":{"background-color":"var(--ast-global-color-5)","background-image":"","background-repeat":"repeat","background-position":"center center","background-size":"auto","background-attachment":"scroll","background-type":"","background-media":"","overlay-type":"","overlay-color":"","overlay-gradient":""},"tablet":{"background-color":"var(--ast-global-color-5)","background-image":"","background-repeat":"repeat","background-position":"center center","background-size":"auto","background-attachment":"scroll","background-type":"","background-media":"","overlay-type":"","overlay-color":"","overlay-gradient":""},"mobile":{"background-color":"var(--ast-global-color-5)","background-image":"","background-repeat":"repeat","background-position":"center center","background-size":"auto","background-attachment":"scroll","background-type":"","background-media":"","overlay-type":"","overlay-color":"","overlay-gradient":""}}},"product_cat":[62],"product_tag":[],"class_list":{"0":"post-5148","1":"product","2":"type-product","3":"status-publish","4":"has-post-thumbnail","6":"product_cat-ferramentas","7":"desktop-align-left","8":"tablet-align-left","9":"mobile-align-left","11":"first","12":"instock","13":"sale","14":"shipping-taxable","15":"purchasable","16":"product-type-simple"},"acf":[],"yoast_head":"<!-- This site is optimized with the Yoast SEO plugin v22.3 - https:\/\/yoast.com\/wordpress\/plugins\/seo\/ -->\n<title>Passa Fio Proaqua Super Com Alma A\u00e7o 20 Metros ( O Melhor)<\/title>\n<meta name=\"description\" content=\"Passa Fio Proaqua Super com Alma de A\u00e7o de 20 Metros - O Melhor em Durabilidade e Desempenho! Projetado para facilitar a passagem de cabos el\u00e9tricos e fios em instala\u00e7\u00f5es residenciais e comerciais, este passa fio \u00e9 sua solu\u00e7\u00e3o confi\u00e1vel\" \/>\n<meta name=\"robots\" content=\"index, follow, max-snippet:-1, max-image-preview:large, max-video-preview:-1\" \/>\n<link rel=\"canonical\" href=\"https:\/\/www.isarodas.com.br\/isa\/store\/ferramentas\/passa-fio-proaqua-super-com-alma-aco-20-metros-o-melhor\/\" \/>\n<meta property=\"og:locale\" content=\"pt_BR\" \/>\n<meta property=\"og:type\" content=\"article\" \/>\n<meta property=\"og:title\" content=\"Passa Fio Proaqua Super Com Alma A\u00e7o 20 Metros ( O Melhor)\" \/>\n<meta property=\"og:description\" content=\"Passa Fio Proaqua Super com Alma de A\u00e7o de 20 Metros - O Melhor em Durabilidade e Desempenho! Projetado para facilitar a passagem de cabos el\u00e9tricos e fios em instala\u00e7\u00f5es residenciais e comerciais, este passa fio \u00e9 sua solu\u00e7\u00e3o confi\u00e1vel\" \/>\n<meta property=\"og:url\" content=\"https:\/\/www.isarodas.com.br\/isa\/store\/ferramentas\/passa-fio-proaqua-super-com-alma-aco-20-metros-o-melhor\/\" \/>\n<meta property=\"og:site_name\" content=\"Isarodas\" \/>\n<meta property=\"article:publisher\" content=\"https:\/\/www.facebook.com\/isarodasoficial\/\" \/>\n<meta property=\"article:modified_time\" content=\"2024-04-10T16:50:13+00:00\" \/>\n<meta property=\"og:image\" content=\"https:\/\/www.isarodas.com.br\/isa\/wp-content\/uploads\/2024\/04\/D_NQ_NP_604085-MLB43553621186_092020-O.webp\" \/>\n\t<meta property=\"og:image:width\" content=\"500\" \/>\n\t<meta property=\"og:image:height\" content=\"351\" \/>\n\t<meta property=\"og:image:type\" content=\"image\/webp\" \/>\n<meta name=\"twitter:card\" content=\"summary_large_image\" \/>\n<meta name=\"twitter:label1\" content=\"Est. tempo de leitura\" \/>\n\t<meta name=\"twitter:data1\" content=\"1 minuto\" \/>\n<script type=\"application\/ld+json\" class=\"yoast-schema-graph\">{\"@context\":\"https:\/\/schema.org\",\"@graph\":[{\"@type\":\"WebPage\",\"@id\":\"https:\/\/www.isarodas.com.br\/isa\/store\/ferramentas\/passa-fio-proaqua-super-com-alma-aco-20-metros-o-melhor\/\",\"url\":\"https:\/\/www.isarodas.com.br\/isa\/store\/ferramentas\/passa-fio-proaqua-super-com-alma-aco-20-metros-o-melhor\/\",\"name\":\"Passa Fio Proaqua Super Com Alma A\u00e7o 20 Metros ( O Melhor)\",\"isPartOf\":{\"@id\":\"https:\/\/www.isarodas.com.br\/isa\/#website\"},\"primaryImageOfPage\":{\"@id\":\"https:\/\/www.isarodas.com.br\/isa\/store\/ferramentas\/passa-fio-proaqua-super-com-alma-aco-20-metros-o-melhor\/#primaryimage\"},\"image\":{\"@id\":\"https:\/\/www.isarodas.com.br\/isa\/store\/ferramentas\/passa-fio-proaqua-super-com-alma-aco-20-metros-o-melhor\/#primaryimage\"},\"thumbnailUrl\":\"https:\/\/www.isarodas.com.br\/isa\/wp-content\/uploads\/2024\/04\/D_NQ_NP_604085-MLB43553621186_092020-O.webp\",\"datePublished\":\"2024-04-10T16:50:12+00:00\",\"dateModified\":\"2024-04-10T16:50:13+00:00\",\"description\":\"Passa Fio Proaqua Super com Alma de A\u00e7o de 20 Metros - O Melhor em Durabilidade e Desempenho! Projetado para facilitar a passagem de cabos el\u00e9tricos e fios em instala\u00e7\u00f5es residenciais e comerciais, este passa fio \u00e9 sua solu\u00e7\u00e3o confi\u00e1vel\",\"breadcrumb\":{\"@id\":\"https:\/\/www.isarodas.com.br\/isa\/store\/ferramentas\/passa-fio-proaqua-super-com-alma-aco-20-metros-o-melhor\/#breadcrumb\"},\"inLanguage\":\"pt-BR\",\"potentialAction\":[{\"@type\":\"ReadAction\",\"target\":[\"https:\/\/www.isarodas.com.br\/isa\/store\/ferramentas\/passa-fio-proaqua-super-com-alma-aco-20-metros-o-melhor\/\"]}]},{\"@type\":\"ImageObject\",\"inLanguage\":\"pt-BR\",\"@id\":\"https:\/\/www.isarodas.com.br\/isa\/store\/ferramentas\/passa-fio-proaqua-super-com-alma-aco-20-metros-o-melhor\/#primaryimage\",\"url\":\"https:\/\/www.isarodas.com.br\/isa\/wp-content\/uploads\/2024\/04\/D_NQ_NP_604085-MLB43553621186_092020-O.webp\",\"contentUrl\":\"https:\/\/www.isarodas.com.br\/isa\/wp-content\/uploads\/2024\/04\/D_NQ_NP_604085-MLB43553621186_092020-O.webp\",\"width\":500,\"height\":351},{\"@type\":\"BreadcrumbList\",\"@id\":\"https:\/\/www.isarodas.com.br\/isa\/store\/ferramentas\/passa-fio-proaqua-super-com-alma-aco-20-metros-o-melhor\/#breadcrumb\",\"itemListElement\":[{\"@type\":\"ListItem\",\"position\":1,\"name\":\"In\u00edcio\",\"item\":\"https:\/\/www.isarodas.com.br\/isa\/\"},{\"@type\":\"ListItem\",\"position\":2,\"name\":\"Store\",\"item\":\"https:\/\/www.isarodas.com.br\/isa\/store\/\"},{\"@type\":\"ListItem\",\"position\":3,\"name\":\"Passa Fio Proaqua Super Com Alma A\u00e7o 20 Metros ( O Melhor)\"}]},{\"@type\":\"WebSite\",\"@id\":\"https:\/\/www.isarodas.com.br\/isa\/#website\",\"url\":\"https:\/\/www.isarodas.com.br\/isa\/\",\"name\":\"Isarodas\",\"description\":\"Ecommerce isarodas\",\"publisher\":{\"@id\":\"https:\/\/www.isarodas.com.br\/isa\/#organization\"},\"potentialAction\":[{\"@type\":\"SearchAction\",\"target\":{\"@type\":\"EntryPoint\",\"urlTemplate\":\"https:\/\/www.isarodas.com.br\/isa\/?s={search_term_string}\"},\"query-input\":\"required name=search_term_string\"}],\"inLanguage\":\"pt-BR\"},{\"@type\":\"Organization\",\"@id\":\"https:\/\/www.isarodas.com.br\/isa\/#organization\",\"name\":\"Isarodas\",\"url\":\"https:\/\/www.isarodas.com.br\/isa\/\",\"logo\":{\"@type\":\"ImageObject\",\"inLanguage\":\"pt-BR\",\"@id\":\"https:\/\/www.isarodas.com.br\/isa\/#\/schema\/logo\/image\/\",\"url\":\"https:\/\/www.isarodas.com.br\/isa\/wp-content\/uploads\/2024\/03\/cropped-lgs-1.png\",\"contentUrl\":\"https:\/\/www.isarodas.com.br\/isa\/wp-content\/uploads\/2024\/03\/cropped-lgs-1.png\",\"width\":120,\"height\":119,\"caption\":\"Isarodas\"},\"image\":{\"@id\":\"https:\/\/www.isarodas.com.br\/isa\/#\/schema\/logo\/image\/\"},\"sameAs\":[\"https:\/\/www.facebook.com\/isarodasoficial\/\",\"https:\/\/www.youtube.com\/@isarodas9312\",\"https:\/\/www.instagram.com\/isarodasoficial\/\"]}]}<\/script>\n<!-- \/ Yoast SEO plugin. -->","yoast_head_json":{"title":"Passa Fio Proaqua Super Com Alma A\u00e7o 20 Metros ( O Melhor)","description":"Passa Fio Proaqua Super com Alma de A\u00e7o de 20 Metros - O Melhor em Durabilidade e Desempenho! Projetado para facilitar a passagem de cabos el\u00e9tricos e fios em instala\u00e7\u00f5es residenciais e comerciais, este passa fio \u00e9 sua solu\u00e7\u00e3o confi\u00e1vel","robots":{"index":"index","follow":"follow","max-snippet":"max-snippet:-1","max-image-preview":"max-image-preview:large","max-video-preview":"max-video-preview:-1"},"canonical":"https:\/\/www.isarodas.com.br\/isa\/store\/ferramentas\/passa-fio-proaqua-super-com-alma-aco-20-metros-o-melhor\/","og_locale":"pt_BR","og_type":"article","og_title":"Passa Fio Proaqua Super Com Alma A\u00e7o 20 Metros ( O Melhor)","og_description":"Passa Fio Proaqua Super com Alma de A\u00e7o de 20 Metros - O Melhor em Durabilidade e Desempenho! Projetado para facilitar a passagem de cabos el\u00e9tricos e fios em instala\u00e7\u00f5es residenciais e comerciais, este passa fio \u00e9 sua solu\u00e7\u00e3o confi\u00e1vel","og_url":"https:\/\/www.isarodas.com.br\/isa\/store\/ferramentas\/passa-fio-proaqua-super-com-alma-aco-20-metros-o-melhor\/","og_site_name":"Isarodas","article_publisher":"https:\/\/www.facebook.com\/isarodasoficial\/","article_modified_time":"2024-04-10T16:50:13+00:00","og_image":[{"width":500,"height":351,"url":"https:\/\/www.isarodas.com.br\/isa\/wp-content\/uploads\/2024\/04\/D_NQ_NP_604085-MLB43553621186_092020-O.webp","type":"image\/webp"}],"twitter_card":"summary_large_image","twitter_misc":{"Est. tempo de leitura":"1 minuto"},"schema":{"@context":"https:\/\/schema.org","@graph":[{"@type":"WebPage","@id":"https:\/\/www.isarodas.com.br\/isa\/store\/ferramentas\/passa-fio-proaqua-super-com-alma-aco-20-metros-o-melhor\/","url":"https:\/\/www.isarodas.com.br\/isa\/store\/ferramentas\/passa-fio-proaqua-super-com-alma-aco-20-metros-o-melhor\/","name":"Passa Fio Proaqua Super Com Alma A\u00e7o 20 Metros ( O Melhor)","isPartOf":{"@id":"https:\/\/www.isarodas.com.br\/isa\/#website"},"primaryImageOfPage":{"@id":"https:\/\/www.isarodas.com.br\/isa\/store\/ferramentas\/passa-fio-proaqua-super-com-alma-aco-20-metros-o-melhor\/#primaryimage"},"image":{"@id":"https:\/\/www.isarodas.com.br\/isa\/store\/ferramentas\/passa-fio-proaqua-super-com-alma-aco-20-metros-o-melhor\/#primaryimage"},"thumbnailUrl":"https:\/\/www.isarodas.com.br\/isa\/wp-content\/uploads\/2024\/04\/D_NQ_NP_604085-MLB43553621186_092020-O.webp","datePublished":"2024-04-10T16:50:12+00:00","dateModified":"2024-04-10T16:50:13+00:00","description":"Passa Fio Proaqua Super com Alma de A\u00e7o de 20 Metros - O Melhor em Durabilidade e Desempenho! Projetado para facilitar a passagem de cabos el\u00e9tricos e fios em instala\u00e7\u00f5es residenciais e comerciais, este passa fio \u00e9 sua solu\u00e7\u00e3o confi\u00e1vel","breadcrumb":{"@id":"https:\/\/www.isarodas.com.br\/isa\/store\/ferramentas\/passa-fio-proaqua-super-com-alma-aco-20-metros-o-melhor\/#breadcrumb"},"inLanguage":"pt-BR","potentialAction":[{"@type":"ReadAction","target":["https:\/\/www.isarodas.com.br\/isa\/store\/ferramentas\/passa-fio-proaqua-super-com-alma-aco-20-metros-o-melhor\/"]}]},{"@type":"ImageObject","inLanguage":"pt-BR","@id":"https:\/\/www.isarodas.com.br\/isa\/store\/ferramentas\/passa-fio-proaqua-super-com-alma-aco-20-metros-o-melhor\/#primaryimage","url":"https:\/\/www.isarodas.com.br\/isa\/wp-content\/uploads\/2024\/04\/D_NQ_NP_604085-MLB43553621186_092020-O.webp","contentUrl":"https:\/\/www.isarodas.com.br\/isa\/wp-content\/uploads\/2024\/04\/D_NQ_NP_604085-MLB43553621186_092020-O.webp","width":500,"height":351},{"@type":"BreadcrumbList","@id":"https:\/\/www.isarodas.com.br\/isa\/store\/ferramentas\/passa-fio-proaqua-super-com-alma-aco-20-metros-o-melhor\/#breadcrumb","itemListElement":[{"@type":"ListItem","position":1,"name":"In\u00edcio","item":"https:\/\/www.isarodas.com.br\/isa\/"},{"@type":"ListItem","position":2,"name":"Store","item":"https:\/\/www.isarodas.com.br\/isa\/store\/"},{"@type":"ListItem","position":3,"name":"Passa Fio Proaqua Super Com Alma A\u00e7o 20 Metros ( O Melhor)"}]},{"@type":"WebSite","@id":"https:\/\/www.isarodas.com.br\/isa\/#website","url":"https:\/\/www.isarodas.com.br\/isa\/","name":"Isarodas","description":"Ecommerce isarodas","publisher":{"@id":"https:\/\/www.isarodas.com.br\/isa\/#organization"},"potentialAction":[{"@type":"SearchAction","target":{"@type":"EntryPoint","urlTemplate":"https:\/\/www.isarodas.com.br\/isa\/?s={search_term_string}"},"query-input":"required name=search_term_string"}],"inLanguage":"pt-BR"},{"@type":"Organization","@id":"https:\/\/www.isarodas.com.br\/isa\/#organization","name":"Isarodas","url":"https:\/\/www.isarodas.com.br\/isa\/","logo":{"@type":"ImageObject","inLanguage":"pt-BR","@id":"https:\/\/www.isarodas.com.br\/isa\/#\/schema\/logo\/image\/","url":"https:\/\/www.isarodas.com.br\/isa\/wp-content\/uploads\/2024\/03\/cropped-lgs-1.png","contentUrl":"https:\/\/www.isarodas.com.br\/isa\/wp-content\/uploads\/2024\/03\/cropped-lgs-1.png","width":120,"height":119,"caption":"Isarodas"},"image":{"@id":"https:\/\/www.isarodas.com.br\/isa\/#\/schema\/logo\/image\/"},"sameAs":["https:\/\/www.facebook.com\/isarodasoficial\/","https:\/\/www.youtube.com\/@isarodas9312","https:\/\/www.instagram.com\/isarodasoficial\/"]}]}},"_links":{"self":[{"href":"https:\/\/www.isarodas.com.br\/isa\/wp-json\/wp\/v2\/product\/5148","targetHints":{"allow":["GET"]}}],"collection":[{"href":"https:\/\/www.isarodas.com.br\/isa\/wp-json\/wp\/v2\/product"}],"about":[{"href":"https:\/\/www.isarodas.com.br\/isa\/wp-json\/wp\/v2\/types\/product"}],"replies":[{"embeddable":true,"href":"https:\/\/www.isarodas.com.br\/isa\/wp-json\/wp\/v2\/comments?post=5148"}],"version-history":[{"count":1,"href":"https:\/\/www.isarodas.com.br\/isa\/wp-json\/wp\/v2\/product\/5148\/revisions"}],"predecessor-version":[{"id":5152,"href":"https:\/\/www.isarodas.com.br\/isa\/wp-json\/wp\/v2\/product\/5148\/revisions\/5152"}],"wp:featuredmedia":[{"embeddable":true,"href":"https:\/\/www.isarodas.com.br\/isa\/wp-json\/wp\/v2\/media\/5149"}],"wp:attachment":[{"href":"https:\/\/www.isarodas.com.br\/isa\/wp-json\/wp\/v2\/media?parent=5148"}],"wp:term":[{"taxonomy":"product_cat","embeddable":true,"href":"https:\/\/www.isarodas.com.br\/isa\/wp-json\/wp\/v2\/product_cat?post=5148"},{"taxonomy":"product_tag","embeddable":true,"href":"https:\/\/www.isarodas.com.br\/isa\/wp-json\/wp\/v2\/product_tag?post=5148"}],"curies":[{"name":"wp","href":"https:\/\/api.w.org\/{rel}","templated":true}]}}