{"id":5107,"date":"2024-04-10T11:29:06","date_gmt":"2024-04-10T14:29:06","guid":{"rendered":"https:\/\/www.isarodas.com.br\/isa\/?post_type=product&#038;p=5107"},"modified":"2024-04-10T11:29:06","modified_gmt":"2024-04-10T14:29:06","slug":"fluido-de-corte-quimatic-500-ml-n-11-tapmatic","status":"publish","type":"product","link":"https:\/\/www.isarodas.com.br\/isa\/store\/ferramentas\/lubrificantes\/fluido-de-corte-quimatic-500-ml-n-11-tapmatic\/","title":{"rendered":"Flu\u00eddo De Corte Quimatic 500 Ml N\u00b0 11 &#8211; Tapmatic"},"content":{"rendered":"<h2 class=\"ui-pdp-description__title\">Descri\u00e7\u00e3o<\/h2>\n<p class=\"ui-pdp-description__content\">O Flu\u00eddo de Corte Quimatic 500 ml N\u00b0 11 &#8211; Tapmatic pode ser utilizado em todas as opera\u00e7\u00f5es de usinagem inclusive em m\u00e1quinas operatrizes com \u00f3timo rendimento e baixo custo.<br \/>\nMais econ\u00f4mico e reduz o custo da opera\u00e7\u00e3o.<\/p>\n<p>&#8211; Ideal para corte de todos os metais. Para alum\u00ednio use QUIMATIC 2.<br \/>\n&#8211; Lubrifica e refrigera aumentando a vida \u00fatil da ferramenta e garantindo um \u00f3timo acabamento para a pe\u00e7a.<br \/>\n&#8211; Corte mais limpo e mais r\u00e1pido.<br \/>\n&#8211; N\u00e3o \u00e9 inflam\u00e1vel nem explosivo.<br \/>\n&#8211; N\u00e3o cont\u00e9m 111-tricloroetano nem tetracloreto de carbono.<br \/>\nFLUIDO P\/CORTE QUIMATIC N.11 500ML<br \/>\nFabricante: TAPMATIC<br \/>\nEstoque: SIM<\/p>\n","protected":false},"excerpt":{"rendered":"<p>Descri\u00e7\u00e3o O Flu\u00eddo de Corte Quimatic 500 ml N\u00b0 11 &#8211; Tapmatic pode ser utilizado em todas as opera\u00e7\u00f5es de usinagem inclusive em m\u00e1quinas operatrizes com \u00f3timo rendimento e baixo custo. Mais econ\u00f4mico e reduz o custo da opera\u00e7\u00e3o. &#8211; Ideal para corte de todos os metais. Para alum\u00ednio use QUIMATIC 2. &#8211; Lubrifica e [&hellip;]<\/p>\n","protected":false},"featured_media":5108,"comment_status":"open","ping_status":"closed","template":"","meta":{"_acf_changed":false,"site-sidebar-layout":"default","site-content-layout":"","ast-site-content-layout":"default","site-content-style":"default","site-sidebar-style":"default","ast-global-header-display":"","ast-banner-title-visibility":"","ast-main-header-display":"","ast-hfb-above-header-display":"","ast-hfb-below-header-display":"","ast-hfb-mobile-header-display":"","site-post-title":"","ast-breadcrumbs-content":"","ast-featured-img":"","footer-sml-layout":"","theme-transparent-header-meta":"default","adv-header-id-meta":"","stick-header-meta":"","header-above-stick-meta":"","header-main-stick-meta":"","header-below-stick-meta":"","astra-migrate-meta-layouts":"set","ast-page-background-enabled":"default","ast-page-background-meta":{"desktop":{"background-color":"","background-image":"","background-repeat":"repeat","background-position":"center center","background-size":"auto","background-attachment":"scroll","background-type":"","background-media":"","overlay-type":"","overlay-color":"","overlay-gradient":""},"tablet":{"background-color":"","background-image":"","background-repeat":"repeat","background-position":"center center","background-size":"auto","background-attachment":"scroll","background-type":"","background-media":"","overlay-type":"","overlay-color":"","overlay-gradient":""},"mobile":{"background-color":"","background-image":"","background-repeat":"repeat","background-position":"center center","background-size":"auto","background-attachment":"scroll","background-type":"","background-media":"","overlay-type":"","overlay-color":"","overlay-gradient":""}},"ast-content-background-meta":{"desktop":{"background-color":"var(--ast-global-color-5)","background-image":"","background-repeat":"repeat","background-position":"center center","background-size":"auto","background-attachment":"scroll","background-type":"","background-media":"","overlay-type":"","overlay-color":"","overlay-gradient":""},"tablet":{"background-color":"var(--ast-global-color-5)","background-image":"","background-repeat":"repeat","background-position":"center center","background-size":"auto","background-attachment":"scroll","background-type":"","background-media":"","overlay-type":"","overlay-color":"","overlay-gradient":""},"mobile":{"background-color":"var(--ast-global-color-5)","background-image":"","background-repeat":"repeat","background-position":"center center","background-size":"auto","background-attachment":"scroll","background-type":"","background-media":"","overlay-type":"","overlay-color":"","overlay-gradient":""}}},"product_cat":[62,92],"product_tag":[],"class_list":{"0":"post-5107","1":"product","2":"type-product","3":"status-publish","4":"has-post-thumbnail","6":"product_cat-ferramentas","7":"product_cat-lubrificantes","8":"desktop-align-left","9":"tablet-align-left","10":"mobile-align-left","12":"first","13":"instock","14":"sale","15":"shipping-taxable","16":"purchasable","17":"product-type-simple"},"acf":[],"yoast_head":"<!-- This site is optimized with the Yoast SEO plugin v22.3 - https:\/\/yoast.com\/wordpress\/plugins\/seo\/ -->\n<title>Flu\u00eddo De Corte Quimatic 500 Ml N\u00b0 11 - Tapmatic<\/title>\n<meta name=\"description\" content=\"Flu\u00eddo de Corte Quimatic 500 ml N\u00b0 11 - Tapmatic pode ser utilizado em todas as opera\u00e7\u00f5es de usinagem inclusive em m\u00e1quinas operatrizes com \u00f3timo rendimento e baixo custo.Mais econ\u00f4mico e reduz o custo da opera\u00e7\u00e3o.\" \/>\n<meta name=\"robots\" content=\"index, follow, max-snippet:-1, max-image-preview:large, max-video-preview:-1\" \/>\n<link rel=\"canonical\" href=\"https:\/\/www.isarodas.com.br\/isa\/store\/ferramentas\/lubrificantes\/fluido-de-corte-quimatic-500-ml-n-11-tapmatic\/\" \/>\n<meta property=\"og:locale\" content=\"pt_BR\" \/>\n<meta property=\"og:type\" content=\"article\" \/>\n<meta property=\"og:title\" content=\"Flu\u00eddo De Corte Quimatic 500 Ml N\u00b0 11 - Tapmatic\" \/>\n<meta property=\"og:description\" content=\"Flu\u00eddo de Corte Quimatic 500 ml N\u00b0 11 - Tapmatic pode ser utilizado em todas as opera\u00e7\u00f5es de usinagem inclusive em m\u00e1quinas operatrizes com \u00f3timo rendimento e baixo custo.Mais econ\u00f4mico e reduz o custo da opera\u00e7\u00e3o.\" \/>\n<meta property=\"og:url\" content=\"https:\/\/www.isarodas.com.br\/isa\/store\/ferramentas\/lubrificantes\/fluido-de-corte-quimatic-500-ml-n-11-tapmatic\/\" \/>\n<meta property=\"og:site_name\" content=\"Isarodas\" \/>\n<meta property=\"article:publisher\" content=\"https:\/\/www.facebook.com\/isarodasoficial\/\" \/>\n<meta property=\"og:image\" content=\"https:\/\/www.isarodas.com.br\/isa\/wp-content\/uploads\/2024\/04\/D_NQ_NP_2X_714394-MLB49366046905_032022-F.webp\" \/>\n\t<meta property=\"og:image:width\" content=\"458\" \/>\n\t<meta property=\"og:image:height\" content=\"774\" \/>\n\t<meta property=\"og:image:type\" content=\"image\/webp\" \/>\n<meta name=\"twitter:card\" content=\"summary_large_image\" \/>\n<meta name=\"twitter:label1\" content=\"Est. tempo de leitura\" \/>\n\t<meta name=\"twitter:data1\" content=\"1 minuto\" \/>\n<script type=\"application\/ld+json\" class=\"yoast-schema-graph\">{\"@context\":\"https:\/\/schema.org\",\"@graph\":[{\"@type\":\"WebPage\",\"@id\":\"https:\/\/www.isarodas.com.br\/isa\/store\/ferramentas\/lubrificantes\/fluido-de-corte-quimatic-500-ml-n-11-tapmatic\/\",\"url\":\"https:\/\/www.isarodas.com.br\/isa\/store\/ferramentas\/lubrificantes\/fluido-de-corte-quimatic-500-ml-n-11-tapmatic\/\",\"name\":\"Flu\u00eddo De Corte Quimatic 500 Ml N\u00b0 11 - Tapmatic\",\"isPartOf\":{\"@id\":\"https:\/\/www.isarodas.com.br\/isa\/#website\"},\"primaryImageOfPage\":{\"@id\":\"https:\/\/www.isarodas.com.br\/isa\/store\/ferramentas\/lubrificantes\/fluido-de-corte-quimatic-500-ml-n-11-tapmatic\/#primaryimage\"},\"image\":{\"@id\":\"https:\/\/www.isarodas.com.br\/isa\/store\/ferramentas\/lubrificantes\/fluido-de-corte-quimatic-500-ml-n-11-tapmatic\/#primaryimage\"},\"thumbnailUrl\":\"https:\/\/www.isarodas.com.br\/isa\/wp-content\/uploads\/2024\/04\/D_NQ_NP_2X_714394-MLB49366046905_032022-F.webp\",\"datePublished\":\"2024-04-10T14:29:06+00:00\",\"dateModified\":\"2024-04-10T14:29:06+00:00\",\"description\":\"Flu\u00eddo de Corte Quimatic 500 ml N\u00b0 11 - Tapmatic pode ser utilizado em todas as opera\u00e7\u00f5es de usinagem inclusive em m\u00e1quinas operatrizes com \u00f3timo rendimento e baixo custo.Mais econ\u00f4mico e reduz o custo da opera\u00e7\u00e3o.\",\"breadcrumb\":{\"@id\":\"https:\/\/www.isarodas.com.br\/isa\/store\/ferramentas\/lubrificantes\/fluido-de-corte-quimatic-500-ml-n-11-tapmatic\/#breadcrumb\"},\"inLanguage\":\"pt-BR\",\"potentialAction\":[{\"@type\":\"ReadAction\",\"target\":[\"https:\/\/www.isarodas.com.br\/isa\/store\/ferramentas\/lubrificantes\/fluido-de-corte-quimatic-500-ml-n-11-tapmatic\/\"]}]},{\"@type\":\"ImageObject\",\"inLanguage\":\"pt-BR\",\"@id\":\"https:\/\/www.isarodas.com.br\/isa\/store\/ferramentas\/lubrificantes\/fluido-de-corte-quimatic-500-ml-n-11-tapmatic\/#primaryimage\",\"url\":\"https:\/\/www.isarodas.com.br\/isa\/wp-content\/uploads\/2024\/04\/D_NQ_NP_2X_714394-MLB49366046905_032022-F.webp\",\"contentUrl\":\"https:\/\/www.isarodas.com.br\/isa\/wp-content\/uploads\/2024\/04\/D_NQ_NP_2X_714394-MLB49366046905_032022-F.webp\",\"width\":458,\"height\":774},{\"@type\":\"BreadcrumbList\",\"@id\":\"https:\/\/www.isarodas.com.br\/isa\/store\/ferramentas\/lubrificantes\/fluido-de-corte-quimatic-500-ml-n-11-tapmatic\/#breadcrumb\",\"itemListElement\":[{\"@type\":\"ListItem\",\"position\":1,\"name\":\"In\u00edcio\",\"item\":\"https:\/\/www.isarodas.com.br\/isa\/\"},{\"@type\":\"ListItem\",\"position\":2,\"name\":\"Store\",\"item\":\"https:\/\/www.isarodas.com.br\/isa\/store\/\"},{\"@type\":\"ListItem\",\"position\":3,\"name\":\"Flu\u00eddo De Corte Quimatic 500 Ml N\u00b0 11 &#8211; Tapmatic\"}]},{\"@type\":\"WebSite\",\"@id\":\"https:\/\/www.isarodas.com.br\/isa\/#website\",\"url\":\"https:\/\/www.isarodas.com.br\/isa\/\",\"name\":\"Isarodas\",\"description\":\"Ecommerce isarodas\",\"publisher\":{\"@id\":\"https:\/\/www.isarodas.com.br\/isa\/#organization\"},\"potentialAction\":[{\"@type\":\"SearchAction\",\"target\":{\"@type\":\"EntryPoint\",\"urlTemplate\":\"https:\/\/www.isarodas.com.br\/isa\/?s={search_term_string}\"},\"query-input\":\"required name=search_term_string\"}],\"inLanguage\":\"pt-BR\"},{\"@type\":\"Organization\",\"@id\":\"https:\/\/www.isarodas.com.br\/isa\/#organization\",\"name\":\"Isarodas\",\"url\":\"https:\/\/www.isarodas.com.br\/isa\/\",\"logo\":{\"@type\":\"ImageObject\",\"inLanguage\":\"pt-BR\",\"@id\":\"https:\/\/www.isarodas.com.br\/isa\/#\/schema\/logo\/image\/\",\"url\":\"https:\/\/www.isarodas.com.br\/isa\/wp-content\/uploads\/2024\/03\/cropped-lgs-1.png\",\"contentUrl\":\"https:\/\/www.isarodas.com.br\/isa\/wp-content\/uploads\/2024\/03\/cropped-lgs-1.png\",\"width\":120,\"height\":119,\"caption\":\"Isarodas\"},\"image\":{\"@id\":\"https:\/\/www.isarodas.com.br\/isa\/#\/schema\/logo\/image\/\"},\"sameAs\":[\"https:\/\/www.facebook.com\/isarodasoficial\/\",\"https:\/\/www.youtube.com\/@isarodas9312\",\"https:\/\/www.instagram.com\/isarodasoficial\/\"]}]}<\/script>\n<!-- \/ Yoast SEO plugin. -->","yoast_head_json":{"title":"Flu\u00eddo De Corte Quimatic 500 Ml N\u00b0 11 - Tapmatic","description":"Flu\u00eddo de Corte Quimatic 500 ml N\u00b0 11 - Tapmatic pode ser utilizado em todas as opera\u00e7\u00f5es de usinagem inclusive em m\u00e1quinas operatrizes com \u00f3timo rendimento e baixo custo.Mais econ\u00f4mico e reduz o custo da opera\u00e7\u00e3o.","robots":{"index":"index","follow":"follow","max-snippet":"max-snippet:-1","max-image-preview":"max-image-preview:large","max-video-preview":"max-video-preview:-1"},"canonical":"https:\/\/www.isarodas.com.br\/isa\/store\/ferramentas\/lubrificantes\/fluido-de-corte-quimatic-500-ml-n-11-tapmatic\/","og_locale":"pt_BR","og_type":"article","og_title":"Flu\u00eddo De Corte Quimatic 500 Ml N\u00b0 11 - Tapmatic","og_description":"Flu\u00eddo de Corte Quimatic 500 ml N\u00b0 11 - Tapmatic pode ser utilizado em todas as opera\u00e7\u00f5es de usinagem inclusive em m\u00e1quinas operatrizes com \u00f3timo rendimento e baixo custo.Mais econ\u00f4mico e reduz o custo da opera\u00e7\u00e3o.","og_url":"https:\/\/www.isarodas.com.br\/isa\/store\/ferramentas\/lubrificantes\/fluido-de-corte-quimatic-500-ml-n-11-tapmatic\/","og_site_name":"Isarodas","article_publisher":"https:\/\/www.facebook.com\/isarodasoficial\/","og_image":[{"width":458,"height":774,"url":"https:\/\/www.isarodas.com.br\/isa\/wp-content\/uploads\/2024\/04\/D_NQ_NP_2X_714394-MLB49366046905_032022-F.webp","type":"image\/webp"}],"twitter_card":"summary_large_image","twitter_misc":{"Est. tempo de leitura":"1 minuto"},"schema":{"@context":"https:\/\/schema.org","@graph":[{"@type":"WebPage","@id":"https:\/\/www.isarodas.com.br\/isa\/store\/ferramentas\/lubrificantes\/fluido-de-corte-quimatic-500-ml-n-11-tapmatic\/","url":"https:\/\/www.isarodas.com.br\/isa\/store\/ferramentas\/lubrificantes\/fluido-de-corte-quimatic-500-ml-n-11-tapmatic\/","name":"Flu\u00eddo De Corte Quimatic 500 Ml N\u00b0 11 - Tapmatic","isPartOf":{"@id":"https:\/\/www.isarodas.com.br\/isa\/#website"},"primaryImageOfPage":{"@id":"https:\/\/www.isarodas.com.br\/isa\/store\/ferramentas\/lubrificantes\/fluido-de-corte-quimatic-500-ml-n-11-tapmatic\/#primaryimage"},"image":{"@id":"https:\/\/www.isarodas.com.br\/isa\/store\/ferramentas\/lubrificantes\/fluido-de-corte-quimatic-500-ml-n-11-tapmatic\/#primaryimage"},"thumbnailUrl":"https:\/\/www.isarodas.com.br\/isa\/wp-content\/uploads\/2024\/04\/D_NQ_NP_2X_714394-MLB49366046905_032022-F.webp","datePublished":"2024-04-10T14:29:06+00:00","dateModified":"2024-04-10T14:29:06+00:00","description":"Flu\u00eddo de Corte Quimatic 500 ml N\u00b0 11 - Tapmatic pode ser utilizado em todas as opera\u00e7\u00f5es de usinagem inclusive em m\u00e1quinas operatrizes com \u00f3timo rendimento e baixo custo.Mais econ\u00f4mico e reduz o custo da opera\u00e7\u00e3o.","breadcrumb":{"@id":"https:\/\/www.isarodas.com.br\/isa\/store\/ferramentas\/lubrificantes\/fluido-de-corte-quimatic-500-ml-n-11-tapmatic\/#breadcrumb"},"inLanguage":"pt-BR","potentialAction":[{"@type":"ReadAction","target":["https:\/\/www.isarodas.com.br\/isa\/store\/ferramentas\/lubrificantes\/fluido-de-corte-quimatic-500-ml-n-11-tapmatic\/"]}]},{"@type":"ImageObject","inLanguage":"pt-BR","@id":"https:\/\/www.isarodas.com.br\/isa\/store\/ferramentas\/lubrificantes\/fluido-de-corte-quimatic-500-ml-n-11-tapmatic\/#primaryimage","url":"https:\/\/www.isarodas.com.br\/isa\/wp-content\/uploads\/2024\/04\/D_NQ_NP_2X_714394-MLB49366046905_032022-F.webp","contentUrl":"https:\/\/www.isarodas.com.br\/isa\/wp-content\/uploads\/2024\/04\/D_NQ_NP_2X_714394-MLB49366046905_032022-F.webp","width":458,"height":774},{"@type":"BreadcrumbList","@id":"https:\/\/www.isarodas.com.br\/isa\/store\/ferramentas\/lubrificantes\/fluido-de-corte-quimatic-500-ml-n-11-tapmatic\/#breadcrumb","itemListElement":[{"@type":"ListItem","position":1,"name":"In\u00edcio","item":"https:\/\/www.isarodas.com.br\/isa\/"},{"@type":"ListItem","position":2,"name":"Store","item":"https:\/\/www.isarodas.com.br\/isa\/store\/"},{"@type":"ListItem","position":3,"name":"Flu\u00eddo De Corte Quimatic 500 Ml N\u00b0 11 &#8211; Tapmatic"}]},{"@type":"WebSite","@id":"https:\/\/www.isarodas.com.br\/isa\/#website","url":"https:\/\/www.isarodas.com.br\/isa\/","name":"Isarodas","description":"Ecommerce isarodas","publisher":{"@id":"https:\/\/www.isarodas.com.br\/isa\/#organization"},"potentialAction":[{"@type":"SearchAction","target":{"@type":"EntryPoint","urlTemplate":"https:\/\/www.isarodas.com.br\/isa\/?s={search_term_string}"},"query-input":"required name=search_term_string"}],"inLanguage":"pt-BR"},{"@type":"Organization","@id":"https:\/\/www.isarodas.com.br\/isa\/#organization","name":"Isarodas","url":"https:\/\/www.isarodas.com.br\/isa\/","logo":{"@type":"ImageObject","inLanguage":"pt-BR","@id":"https:\/\/www.isarodas.com.br\/isa\/#\/schema\/logo\/image\/","url":"https:\/\/www.isarodas.com.br\/isa\/wp-content\/uploads\/2024\/03\/cropped-lgs-1.png","contentUrl":"https:\/\/www.isarodas.com.br\/isa\/wp-content\/uploads\/2024\/03\/cropped-lgs-1.png","width":120,"height":119,"caption":"Isarodas"},"image":{"@id":"https:\/\/www.isarodas.com.br\/isa\/#\/schema\/logo\/image\/"},"sameAs":["https:\/\/www.facebook.com\/isarodasoficial\/","https:\/\/www.youtube.com\/@isarodas9312","https:\/\/www.instagram.com\/isarodasoficial\/"]}]}},"_links":{"self":[{"href":"https:\/\/www.isarodas.com.br\/isa\/wp-json\/wp\/v2\/product\/5107","targetHints":{"allow":["GET"]}}],"collection":[{"href":"https:\/\/www.isarodas.com.br\/isa\/wp-json\/wp\/v2\/product"}],"about":[{"href":"https:\/\/www.isarodas.com.br\/isa\/wp-json\/wp\/v2\/types\/product"}],"replies":[{"embeddable":true,"href":"https:\/\/www.isarodas.com.br\/isa\/wp-json\/wp\/v2\/comments?post=5107"}],"version-history":[{"count":1,"href":"https:\/\/www.isarodas.com.br\/isa\/wp-json\/wp\/v2\/product\/5107\/revisions"}],"predecessor-version":[{"id":5109,"href":"https:\/\/www.isarodas.com.br\/isa\/wp-json\/wp\/v2\/product\/5107\/revisions\/5109"}],"wp:featuredmedia":[{"embeddable":true,"href":"https:\/\/www.isarodas.com.br\/isa\/wp-json\/wp\/v2\/media\/5108"}],"wp:attachment":[{"href":"https:\/\/www.isarodas.com.br\/isa\/wp-json\/wp\/v2\/media?parent=5107"}],"wp:term":[{"taxonomy":"product_cat","embeddable":true,"href":"https:\/\/www.isarodas.com.br\/isa\/wp-json\/wp\/v2\/product_cat?post=5107"},{"taxonomy":"product_tag","embeddable":true,"href":"https:\/\/www.isarodas.com.br\/isa\/wp-json\/wp\/v2\/product_tag?post=5107"}],"curies":[{"name":"wp","href":"https:\/\/api.w.org\/{rel}","templated":true}]}}