{"id":5012,"date":"2024-04-08T14:50:06","date_gmt":"2024-04-08T17:50:06","guid":{"rendered":"https:\/\/www.isarodas.com.br\/isa\/?post_type=product&#038;p=5012"},"modified":"2024-04-08T14:50:07","modified_gmt":"2024-04-08T17:50:07","slug":"pcf-fundo-convertedor-de-ferrugem-500ml-quimatic-tapmatic","status":"publish","type":"product","link":"https:\/\/www.isarodas.com.br\/isa\/store\/ferramentas\/pcf-fundo-convertedor-de-ferrugem-500ml-quimatic-tapmatic\/","title":{"rendered":"Pcf Fundo Convertedor De Ferrugem 500ml Quimatic Tapmatic"},"content":{"rendered":"<p>Pcf Fundo Convertedor De Ferrugem 500ml Quimatic Tapmatic<\/p>\n<p>&#8211; Dispensa a remo\u00e7\u00e3o pr\u00e9via de toda a ferrugem para a aplica\u00e7\u00e3o de revestimentos de acabamento.<br \/>\n&#8211; Minimiza o trabalho e o custo da remo\u00e7\u00e3o da ferrugem.<br \/>\n&#8211; A aplica\u00e7\u00e3o do PCF \u00e9 mais um meio de preven\u00e7\u00e3o para que n\u00e3o exista ferrugem por debaixo da pintura de acabamento realizada, impedindo que esta ferrugem se alastre por debaixo da pintura.<br \/>\nAplica\u00e7\u00e3o:<br \/>\nUtilizado em quaisquer superf\u00edcies com ferrugem para converte-l\u00e1 em um fundo para receber tinta de acabamento compat\u00edvel com o P.C.F. Entre os tipos de tinta mais utilizados, recomendamos o uso de esmalte sint\u00e9tico, tinta ep\u00f3xi e tinta PU. Entre outras aplica\u00e7\u00f5es, o P.C.F. pode ser utilizado em estruturas met\u00e1licas, port\u00f5es, escadas e cercas.<\/p>\n","protected":false},"excerpt":{"rendered":"<p>Pcf Fundo Convertedor De Ferrugem 500ml Quimatic Tapmatic &#8211; Dispensa a remo\u00e7\u00e3o pr\u00e9via de toda a ferrugem para a aplica\u00e7\u00e3o de revestimentos de acabamento. &#8211; Minimiza o trabalho e o custo da remo\u00e7\u00e3o da ferrugem. &#8211; A aplica\u00e7\u00e3o do PCF \u00e9 mais um meio de preven\u00e7\u00e3o para que n\u00e3o exista ferrugem por debaixo da pintura [&hellip;]<\/p>\n","protected":false},"featured_media":5014,"comment_status":"open","ping_status":"closed","template":"","meta":{"_acf_changed":false,"site-sidebar-layout":"default","site-content-layout":"","ast-site-content-layout":"default","site-content-style":"default","site-sidebar-style":"default","ast-global-header-display":"","ast-banner-title-visibility":"","ast-main-header-display":"","ast-hfb-above-header-display":"","ast-hfb-below-header-display":"","ast-hfb-mobile-header-display":"","site-post-title":"","ast-breadcrumbs-content":"","ast-featured-img":"","footer-sml-layout":"","theme-transparent-header-meta":"default","adv-header-id-meta":"","stick-header-meta":"","header-above-stick-meta":"","header-main-stick-meta":"","header-below-stick-meta":"","astra-migrate-meta-layouts":"set","ast-page-background-enabled":"default","ast-page-background-meta":{"desktop":{"background-color":"","background-image":"","background-repeat":"repeat","background-position":"center center","background-size":"auto","background-attachment":"scroll","background-type":"","background-media":"","overlay-type":"","overlay-color":"","overlay-gradient":""},"tablet":{"background-color":"","background-image":"","background-repeat":"repeat","background-position":"center center","background-size":"auto","background-attachment":"scroll","background-type":"","background-media":"","overlay-type":"","overlay-color":"","overlay-gradient":""},"mobile":{"background-color":"","background-image":"","background-repeat":"repeat","background-position":"center center","background-size":"auto","background-attachment":"scroll","background-type":"","background-media":"","overlay-type":"","overlay-color":"","overlay-gradient":""}},"ast-content-background-meta":{"desktop":{"background-color":"var(--ast-global-color-5)","background-image":"","background-repeat":"repeat","background-position":"center center","background-size":"auto","background-attachment":"scroll","background-type":"","background-media":"","overlay-type":"","overlay-color":"","overlay-gradient":""},"tablet":{"background-color":"var(--ast-global-color-5)","background-image":"","background-repeat":"repeat","background-position":"center center","background-size":"auto","background-attachment":"scroll","background-type":"","background-media":"","overlay-type":"","overlay-color":"","overlay-gradient":""},"mobile":{"background-color":"var(--ast-global-color-5)","background-image":"","background-repeat":"repeat","background-position":"center center","background-size":"auto","background-attachment":"scroll","background-type":"","background-media":"","overlay-type":"","overlay-color":"","overlay-gradient":""}}},"product_cat":[62,86],"product_tag":[],"class_list":{"0":"post-5012","1":"product","2":"type-product","3":"status-publish","4":"has-post-thumbnail","6":"product_cat-ferramentas","7":"product_cat-utilidades","8":"desktop-align-left","9":"tablet-align-left","10":"mobile-align-left","12":"first","13":"instock","14":"sale","15":"shipping-taxable","16":"purchasable","17":"product-type-simple"},"acf":[],"yoast_head":"<!-- This site is optimized with the Yoast SEO plugin v22.3 - https:\/\/yoast.com\/wordpress\/plugins\/seo\/ -->\n<title>Pcf Fundo Convertedor De Ferrugem 500ml Quimatic Tapmatic<\/title>\n<meta name=\"description\" content=\"Pcf Fundo Convertedor De Ferrugem 500ml Quimatic Tapmatic- Dispensa a remo\u00e7\u00e3o pr\u00e9via de toda a ferrugem para a aplica\u00e7\u00e3o de revestimentos de acabamento.\" \/>\n<meta name=\"robots\" content=\"index, follow, max-snippet:-1, max-image-preview:large, max-video-preview:-1\" \/>\n<link rel=\"canonical\" href=\"https:\/\/www.isarodas.com.br\/isa\/store\/ferramentas\/pcf-fundo-convertedor-de-ferrugem-500ml-quimatic-tapmatic\/\" \/>\n<meta property=\"og:locale\" content=\"pt_BR\" \/>\n<meta property=\"og:type\" content=\"article\" \/>\n<meta property=\"og:title\" content=\"Pcf Fundo Convertedor De Ferrugem 500ml Quimatic Tapmatic\" \/>\n<meta property=\"og:description\" content=\"Pcf Fundo Convertedor De Ferrugem 500ml Quimatic Tapmatic- Dispensa a remo\u00e7\u00e3o pr\u00e9via de toda a ferrugem para a aplica\u00e7\u00e3o de revestimentos de acabamento.\" \/>\n<meta property=\"og:url\" content=\"https:\/\/www.isarodas.com.br\/isa\/store\/ferramentas\/pcf-fundo-convertedor-de-ferrugem-500ml-quimatic-tapmatic\/\" \/>\n<meta property=\"og:site_name\" content=\"Isarodas\" \/>\n<meta property=\"article:publisher\" content=\"https:\/\/www.facebook.com\/isarodasoficial\/\" \/>\n<meta property=\"article:modified_time\" content=\"2024-04-08T17:50:07+00:00\" \/>\n<meta property=\"og:image\" content=\"https:\/\/www.isarodas.com.br\/isa\/wp-content\/uploads\/2024\/04\/D_NQ_NP_2X_953389-MLB31296975713_072019-F.webp\" \/>\n\t<meta property=\"og:image:width\" content=\"1000\" \/>\n\t<meta property=\"og:image:height\" content=\"1000\" \/>\n\t<meta property=\"og:image:type\" content=\"image\/webp\" \/>\n<meta name=\"twitter:card\" content=\"summary_large_image\" \/>\n<meta name=\"twitter:label1\" content=\"Est. tempo de leitura\" \/>\n\t<meta name=\"twitter:data1\" content=\"1 minuto\" \/>\n<script type=\"application\/ld+json\" class=\"yoast-schema-graph\">{\"@context\":\"https:\/\/schema.org\",\"@graph\":[{\"@type\":\"WebPage\",\"@id\":\"https:\/\/www.isarodas.com.br\/isa\/store\/ferramentas\/pcf-fundo-convertedor-de-ferrugem-500ml-quimatic-tapmatic\/\",\"url\":\"https:\/\/www.isarodas.com.br\/isa\/store\/ferramentas\/pcf-fundo-convertedor-de-ferrugem-500ml-quimatic-tapmatic\/\",\"name\":\"Pcf Fundo Convertedor De Ferrugem 500ml Quimatic Tapmatic\",\"isPartOf\":{\"@id\":\"https:\/\/www.isarodas.com.br\/isa\/#website\"},\"primaryImageOfPage\":{\"@id\":\"https:\/\/www.isarodas.com.br\/isa\/store\/ferramentas\/pcf-fundo-convertedor-de-ferrugem-500ml-quimatic-tapmatic\/#primaryimage\"},\"image\":{\"@id\":\"https:\/\/www.isarodas.com.br\/isa\/store\/ferramentas\/pcf-fundo-convertedor-de-ferrugem-500ml-quimatic-tapmatic\/#primaryimage\"},\"thumbnailUrl\":\"https:\/\/www.isarodas.com.br\/isa\/wp-content\/uploads\/2024\/04\/D_NQ_NP_2X_953389-MLB31296975713_072019-F.webp\",\"datePublished\":\"2024-04-08T17:50:06+00:00\",\"dateModified\":\"2024-04-08T17:50:07+00:00\",\"description\":\"Pcf Fundo Convertedor De Ferrugem 500ml Quimatic Tapmatic- Dispensa a remo\u00e7\u00e3o pr\u00e9via de toda a ferrugem para a aplica\u00e7\u00e3o de revestimentos de acabamento.\",\"breadcrumb\":{\"@id\":\"https:\/\/www.isarodas.com.br\/isa\/store\/ferramentas\/pcf-fundo-convertedor-de-ferrugem-500ml-quimatic-tapmatic\/#breadcrumb\"},\"inLanguage\":\"pt-BR\",\"potentialAction\":[{\"@type\":\"ReadAction\",\"target\":[\"https:\/\/www.isarodas.com.br\/isa\/store\/ferramentas\/pcf-fundo-convertedor-de-ferrugem-500ml-quimatic-tapmatic\/\"]}]},{\"@type\":\"ImageObject\",\"inLanguage\":\"pt-BR\",\"@id\":\"https:\/\/www.isarodas.com.br\/isa\/store\/ferramentas\/pcf-fundo-convertedor-de-ferrugem-500ml-quimatic-tapmatic\/#primaryimage\",\"url\":\"https:\/\/www.isarodas.com.br\/isa\/wp-content\/uploads\/2024\/04\/D_NQ_NP_2X_953389-MLB31296975713_072019-F.webp\",\"contentUrl\":\"https:\/\/www.isarodas.com.br\/isa\/wp-content\/uploads\/2024\/04\/D_NQ_NP_2X_953389-MLB31296975713_072019-F.webp\",\"width\":1000,\"height\":1000},{\"@type\":\"BreadcrumbList\",\"@id\":\"https:\/\/www.isarodas.com.br\/isa\/store\/ferramentas\/pcf-fundo-convertedor-de-ferrugem-500ml-quimatic-tapmatic\/#breadcrumb\",\"itemListElement\":[{\"@type\":\"ListItem\",\"position\":1,\"name\":\"In\u00edcio\",\"item\":\"https:\/\/www.isarodas.com.br\/isa\/\"},{\"@type\":\"ListItem\",\"position\":2,\"name\":\"Store\",\"item\":\"https:\/\/www.isarodas.com.br\/isa\/store\/\"},{\"@type\":\"ListItem\",\"position\":3,\"name\":\"Pcf Fundo Convertedor De Ferrugem 500ml Quimatic Tapmatic\"}]},{\"@type\":\"WebSite\",\"@id\":\"https:\/\/www.isarodas.com.br\/isa\/#website\",\"url\":\"https:\/\/www.isarodas.com.br\/isa\/\",\"name\":\"Isarodas\",\"description\":\"Ecommerce isarodas\",\"publisher\":{\"@id\":\"https:\/\/www.isarodas.com.br\/isa\/#organization\"},\"potentialAction\":[{\"@type\":\"SearchAction\",\"target\":{\"@type\":\"EntryPoint\",\"urlTemplate\":\"https:\/\/www.isarodas.com.br\/isa\/?s={search_term_string}\"},\"query-input\":\"required name=search_term_string\"}],\"inLanguage\":\"pt-BR\"},{\"@type\":\"Organization\",\"@id\":\"https:\/\/www.isarodas.com.br\/isa\/#organization\",\"name\":\"Isarodas\",\"url\":\"https:\/\/www.isarodas.com.br\/isa\/\",\"logo\":{\"@type\":\"ImageObject\",\"inLanguage\":\"pt-BR\",\"@id\":\"https:\/\/www.isarodas.com.br\/isa\/#\/schema\/logo\/image\/\",\"url\":\"https:\/\/www.isarodas.com.br\/isa\/wp-content\/uploads\/2024\/03\/cropped-lgs-1.png\",\"contentUrl\":\"https:\/\/www.isarodas.com.br\/isa\/wp-content\/uploads\/2024\/03\/cropped-lgs-1.png\",\"width\":120,\"height\":119,\"caption\":\"Isarodas\"},\"image\":{\"@id\":\"https:\/\/www.isarodas.com.br\/isa\/#\/schema\/logo\/image\/\"},\"sameAs\":[\"https:\/\/www.facebook.com\/isarodasoficial\/\",\"https:\/\/www.youtube.com\/@isarodas9312\",\"https:\/\/www.instagram.com\/isarodasoficial\/\"]}]}<\/script>\n<!-- \/ Yoast SEO plugin. -->","yoast_head_json":{"title":"Pcf Fundo Convertedor De Ferrugem 500ml Quimatic Tapmatic","description":"Pcf Fundo Convertedor De Ferrugem 500ml Quimatic Tapmatic- Dispensa a remo\u00e7\u00e3o pr\u00e9via de toda a ferrugem para a aplica\u00e7\u00e3o de revestimentos de acabamento.","robots":{"index":"index","follow":"follow","max-snippet":"max-snippet:-1","max-image-preview":"max-image-preview:large","max-video-preview":"max-video-preview:-1"},"canonical":"https:\/\/www.isarodas.com.br\/isa\/store\/ferramentas\/pcf-fundo-convertedor-de-ferrugem-500ml-quimatic-tapmatic\/","og_locale":"pt_BR","og_type":"article","og_title":"Pcf Fundo Convertedor De Ferrugem 500ml Quimatic Tapmatic","og_description":"Pcf Fundo Convertedor De Ferrugem 500ml Quimatic Tapmatic- Dispensa a remo\u00e7\u00e3o pr\u00e9via de toda a ferrugem para a aplica\u00e7\u00e3o de revestimentos de acabamento.","og_url":"https:\/\/www.isarodas.com.br\/isa\/store\/ferramentas\/pcf-fundo-convertedor-de-ferrugem-500ml-quimatic-tapmatic\/","og_site_name":"Isarodas","article_publisher":"https:\/\/www.facebook.com\/isarodasoficial\/","article_modified_time":"2024-04-08T17:50:07+00:00","og_image":[{"width":1000,"height":1000,"url":"https:\/\/www.isarodas.com.br\/isa\/wp-content\/uploads\/2024\/04\/D_NQ_NP_2X_953389-MLB31296975713_072019-F.webp","type":"image\/webp"}],"twitter_card":"summary_large_image","twitter_misc":{"Est. tempo de leitura":"1 minuto"},"schema":{"@context":"https:\/\/schema.org","@graph":[{"@type":"WebPage","@id":"https:\/\/www.isarodas.com.br\/isa\/store\/ferramentas\/pcf-fundo-convertedor-de-ferrugem-500ml-quimatic-tapmatic\/","url":"https:\/\/www.isarodas.com.br\/isa\/store\/ferramentas\/pcf-fundo-convertedor-de-ferrugem-500ml-quimatic-tapmatic\/","name":"Pcf Fundo Convertedor De Ferrugem 500ml Quimatic Tapmatic","isPartOf":{"@id":"https:\/\/www.isarodas.com.br\/isa\/#website"},"primaryImageOfPage":{"@id":"https:\/\/www.isarodas.com.br\/isa\/store\/ferramentas\/pcf-fundo-convertedor-de-ferrugem-500ml-quimatic-tapmatic\/#primaryimage"},"image":{"@id":"https:\/\/www.isarodas.com.br\/isa\/store\/ferramentas\/pcf-fundo-convertedor-de-ferrugem-500ml-quimatic-tapmatic\/#primaryimage"},"thumbnailUrl":"https:\/\/www.isarodas.com.br\/isa\/wp-content\/uploads\/2024\/04\/D_NQ_NP_2X_953389-MLB31296975713_072019-F.webp","datePublished":"2024-04-08T17:50:06+00:00","dateModified":"2024-04-08T17:50:07+00:00","description":"Pcf Fundo Convertedor De Ferrugem 500ml Quimatic Tapmatic- Dispensa a remo\u00e7\u00e3o pr\u00e9via de toda a ferrugem para a aplica\u00e7\u00e3o de revestimentos de acabamento.","breadcrumb":{"@id":"https:\/\/www.isarodas.com.br\/isa\/store\/ferramentas\/pcf-fundo-convertedor-de-ferrugem-500ml-quimatic-tapmatic\/#breadcrumb"},"inLanguage":"pt-BR","potentialAction":[{"@type":"ReadAction","target":["https:\/\/www.isarodas.com.br\/isa\/store\/ferramentas\/pcf-fundo-convertedor-de-ferrugem-500ml-quimatic-tapmatic\/"]}]},{"@type":"ImageObject","inLanguage":"pt-BR","@id":"https:\/\/www.isarodas.com.br\/isa\/store\/ferramentas\/pcf-fundo-convertedor-de-ferrugem-500ml-quimatic-tapmatic\/#primaryimage","url":"https:\/\/www.isarodas.com.br\/isa\/wp-content\/uploads\/2024\/04\/D_NQ_NP_2X_953389-MLB31296975713_072019-F.webp","contentUrl":"https:\/\/www.isarodas.com.br\/isa\/wp-content\/uploads\/2024\/04\/D_NQ_NP_2X_953389-MLB31296975713_072019-F.webp","width":1000,"height":1000},{"@type":"BreadcrumbList","@id":"https:\/\/www.isarodas.com.br\/isa\/store\/ferramentas\/pcf-fundo-convertedor-de-ferrugem-500ml-quimatic-tapmatic\/#breadcrumb","itemListElement":[{"@type":"ListItem","position":1,"name":"In\u00edcio","item":"https:\/\/www.isarodas.com.br\/isa\/"},{"@type":"ListItem","position":2,"name":"Store","item":"https:\/\/www.isarodas.com.br\/isa\/store\/"},{"@type":"ListItem","position":3,"name":"Pcf Fundo Convertedor De Ferrugem 500ml Quimatic Tapmatic"}]},{"@type":"WebSite","@id":"https:\/\/www.isarodas.com.br\/isa\/#website","url":"https:\/\/www.isarodas.com.br\/isa\/","name":"Isarodas","description":"Ecommerce isarodas","publisher":{"@id":"https:\/\/www.isarodas.com.br\/isa\/#organization"},"potentialAction":[{"@type":"SearchAction","target":{"@type":"EntryPoint","urlTemplate":"https:\/\/www.isarodas.com.br\/isa\/?s={search_term_string}"},"query-input":"required name=search_term_string"}],"inLanguage":"pt-BR"},{"@type":"Organization","@id":"https:\/\/www.isarodas.com.br\/isa\/#organization","name":"Isarodas","url":"https:\/\/www.isarodas.com.br\/isa\/","logo":{"@type":"ImageObject","inLanguage":"pt-BR","@id":"https:\/\/www.isarodas.com.br\/isa\/#\/schema\/logo\/image\/","url":"https:\/\/www.isarodas.com.br\/isa\/wp-content\/uploads\/2024\/03\/cropped-lgs-1.png","contentUrl":"https:\/\/www.isarodas.com.br\/isa\/wp-content\/uploads\/2024\/03\/cropped-lgs-1.png","width":120,"height":119,"caption":"Isarodas"},"image":{"@id":"https:\/\/www.isarodas.com.br\/isa\/#\/schema\/logo\/image\/"},"sameAs":["https:\/\/www.facebook.com\/isarodasoficial\/","https:\/\/www.youtube.com\/@isarodas9312","https:\/\/www.instagram.com\/isarodasoficial\/"]}]}},"_links":{"self":[{"href":"https:\/\/www.isarodas.com.br\/isa\/wp-json\/wp\/v2\/product\/5012","targetHints":{"allow":["GET"]}}],"collection":[{"href":"https:\/\/www.isarodas.com.br\/isa\/wp-json\/wp\/v2\/product"}],"about":[{"href":"https:\/\/www.isarodas.com.br\/isa\/wp-json\/wp\/v2\/types\/product"}],"replies":[{"embeddable":true,"href":"https:\/\/www.isarodas.com.br\/isa\/wp-json\/wp\/v2\/comments?post=5012"}],"version-history":[{"count":1,"href":"https:\/\/www.isarodas.com.br\/isa\/wp-json\/wp\/v2\/product\/5012\/revisions"}],"predecessor-version":[{"id":5015,"href":"https:\/\/www.isarodas.com.br\/isa\/wp-json\/wp\/v2\/product\/5012\/revisions\/5015"}],"wp:featuredmedia":[{"embeddable":true,"href":"https:\/\/www.isarodas.com.br\/isa\/wp-json\/wp\/v2\/media\/5014"}],"wp:attachment":[{"href":"https:\/\/www.isarodas.com.br\/isa\/wp-json\/wp\/v2\/media?parent=5012"}],"wp:term":[{"taxonomy":"product_cat","embeddable":true,"href":"https:\/\/www.isarodas.com.br\/isa\/wp-json\/wp\/v2\/product_cat?post=5012"},{"taxonomy":"product_tag","embeddable":true,"href":"https:\/\/www.isarodas.com.br\/isa\/wp-json\/wp\/v2\/product_tag?post=5012"}],"curies":[{"name":"wp","href":"https:\/\/api.w.org\/{rel}","templated":true}]}}