{"id":4899,"date":"2024-04-06T17:32:54","date_gmt":"2024-04-06T20:32:54","guid":{"rendered":"https:\/\/www.isarodas.com.br\/isa\/?post_type=product&#038;p=4899"},"modified":"2024-04-06T17:32:54","modified_gmt":"2024-04-06T20:32:54","slug":"fluxo-p-solda-trincal-em-po-latao-bronze-cobre-250g","status":"publish","type":"product","link":"https:\/\/www.isarodas.com.br\/isa\/store\/ferramentas\/lubrificantes\/fluxo-p-solda-trincal-em-po-latao-bronze-cobre-250g\/","title":{"rendered":"Fluxo P\/ Solda Trincal Em P\u00f3 Lat\u00e3o Bronze Cobre 250g"},"content":{"rendered":"<p>O Fluxo para Solda Trincal em P\u00f3 \u00e9 uma subst\u00e2ncia essencial para processos de soldagem em metais como lat\u00e3o, bronze e cobre. Esta f\u00f3rmula em p\u00f3 foi especialmente desenvolvida para preparar a superf\u00edcie do metal, removendo impurezas e oxida\u00e7\u00e3o, e promovendo uma soldagem mais eficaz e dur\u00e1vel.<\/p>\n<p>Com uma embalagem conveniente de 250g, o Fluxo para Solda Trincal em P\u00f3 oferece uma quantidade adequada para uma variedade de projetos de soldagem, tanto para profissionais quanto para entusiastas de bricolagem. Sua composi\u00e7\u00e3o de alta qualidade ajuda a garantir uma junta soldada forte e confi\u00e1vel, reduzindo o risco de falhas ou trincas.<\/p>\n<p>Este fluxo \u00e9 especialmente recomendado para soldagem de metais n\u00e3o ferrosos, proporcionando uma aplica\u00e7\u00e3o f\u00e1cil e resultados consistentes. Adquira o Fluxo para Solda Trincal em P\u00f3 e eleve a qualidade e a durabilidade de suas soldas em metais como lat\u00e3o, bronze e cobre<\/p>\n","protected":false},"excerpt":{"rendered":"<p>O Fluxo para Solda Trincal em P\u00f3 \u00e9 uma subst\u00e2ncia essencial para processos de soldagem em metais como lat\u00e3o, bronze e cobre. Esta f\u00f3rmula em p\u00f3 foi especialmente desenvolvida para preparar a superf\u00edcie do metal, removendo impurezas e oxida\u00e7\u00e3o, e promovendo uma soldagem mais eficaz e dur\u00e1vel. Com uma embalagem conveniente de 250g, o Fluxo [&hellip;]<\/p>\n","protected":false},"featured_media":4900,"comment_status":"open","ping_status":"closed","template":"","meta":{"_acf_changed":false,"site-sidebar-layout":"default","site-content-layout":"","ast-site-content-layout":"default","site-content-style":"default","site-sidebar-style":"default","ast-global-header-display":"","ast-banner-title-visibility":"","ast-main-header-display":"","ast-hfb-above-header-display":"","ast-hfb-below-header-display":"","ast-hfb-mobile-header-display":"","site-post-title":"","ast-breadcrumbs-content":"","ast-featured-img":"","footer-sml-layout":"","theme-transparent-header-meta":"default","adv-header-id-meta":"","stick-header-meta":"","header-above-stick-meta":"","header-main-stick-meta":"","header-below-stick-meta":"","astra-migrate-meta-layouts":"set","ast-page-background-enabled":"default","ast-page-background-meta":{"desktop":{"background-color":"","background-image":"","background-repeat":"repeat","background-position":"center center","background-size":"auto","background-attachment":"scroll","background-type":"","background-media":"","overlay-type":"","overlay-color":"","overlay-gradient":""},"tablet":{"background-color":"","background-image":"","background-repeat":"repeat","background-position":"center center","background-size":"auto","background-attachment":"scroll","background-type":"","background-media":"","overlay-type":"","overlay-color":"","overlay-gradient":""},"mobile":{"background-color":"","background-image":"","background-repeat":"repeat","background-position":"center center","background-size":"auto","background-attachment":"scroll","background-type":"","background-media":"","overlay-type":"","overlay-color":"","overlay-gradient":""}},"ast-content-background-meta":{"desktop":{"background-color":"var(--ast-global-color-5)","background-image":"","background-repeat":"repeat","background-position":"center center","background-size":"auto","background-attachment":"scroll","background-type":"","background-media":"","overlay-type":"","overlay-color":"","overlay-gradient":""},"tablet":{"background-color":"var(--ast-global-color-5)","background-image":"","background-repeat":"repeat","background-position":"center center","background-size":"auto","background-attachment":"scroll","background-type":"","background-media":"","overlay-type":"","overlay-color":"","overlay-gradient":""},"mobile":{"background-color":"var(--ast-global-color-5)","background-image":"","background-repeat":"repeat","background-position":"center center","background-size":"auto","background-attachment":"scroll","background-type":"","background-media":"","overlay-type":"","overlay-color":"","overlay-gradient":""}}},"product_cat":[90,92],"product_tag":[],"class_list":{"0":"post-4899","1":"product","2":"type-product","3":"status-publish","4":"has-post-thumbnail","6":"product_cat-ferragens","7":"product_cat-lubrificantes","8":"desktop-align-left","9":"tablet-align-left","10":"mobile-align-left","12":"first","13":"instock","14":"sale","15":"shipping-taxable","16":"purchasable","17":"product-type-simple"},"acf":[],"yoast_head":"<!-- This site is optimized with the Yoast SEO plugin v22.3 - https:\/\/yoast.com\/wordpress\/plugins\/seo\/ -->\n<title>Fluxo P\/ Solda Trincal Em P\u00f3 Lat\u00e3o Bronze Cobre 250g<\/title>\n<meta name=\"description\" content=\"Fluxo para Solda Trincal em P\u00f3 \u00e9 uma subst\u00e2ncia essencial para processos de soldagem em metais como lat\u00e3o, bronze e cobre. Esta f\u00f3rmula em p\u00f3 foi especialmente desenvolvida para preparar a superf\u00edcie do metal, removendo impurezas e oxida\u00e7\u00e3o, e promovendo uma soldagem mais eficaz e dur\u00e1vel.\" \/>\n<meta name=\"robots\" content=\"index, follow, max-snippet:-1, max-image-preview:large, max-video-preview:-1\" \/>\n<link rel=\"canonical\" href=\"https:\/\/www.isarodas.com.br\/isa\/store\/ferramentas\/lubrificantes\/fluxo-p-solda-trincal-em-po-latao-bronze-cobre-250g\/\" \/>\n<meta property=\"og:locale\" content=\"pt_BR\" \/>\n<meta property=\"og:type\" content=\"article\" \/>\n<meta property=\"og:title\" content=\"Fluxo P\/ Solda Trincal Em P\u00f3 Lat\u00e3o Bronze Cobre 250g\" \/>\n<meta property=\"og:description\" content=\"Fluxo para Solda Trincal em P\u00f3 \u00e9 uma subst\u00e2ncia essencial para processos de soldagem em metais como lat\u00e3o, bronze e cobre. Esta f\u00f3rmula em p\u00f3 foi especialmente desenvolvida para preparar a superf\u00edcie do metal, removendo impurezas e oxida\u00e7\u00e3o, e promovendo uma soldagem mais eficaz e dur\u00e1vel.\" \/>\n<meta property=\"og:url\" content=\"https:\/\/www.isarodas.com.br\/isa\/store\/ferramentas\/lubrificantes\/fluxo-p-solda-trincal-em-po-latao-bronze-cobre-250g\/\" \/>\n<meta property=\"og:site_name\" content=\"Isarodas\" \/>\n<meta property=\"article:publisher\" content=\"https:\/\/www.facebook.com\/isarodasoficial\/\" \/>\n<meta property=\"og:image\" content=\"https:\/\/www.isarodas.com.br\/isa\/wp-content\/uploads\/2024\/04\/D_NQ_NP_2X_645287-MLB47004564254_082021-F.webp\" \/>\n\t<meta property=\"og:image:width\" content=\"432\" \/>\n\t<meta property=\"og:image:height\" content=\"600\" \/>\n\t<meta property=\"og:image:type\" content=\"image\/webp\" \/>\n<meta name=\"twitter:card\" content=\"summary_large_image\" \/>\n<meta name=\"twitter:label1\" content=\"Est. tempo de leitura\" \/>\n\t<meta name=\"twitter:data1\" content=\"1 minuto\" \/>\n<script type=\"application\/ld+json\" class=\"yoast-schema-graph\">{\"@context\":\"https:\/\/schema.org\",\"@graph\":[{\"@type\":\"WebPage\",\"@id\":\"https:\/\/www.isarodas.com.br\/isa\/store\/ferramentas\/lubrificantes\/fluxo-p-solda-trincal-em-po-latao-bronze-cobre-250g\/\",\"url\":\"https:\/\/www.isarodas.com.br\/isa\/store\/ferramentas\/lubrificantes\/fluxo-p-solda-trincal-em-po-latao-bronze-cobre-250g\/\",\"name\":\"Fluxo P\/ Solda Trincal Em P\u00f3 Lat\u00e3o Bronze Cobre 250g\",\"isPartOf\":{\"@id\":\"https:\/\/www.isarodas.com.br\/isa\/#website\"},\"primaryImageOfPage\":{\"@id\":\"https:\/\/www.isarodas.com.br\/isa\/store\/ferramentas\/lubrificantes\/fluxo-p-solda-trincal-em-po-latao-bronze-cobre-250g\/#primaryimage\"},\"image\":{\"@id\":\"https:\/\/www.isarodas.com.br\/isa\/store\/ferramentas\/lubrificantes\/fluxo-p-solda-trincal-em-po-latao-bronze-cobre-250g\/#primaryimage\"},\"thumbnailUrl\":\"https:\/\/www.isarodas.com.br\/isa\/wp-content\/uploads\/2024\/04\/D_NQ_NP_2X_645287-MLB47004564254_082021-F.webp\",\"datePublished\":\"2024-04-06T20:32:54+00:00\",\"dateModified\":\"2024-04-06T20:32:54+00:00\",\"description\":\"Fluxo para Solda Trincal em P\u00f3 \u00e9 uma subst\u00e2ncia essencial para processos de soldagem em metais como lat\u00e3o, bronze e cobre. Esta f\u00f3rmula em p\u00f3 foi especialmente desenvolvida para preparar a superf\u00edcie do metal, removendo impurezas e oxida\u00e7\u00e3o, e promovendo uma soldagem mais eficaz e dur\u00e1vel.\",\"breadcrumb\":{\"@id\":\"https:\/\/www.isarodas.com.br\/isa\/store\/ferramentas\/lubrificantes\/fluxo-p-solda-trincal-em-po-latao-bronze-cobre-250g\/#breadcrumb\"},\"inLanguage\":\"pt-BR\",\"potentialAction\":[{\"@type\":\"ReadAction\",\"target\":[\"https:\/\/www.isarodas.com.br\/isa\/store\/ferramentas\/lubrificantes\/fluxo-p-solda-trincal-em-po-latao-bronze-cobre-250g\/\"]}]},{\"@type\":\"ImageObject\",\"inLanguage\":\"pt-BR\",\"@id\":\"https:\/\/www.isarodas.com.br\/isa\/store\/ferramentas\/lubrificantes\/fluxo-p-solda-trincal-em-po-latao-bronze-cobre-250g\/#primaryimage\",\"url\":\"https:\/\/www.isarodas.com.br\/isa\/wp-content\/uploads\/2024\/04\/D_NQ_NP_2X_645287-MLB47004564254_082021-F.webp\",\"contentUrl\":\"https:\/\/www.isarodas.com.br\/isa\/wp-content\/uploads\/2024\/04\/D_NQ_NP_2X_645287-MLB47004564254_082021-F.webp\",\"width\":432,\"height\":600},{\"@type\":\"BreadcrumbList\",\"@id\":\"https:\/\/www.isarodas.com.br\/isa\/store\/ferramentas\/lubrificantes\/fluxo-p-solda-trincal-em-po-latao-bronze-cobre-250g\/#breadcrumb\",\"itemListElement\":[{\"@type\":\"ListItem\",\"position\":1,\"name\":\"In\u00edcio\",\"item\":\"https:\/\/www.isarodas.com.br\/isa\/\"},{\"@type\":\"ListItem\",\"position\":2,\"name\":\"Store\",\"item\":\"https:\/\/www.isarodas.com.br\/isa\/store\/\"},{\"@type\":\"ListItem\",\"position\":3,\"name\":\"Fluxo P\/ Solda Trincal Em P\u00f3 Lat\u00e3o Bronze Cobre 250g\"}]},{\"@type\":\"WebSite\",\"@id\":\"https:\/\/www.isarodas.com.br\/isa\/#website\",\"url\":\"https:\/\/www.isarodas.com.br\/isa\/\",\"name\":\"Isarodas\",\"description\":\"Ecommerce isarodas\",\"publisher\":{\"@id\":\"https:\/\/www.isarodas.com.br\/isa\/#organization\"},\"potentialAction\":[{\"@type\":\"SearchAction\",\"target\":{\"@type\":\"EntryPoint\",\"urlTemplate\":\"https:\/\/www.isarodas.com.br\/isa\/?s={search_term_string}\"},\"query-input\":\"required name=search_term_string\"}],\"inLanguage\":\"pt-BR\"},{\"@type\":\"Organization\",\"@id\":\"https:\/\/www.isarodas.com.br\/isa\/#organization\",\"name\":\"Isarodas\",\"url\":\"https:\/\/www.isarodas.com.br\/isa\/\",\"logo\":{\"@type\":\"ImageObject\",\"inLanguage\":\"pt-BR\",\"@id\":\"https:\/\/www.isarodas.com.br\/isa\/#\/schema\/logo\/image\/\",\"url\":\"https:\/\/www.isarodas.com.br\/isa\/wp-content\/uploads\/2024\/03\/cropped-lgs-1.png\",\"contentUrl\":\"https:\/\/www.isarodas.com.br\/isa\/wp-content\/uploads\/2024\/03\/cropped-lgs-1.png\",\"width\":120,\"height\":119,\"caption\":\"Isarodas\"},\"image\":{\"@id\":\"https:\/\/www.isarodas.com.br\/isa\/#\/schema\/logo\/image\/\"},\"sameAs\":[\"https:\/\/www.facebook.com\/isarodasoficial\/\",\"https:\/\/www.youtube.com\/@isarodas9312\",\"https:\/\/www.instagram.com\/isarodasoficial\/\"]}]}<\/script>\n<!-- \/ Yoast SEO plugin. -->","yoast_head_json":{"title":"Fluxo P\/ Solda Trincal Em P\u00f3 Lat\u00e3o Bronze Cobre 250g","description":"Fluxo para Solda Trincal em P\u00f3 \u00e9 uma subst\u00e2ncia essencial para processos de soldagem em metais como lat\u00e3o, bronze e cobre. Esta f\u00f3rmula em p\u00f3 foi especialmente desenvolvida para preparar a superf\u00edcie do metal, removendo impurezas e oxida\u00e7\u00e3o, e promovendo uma soldagem mais eficaz e dur\u00e1vel.","robots":{"index":"index","follow":"follow","max-snippet":"max-snippet:-1","max-image-preview":"max-image-preview:large","max-video-preview":"max-video-preview:-1"},"canonical":"https:\/\/www.isarodas.com.br\/isa\/store\/ferramentas\/lubrificantes\/fluxo-p-solda-trincal-em-po-latao-bronze-cobre-250g\/","og_locale":"pt_BR","og_type":"article","og_title":"Fluxo P\/ Solda Trincal Em P\u00f3 Lat\u00e3o Bronze Cobre 250g","og_description":"Fluxo para Solda Trincal em P\u00f3 \u00e9 uma subst\u00e2ncia essencial para processos de soldagem em metais como lat\u00e3o, bronze e cobre. Esta f\u00f3rmula em p\u00f3 foi especialmente desenvolvida para preparar a superf\u00edcie do metal, removendo impurezas e oxida\u00e7\u00e3o, e promovendo uma soldagem mais eficaz e dur\u00e1vel.","og_url":"https:\/\/www.isarodas.com.br\/isa\/store\/ferramentas\/lubrificantes\/fluxo-p-solda-trincal-em-po-latao-bronze-cobre-250g\/","og_site_name":"Isarodas","article_publisher":"https:\/\/www.facebook.com\/isarodasoficial\/","og_image":[{"width":432,"height":600,"url":"https:\/\/www.isarodas.com.br\/isa\/wp-content\/uploads\/2024\/04\/D_NQ_NP_2X_645287-MLB47004564254_082021-F.webp","type":"image\/webp"}],"twitter_card":"summary_large_image","twitter_misc":{"Est. tempo de leitura":"1 minuto"},"schema":{"@context":"https:\/\/schema.org","@graph":[{"@type":"WebPage","@id":"https:\/\/www.isarodas.com.br\/isa\/store\/ferramentas\/lubrificantes\/fluxo-p-solda-trincal-em-po-latao-bronze-cobre-250g\/","url":"https:\/\/www.isarodas.com.br\/isa\/store\/ferramentas\/lubrificantes\/fluxo-p-solda-trincal-em-po-latao-bronze-cobre-250g\/","name":"Fluxo P\/ Solda Trincal Em P\u00f3 Lat\u00e3o Bronze Cobre 250g","isPartOf":{"@id":"https:\/\/www.isarodas.com.br\/isa\/#website"},"primaryImageOfPage":{"@id":"https:\/\/www.isarodas.com.br\/isa\/store\/ferramentas\/lubrificantes\/fluxo-p-solda-trincal-em-po-latao-bronze-cobre-250g\/#primaryimage"},"image":{"@id":"https:\/\/www.isarodas.com.br\/isa\/store\/ferramentas\/lubrificantes\/fluxo-p-solda-trincal-em-po-latao-bronze-cobre-250g\/#primaryimage"},"thumbnailUrl":"https:\/\/www.isarodas.com.br\/isa\/wp-content\/uploads\/2024\/04\/D_NQ_NP_2X_645287-MLB47004564254_082021-F.webp","datePublished":"2024-04-06T20:32:54+00:00","dateModified":"2024-04-06T20:32:54+00:00","description":"Fluxo para Solda Trincal em P\u00f3 \u00e9 uma subst\u00e2ncia essencial para processos de soldagem em metais como lat\u00e3o, bronze e cobre. Esta f\u00f3rmula em p\u00f3 foi especialmente desenvolvida para preparar a superf\u00edcie do metal, removendo impurezas e oxida\u00e7\u00e3o, e promovendo uma soldagem mais eficaz e dur\u00e1vel.","breadcrumb":{"@id":"https:\/\/www.isarodas.com.br\/isa\/store\/ferramentas\/lubrificantes\/fluxo-p-solda-trincal-em-po-latao-bronze-cobre-250g\/#breadcrumb"},"inLanguage":"pt-BR","potentialAction":[{"@type":"ReadAction","target":["https:\/\/www.isarodas.com.br\/isa\/store\/ferramentas\/lubrificantes\/fluxo-p-solda-trincal-em-po-latao-bronze-cobre-250g\/"]}]},{"@type":"ImageObject","inLanguage":"pt-BR","@id":"https:\/\/www.isarodas.com.br\/isa\/store\/ferramentas\/lubrificantes\/fluxo-p-solda-trincal-em-po-latao-bronze-cobre-250g\/#primaryimage","url":"https:\/\/www.isarodas.com.br\/isa\/wp-content\/uploads\/2024\/04\/D_NQ_NP_2X_645287-MLB47004564254_082021-F.webp","contentUrl":"https:\/\/www.isarodas.com.br\/isa\/wp-content\/uploads\/2024\/04\/D_NQ_NP_2X_645287-MLB47004564254_082021-F.webp","width":432,"height":600},{"@type":"BreadcrumbList","@id":"https:\/\/www.isarodas.com.br\/isa\/store\/ferramentas\/lubrificantes\/fluxo-p-solda-trincal-em-po-latao-bronze-cobre-250g\/#breadcrumb","itemListElement":[{"@type":"ListItem","position":1,"name":"In\u00edcio","item":"https:\/\/www.isarodas.com.br\/isa\/"},{"@type":"ListItem","position":2,"name":"Store","item":"https:\/\/www.isarodas.com.br\/isa\/store\/"},{"@type":"ListItem","position":3,"name":"Fluxo P\/ Solda Trincal Em P\u00f3 Lat\u00e3o Bronze Cobre 250g"}]},{"@type":"WebSite","@id":"https:\/\/www.isarodas.com.br\/isa\/#website","url":"https:\/\/www.isarodas.com.br\/isa\/","name":"Isarodas","description":"Ecommerce isarodas","publisher":{"@id":"https:\/\/www.isarodas.com.br\/isa\/#organization"},"potentialAction":[{"@type":"SearchAction","target":{"@type":"EntryPoint","urlTemplate":"https:\/\/www.isarodas.com.br\/isa\/?s={search_term_string}"},"query-input":"required name=search_term_string"}],"inLanguage":"pt-BR"},{"@type":"Organization","@id":"https:\/\/www.isarodas.com.br\/isa\/#organization","name":"Isarodas","url":"https:\/\/www.isarodas.com.br\/isa\/","logo":{"@type":"ImageObject","inLanguage":"pt-BR","@id":"https:\/\/www.isarodas.com.br\/isa\/#\/schema\/logo\/image\/","url":"https:\/\/www.isarodas.com.br\/isa\/wp-content\/uploads\/2024\/03\/cropped-lgs-1.png","contentUrl":"https:\/\/www.isarodas.com.br\/isa\/wp-content\/uploads\/2024\/03\/cropped-lgs-1.png","width":120,"height":119,"caption":"Isarodas"},"image":{"@id":"https:\/\/www.isarodas.com.br\/isa\/#\/schema\/logo\/image\/"},"sameAs":["https:\/\/www.facebook.com\/isarodasoficial\/","https:\/\/www.youtube.com\/@isarodas9312","https:\/\/www.instagram.com\/isarodasoficial\/"]}]}},"_links":{"self":[{"href":"https:\/\/www.isarodas.com.br\/isa\/wp-json\/wp\/v2\/product\/4899","targetHints":{"allow":["GET"]}}],"collection":[{"href":"https:\/\/www.isarodas.com.br\/isa\/wp-json\/wp\/v2\/product"}],"about":[{"href":"https:\/\/www.isarodas.com.br\/isa\/wp-json\/wp\/v2\/types\/product"}],"replies":[{"embeddable":true,"href":"https:\/\/www.isarodas.com.br\/isa\/wp-json\/wp\/v2\/comments?post=4899"}],"version-history":[{"count":1,"href":"https:\/\/www.isarodas.com.br\/isa\/wp-json\/wp\/v2\/product\/4899\/revisions"}],"predecessor-version":[{"id":4901,"href":"https:\/\/www.isarodas.com.br\/isa\/wp-json\/wp\/v2\/product\/4899\/revisions\/4901"}],"wp:featuredmedia":[{"embeddable":true,"href":"https:\/\/www.isarodas.com.br\/isa\/wp-json\/wp\/v2\/media\/4900"}],"wp:attachment":[{"href":"https:\/\/www.isarodas.com.br\/isa\/wp-json\/wp\/v2\/media?parent=4899"}],"wp:term":[{"taxonomy":"product_cat","embeddable":true,"href":"https:\/\/www.isarodas.com.br\/isa\/wp-json\/wp\/v2\/product_cat?post=4899"},{"taxonomy":"product_tag","embeddable":true,"href":"https:\/\/www.isarodas.com.br\/isa\/wp-json\/wp\/v2\/product_tag?post=4899"}],"curies":[{"name":"wp","href":"https:\/\/api.w.org\/{rel}","templated":true}]}}