{"id":4838,"date":"2024-04-06T15:59:15","date_gmt":"2024-04-06T18:59:15","guid":{"rendered":"https:\/\/www.isarodas.com.br\/isa\/?post_type=product&#038;p=4838"},"modified":"2024-04-06T15:59:15","modified_gmt":"2024-04-06T18:59:15","slug":"adaptador-conversor-de-rosca-fina-para-gas-botijao-p2-externa-x-p13-interna","status":"publish","type":"product","link":"https:\/\/www.isarodas.com.br\/isa\/store\/utilidades\/adaptador-conversor-de-rosca-fina-para-gas-botijao-p2-externa-x-p13-interna\/","title":{"rendered":"Adaptador Conversor De Rosca fina para gas botij\u00e3o P2 Externa X P13 Interna"},"content":{"rendered":"<p>O Adaptador Conversor de Rosca para G\u00e1s, com conex\u00e3o P2 Externa e P13 Interna, \u00e9 um dispositivo essencial para adaptar diferentes tipos de conex\u00f5es de g\u00e1s em aparelhos dom\u00e9sticos ou industriais. Este adaptador permite a convers\u00e3o de uma conex\u00e3o de rosca P2 externa (normalmente encontrada em mangueiras de g\u00e1s) para uma conex\u00e3o de rosca P13 interna (comumente utilizada em v\u00e1lvulas de botij\u00e3o de g\u00e1s).<\/p>\n<p>Com esse adaptador, voc\u00ea pode facilmente conectar uma mangueira de g\u00e1s com rosca P2 a um botij\u00e3o de g\u00e1s com uma v\u00e1lvula de rosca P13, garantindo uma conex\u00e3o segura e compat\u00edvel. \u00c9 especialmente \u00fatil em situa\u00e7\u00f5es onde voc\u00ea precisa utilizar equipamentos que t\u00eam diferentes tipos de conex\u00f5es de g\u00e1s, proporcionando conveni\u00eancia e versatilidade em diversas aplica\u00e7\u00f5es dom\u00e9sticas ou industriais.<\/p>\n","protected":false},"excerpt":{"rendered":"<p>O Adaptador Conversor de Rosca para G\u00e1s, com conex\u00e3o P2 Externa e P13 Interna, \u00e9 um dispositivo essencial para adaptar diferentes tipos de conex\u00f5es de g\u00e1s em aparelhos dom\u00e9sticos ou industriais. Este adaptador permite a convers\u00e3o de uma conex\u00e3o de rosca P2 externa (normalmente encontrada em mangueiras de g\u00e1s) para uma conex\u00e3o de rosca P13 [&hellip;]<\/p>\n","protected":false},"featured_media":4839,"comment_status":"open","ping_status":"closed","template":"","meta":{"_acf_changed":false,"site-sidebar-layout":"default","site-content-layout":"","ast-site-content-layout":"default","site-content-style":"default","site-sidebar-style":"default","ast-global-header-display":"","ast-banner-title-visibility":"","ast-main-header-display":"","ast-hfb-above-header-display":"","ast-hfb-below-header-display":"","ast-hfb-mobile-header-display":"","site-post-title":"","ast-breadcrumbs-content":"","ast-featured-img":"","footer-sml-layout":"","theme-transparent-header-meta":"default","adv-header-id-meta":"","stick-header-meta":"","header-above-stick-meta":"","header-main-stick-meta":"","header-below-stick-meta":"","astra-migrate-meta-layouts":"set","ast-page-background-enabled":"default","ast-page-background-meta":{"desktop":{"background-color":"","background-image":"","background-repeat":"repeat","background-position":"center center","background-size":"auto","background-attachment":"scroll","background-type":"","background-media":"","overlay-type":"","overlay-color":"","overlay-gradient":""},"tablet":{"background-color":"","background-image":"","background-repeat":"repeat","background-position":"center center","background-size":"auto","background-attachment":"scroll","background-type":"","background-media":"","overlay-type":"","overlay-color":"","overlay-gradient":""},"mobile":{"background-color":"","background-image":"","background-repeat":"repeat","background-position":"center center","background-size":"auto","background-attachment":"scroll","background-type":"","background-media":"","overlay-type":"","overlay-color":"","overlay-gradient":""}},"ast-content-background-meta":{"desktop":{"background-color":"var(--ast-global-color-5)","background-image":"","background-repeat":"repeat","background-position":"center center","background-size":"auto","background-attachment":"scroll","background-type":"","background-media":"","overlay-type":"","overlay-color":"","overlay-gradient":""},"tablet":{"background-color":"var(--ast-global-color-5)","background-image":"","background-repeat":"repeat","background-position":"center center","background-size":"auto","background-attachment":"scroll","background-type":"","background-media":"","overlay-type":"","overlay-color":"","overlay-gradient":""},"mobile":{"background-color":"var(--ast-global-color-5)","background-image":"","background-repeat":"repeat","background-position":"center center","background-size":"auto","background-attachment":"scroll","background-type":"","background-media":"","overlay-type":"","overlay-color":"","overlay-gradient":""}}},"product_cat":[86],"product_tag":[],"class_list":{"0":"post-4838","1":"product","2":"type-product","3":"status-publish","4":"has-post-thumbnail","6":"product_cat-utilidades","7":"desktop-align-left","8":"tablet-align-left","9":"mobile-align-left","11":"first","12":"instock","13":"sale","14":"shipping-taxable","15":"purchasable","16":"product-type-simple"},"acf":[],"yoast_head":"<!-- This site is optimized with the Yoast SEO plugin v22.3 - https:\/\/yoast.com\/wordpress\/plugins\/seo\/ -->\n<title>Adaptador Conversor De Rosca fina para gas botij\u00e3o P2 Externa X P13 Interna<\/title>\n<meta name=\"description\" content=\"Adquira o Adaptador Conversor de Rosca para G\u00e1s, com conex\u00e3o P2 Externa e P13 Interna, para uma convers\u00e3o segura e conveniente de diferentes tipos de conex\u00f5es de g\u00e1s. Ideal para uso dom\u00e9stico ou industrial, garantindo compatibilidade entre mangueiras e botij\u00f5es de g\u00e1s. Compre agora e simplifique suas instala\u00e7\u00f5es de g\u00e1s com facilidade e seguran\u00e7a.\" \/>\n<meta name=\"robots\" content=\"index, follow, max-snippet:-1, max-image-preview:large, max-video-preview:-1\" \/>\n<link rel=\"canonical\" href=\"https:\/\/www.isarodas.com.br\/isa\/store\/utilidades\/adaptador-conversor-de-rosca-fina-para-gas-botijao-p2-externa-x-p13-interna\/\" \/>\n<meta property=\"og:locale\" content=\"pt_BR\" \/>\n<meta property=\"og:type\" content=\"article\" \/>\n<meta property=\"og:title\" content=\"Adaptador Conversor De Rosca fina para gas botij\u00e3o P2 Externa X P13 Interna\" \/>\n<meta property=\"og:description\" content=\"Adquira o Adaptador Conversor de Rosca para G\u00e1s, com conex\u00e3o P2 Externa e P13 Interna, para uma convers\u00e3o segura e conveniente de diferentes tipos de conex\u00f5es de g\u00e1s. Ideal para uso dom\u00e9stico ou industrial, garantindo compatibilidade entre mangueiras e botij\u00f5es de g\u00e1s. Compre agora e simplifique suas instala\u00e7\u00f5es de g\u00e1s com facilidade e seguran\u00e7a.\" \/>\n<meta property=\"og:url\" content=\"https:\/\/www.isarodas.com.br\/isa\/store\/utilidades\/adaptador-conversor-de-rosca-fina-para-gas-botijao-p2-externa-x-p13-interna\/\" \/>\n<meta property=\"og:site_name\" content=\"Isarodas\" \/>\n<meta property=\"article:publisher\" content=\"https:\/\/www.facebook.com\/isarodasoficial\/\" \/>\n<meta property=\"og:image\" content=\"https:\/\/www.isarodas.com.br\/isa\/wp-content\/uploads\/2024\/04\/D_NQ_NP_978059-MLB40729786303_022020-O.webp\" \/>\n\t<meta property=\"og:image:width\" content=\"500\" \/>\n\t<meta property=\"og:image:height\" content=\"459\" \/>\n\t<meta property=\"og:image:type\" content=\"image\/webp\" \/>\n<meta name=\"twitter:card\" content=\"summary_large_image\" \/>\n<meta name=\"twitter:label1\" content=\"Est. tempo de leitura\" \/>\n\t<meta name=\"twitter:data1\" content=\"1 minuto\" \/>\n<script type=\"application\/ld+json\" class=\"yoast-schema-graph\">{\"@context\":\"https:\/\/schema.org\",\"@graph\":[{\"@type\":\"WebPage\",\"@id\":\"https:\/\/www.isarodas.com.br\/isa\/store\/utilidades\/adaptador-conversor-de-rosca-fina-para-gas-botijao-p2-externa-x-p13-interna\/\",\"url\":\"https:\/\/www.isarodas.com.br\/isa\/store\/utilidades\/adaptador-conversor-de-rosca-fina-para-gas-botijao-p2-externa-x-p13-interna\/\",\"name\":\"Adaptador Conversor De Rosca fina para gas botij\u00e3o P2 Externa X P13 Interna\",\"isPartOf\":{\"@id\":\"https:\/\/www.isarodas.com.br\/isa\/#website\"},\"primaryImageOfPage\":{\"@id\":\"https:\/\/www.isarodas.com.br\/isa\/store\/utilidades\/adaptador-conversor-de-rosca-fina-para-gas-botijao-p2-externa-x-p13-interna\/#primaryimage\"},\"image\":{\"@id\":\"https:\/\/www.isarodas.com.br\/isa\/store\/utilidades\/adaptador-conversor-de-rosca-fina-para-gas-botijao-p2-externa-x-p13-interna\/#primaryimage\"},\"thumbnailUrl\":\"https:\/\/www.isarodas.com.br\/isa\/wp-content\/uploads\/2024\/04\/D_NQ_NP_978059-MLB40729786303_022020-O.webp\",\"datePublished\":\"2024-04-06T18:59:15+00:00\",\"dateModified\":\"2024-04-06T18:59:15+00:00\",\"description\":\"Adquira o Adaptador Conversor de Rosca para G\u00e1s, com conex\u00e3o P2 Externa e P13 Interna, para uma convers\u00e3o segura e conveniente de diferentes tipos de conex\u00f5es de g\u00e1s. Ideal para uso dom\u00e9stico ou industrial, garantindo compatibilidade entre mangueiras e botij\u00f5es de g\u00e1s. Compre agora e simplifique suas instala\u00e7\u00f5es de g\u00e1s com facilidade e seguran\u00e7a.\",\"breadcrumb\":{\"@id\":\"https:\/\/www.isarodas.com.br\/isa\/store\/utilidades\/adaptador-conversor-de-rosca-fina-para-gas-botijao-p2-externa-x-p13-interna\/#breadcrumb\"},\"inLanguage\":\"pt-BR\",\"potentialAction\":[{\"@type\":\"ReadAction\",\"target\":[\"https:\/\/www.isarodas.com.br\/isa\/store\/utilidades\/adaptador-conversor-de-rosca-fina-para-gas-botijao-p2-externa-x-p13-interna\/\"]}]},{\"@type\":\"ImageObject\",\"inLanguage\":\"pt-BR\",\"@id\":\"https:\/\/www.isarodas.com.br\/isa\/store\/utilidades\/adaptador-conversor-de-rosca-fina-para-gas-botijao-p2-externa-x-p13-interna\/#primaryimage\",\"url\":\"https:\/\/www.isarodas.com.br\/isa\/wp-content\/uploads\/2024\/04\/D_NQ_NP_978059-MLB40729786303_022020-O.webp\",\"contentUrl\":\"https:\/\/www.isarodas.com.br\/isa\/wp-content\/uploads\/2024\/04\/D_NQ_NP_978059-MLB40729786303_022020-O.webp\",\"width\":500,\"height\":459},{\"@type\":\"BreadcrumbList\",\"@id\":\"https:\/\/www.isarodas.com.br\/isa\/store\/utilidades\/adaptador-conversor-de-rosca-fina-para-gas-botijao-p2-externa-x-p13-interna\/#breadcrumb\",\"itemListElement\":[{\"@type\":\"ListItem\",\"position\":1,\"name\":\"In\u00edcio\",\"item\":\"https:\/\/www.isarodas.com.br\/isa\/\"},{\"@type\":\"ListItem\",\"position\":2,\"name\":\"Store\",\"item\":\"https:\/\/www.isarodas.com.br\/isa\/store\/\"},{\"@type\":\"ListItem\",\"position\":3,\"name\":\"Adaptador Conversor De Rosca fina para gas botij\u00e3o P2 Externa X P13 Interna\"}]},{\"@type\":\"WebSite\",\"@id\":\"https:\/\/www.isarodas.com.br\/isa\/#website\",\"url\":\"https:\/\/www.isarodas.com.br\/isa\/\",\"name\":\"Isarodas\",\"description\":\"Ecommerce isarodas\",\"publisher\":{\"@id\":\"https:\/\/www.isarodas.com.br\/isa\/#organization\"},\"potentialAction\":[{\"@type\":\"SearchAction\",\"target\":{\"@type\":\"EntryPoint\",\"urlTemplate\":\"https:\/\/www.isarodas.com.br\/isa\/?s={search_term_string}\"},\"query-input\":\"required name=search_term_string\"}],\"inLanguage\":\"pt-BR\"},{\"@type\":\"Organization\",\"@id\":\"https:\/\/www.isarodas.com.br\/isa\/#organization\",\"name\":\"Isarodas\",\"url\":\"https:\/\/www.isarodas.com.br\/isa\/\",\"logo\":{\"@type\":\"ImageObject\",\"inLanguage\":\"pt-BR\",\"@id\":\"https:\/\/www.isarodas.com.br\/isa\/#\/schema\/logo\/image\/\",\"url\":\"https:\/\/www.isarodas.com.br\/isa\/wp-content\/uploads\/2024\/03\/cropped-lgs-1.png\",\"contentUrl\":\"https:\/\/www.isarodas.com.br\/isa\/wp-content\/uploads\/2024\/03\/cropped-lgs-1.png\",\"width\":120,\"height\":119,\"caption\":\"Isarodas\"},\"image\":{\"@id\":\"https:\/\/www.isarodas.com.br\/isa\/#\/schema\/logo\/image\/\"},\"sameAs\":[\"https:\/\/www.facebook.com\/isarodasoficial\/\",\"https:\/\/www.youtube.com\/@isarodas9312\",\"https:\/\/www.instagram.com\/isarodasoficial\/\"]}]}<\/script>\n<!-- \/ Yoast SEO plugin. -->","yoast_head_json":{"title":"Adaptador Conversor De Rosca fina para gas botij\u00e3o P2 Externa X P13 Interna","description":"Adquira o Adaptador Conversor de Rosca para G\u00e1s, com conex\u00e3o P2 Externa e P13 Interna, para uma convers\u00e3o segura e conveniente de diferentes tipos de conex\u00f5es de g\u00e1s. Ideal para uso dom\u00e9stico ou industrial, garantindo compatibilidade entre mangueiras e botij\u00f5es de g\u00e1s. Compre agora e simplifique suas instala\u00e7\u00f5es de g\u00e1s com facilidade e seguran\u00e7a.","robots":{"index":"index","follow":"follow","max-snippet":"max-snippet:-1","max-image-preview":"max-image-preview:large","max-video-preview":"max-video-preview:-1"},"canonical":"https:\/\/www.isarodas.com.br\/isa\/store\/utilidades\/adaptador-conversor-de-rosca-fina-para-gas-botijao-p2-externa-x-p13-interna\/","og_locale":"pt_BR","og_type":"article","og_title":"Adaptador Conversor De Rosca fina para gas botij\u00e3o P2 Externa X P13 Interna","og_description":"Adquira o Adaptador Conversor de Rosca para G\u00e1s, com conex\u00e3o P2 Externa e P13 Interna, para uma convers\u00e3o segura e conveniente de diferentes tipos de conex\u00f5es de g\u00e1s. Ideal para uso dom\u00e9stico ou industrial, garantindo compatibilidade entre mangueiras e botij\u00f5es de g\u00e1s. Compre agora e simplifique suas instala\u00e7\u00f5es de g\u00e1s com facilidade e seguran\u00e7a.","og_url":"https:\/\/www.isarodas.com.br\/isa\/store\/utilidades\/adaptador-conversor-de-rosca-fina-para-gas-botijao-p2-externa-x-p13-interna\/","og_site_name":"Isarodas","article_publisher":"https:\/\/www.facebook.com\/isarodasoficial\/","og_image":[{"width":500,"height":459,"url":"https:\/\/www.isarodas.com.br\/isa\/wp-content\/uploads\/2024\/04\/D_NQ_NP_978059-MLB40729786303_022020-O.webp","type":"image\/webp"}],"twitter_card":"summary_large_image","twitter_misc":{"Est. tempo de leitura":"1 minuto"},"schema":{"@context":"https:\/\/schema.org","@graph":[{"@type":"WebPage","@id":"https:\/\/www.isarodas.com.br\/isa\/store\/utilidades\/adaptador-conversor-de-rosca-fina-para-gas-botijao-p2-externa-x-p13-interna\/","url":"https:\/\/www.isarodas.com.br\/isa\/store\/utilidades\/adaptador-conversor-de-rosca-fina-para-gas-botijao-p2-externa-x-p13-interna\/","name":"Adaptador Conversor De Rosca fina para gas botij\u00e3o P2 Externa X P13 Interna","isPartOf":{"@id":"https:\/\/www.isarodas.com.br\/isa\/#website"},"primaryImageOfPage":{"@id":"https:\/\/www.isarodas.com.br\/isa\/store\/utilidades\/adaptador-conversor-de-rosca-fina-para-gas-botijao-p2-externa-x-p13-interna\/#primaryimage"},"image":{"@id":"https:\/\/www.isarodas.com.br\/isa\/store\/utilidades\/adaptador-conversor-de-rosca-fina-para-gas-botijao-p2-externa-x-p13-interna\/#primaryimage"},"thumbnailUrl":"https:\/\/www.isarodas.com.br\/isa\/wp-content\/uploads\/2024\/04\/D_NQ_NP_978059-MLB40729786303_022020-O.webp","datePublished":"2024-04-06T18:59:15+00:00","dateModified":"2024-04-06T18:59:15+00:00","description":"Adquira o Adaptador Conversor de Rosca para G\u00e1s, com conex\u00e3o P2 Externa e P13 Interna, para uma convers\u00e3o segura e conveniente de diferentes tipos de conex\u00f5es de g\u00e1s. Ideal para uso dom\u00e9stico ou industrial, garantindo compatibilidade entre mangueiras e botij\u00f5es de g\u00e1s. Compre agora e simplifique suas instala\u00e7\u00f5es de g\u00e1s com facilidade e seguran\u00e7a.","breadcrumb":{"@id":"https:\/\/www.isarodas.com.br\/isa\/store\/utilidades\/adaptador-conversor-de-rosca-fina-para-gas-botijao-p2-externa-x-p13-interna\/#breadcrumb"},"inLanguage":"pt-BR","potentialAction":[{"@type":"ReadAction","target":["https:\/\/www.isarodas.com.br\/isa\/store\/utilidades\/adaptador-conversor-de-rosca-fina-para-gas-botijao-p2-externa-x-p13-interna\/"]}]},{"@type":"ImageObject","inLanguage":"pt-BR","@id":"https:\/\/www.isarodas.com.br\/isa\/store\/utilidades\/adaptador-conversor-de-rosca-fina-para-gas-botijao-p2-externa-x-p13-interna\/#primaryimage","url":"https:\/\/www.isarodas.com.br\/isa\/wp-content\/uploads\/2024\/04\/D_NQ_NP_978059-MLB40729786303_022020-O.webp","contentUrl":"https:\/\/www.isarodas.com.br\/isa\/wp-content\/uploads\/2024\/04\/D_NQ_NP_978059-MLB40729786303_022020-O.webp","width":500,"height":459},{"@type":"BreadcrumbList","@id":"https:\/\/www.isarodas.com.br\/isa\/store\/utilidades\/adaptador-conversor-de-rosca-fina-para-gas-botijao-p2-externa-x-p13-interna\/#breadcrumb","itemListElement":[{"@type":"ListItem","position":1,"name":"In\u00edcio","item":"https:\/\/www.isarodas.com.br\/isa\/"},{"@type":"ListItem","position":2,"name":"Store","item":"https:\/\/www.isarodas.com.br\/isa\/store\/"},{"@type":"ListItem","position":3,"name":"Adaptador Conversor De Rosca fina para gas botij\u00e3o P2 Externa X P13 Interna"}]},{"@type":"WebSite","@id":"https:\/\/www.isarodas.com.br\/isa\/#website","url":"https:\/\/www.isarodas.com.br\/isa\/","name":"Isarodas","description":"Ecommerce isarodas","publisher":{"@id":"https:\/\/www.isarodas.com.br\/isa\/#organization"},"potentialAction":[{"@type":"SearchAction","target":{"@type":"EntryPoint","urlTemplate":"https:\/\/www.isarodas.com.br\/isa\/?s={search_term_string}"},"query-input":"required name=search_term_string"}],"inLanguage":"pt-BR"},{"@type":"Organization","@id":"https:\/\/www.isarodas.com.br\/isa\/#organization","name":"Isarodas","url":"https:\/\/www.isarodas.com.br\/isa\/","logo":{"@type":"ImageObject","inLanguage":"pt-BR","@id":"https:\/\/www.isarodas.com.br\/isa\/#\/schema\/logo\/image\/","url":"https:\/\/www.isarodas.com.br\/isa\/wp-content\/uploads\/2024\/03\/cropped-lgs-1.png","contentUrl":"https:\/\/www.isarodas.com.br\/isa\/wp-content\/uploads\/2024\/03\/cropped-lgs-1.png","width":120,"height":119,"caption":"Isarodas"},"image":{"@id":"https:\/\/www.isarodas.com.br\/isa\/#\/schema\/logo\/image\/"},"sameAs":["https:\/\/www.facebook.com\/isarodasoficial\/","https:\/\/www.youtube.com\/@isarodas9312","https:\/\/www.instagram.com\/isarodasoficial\/"]}]}},"_links":{"self":[{"href":"https:\/\/www.isarodas.com.br\/isa\/wp-json\/wp\/v2\/product\/4838","targetHints":{"allow":["GET"]}}],"collection":[{"href":"https:\/\/www.isarodas.com.br\/isa\/wp-json\/wp\/v2\/product"}],"about":[{"href":"https:\/\/www.isarodas.com.br\/isa\/wp-json\/wp\/v2\/types\/product"}],"replies":[{"embeddable":true,"href":"https:\/\/www.isarodas.com.br\/isa\/wp-json\/wp\/v2\/comments?post=4838"}],"version-history":[{"count":1,"href":"https:\/\/www.isarodas.com.br\/isa\/wp-json\/wp\/v2\/product\/4838\/revisions"}],"predecessor-version":[{"id":4840,"href":"https:\/\/www.isarodas.com.br\/isa\/wp-json\/wp\/v2\/product\/4838\/revisions\/4840"}],"wp:featuredmedia":[{"embeddable":true,"href":"https:\/\/www.isarodas.com.br\/isa\/wp-json\/wp\/v2\/media\/4839"}],"wp:attachment":[{"href":"https:\/\/www.isarodas.com.br\/isa\/wp-json\/wp\/v2\/media?parent=4838"}],"wp:term":[{"taxonomy":"product_cat","embeddable":true,"href":"https:\/\/www.isarodas.com.br\/isa\/wp-json\/wp\/v2\/product_cat?post=4838"},{"taxonomy":"product_tag","embeddable":true,"href":"https:\/\/www.isarodas.com.br\/isa\/wp-json\/wp\/v2\/product_tag?post=4838"}],"curies":[{"name":"wp","href":"https:\/\/api.w.org\/{rel}","templated":true}]}}