{"id":4744,"date":"2024-04-05T14:40:36","date_gmt":"2024-04-05T17:40:36","guid":{"rendered":"https:\/\/www.isarodas.com.br\/isa\/?post_type=product&#038;p=4744"},"modified":"2024-04-05T14:41:46","modified_gmt":"2024-04-05T17:41:46","slug":"transferidor-de-gas","status":"publish","type":"product","link":"https:\/\/www.isarodas.com.br\/isa\/store\/utilidades\/transferidor-de-gas\/","title":{"rendered":"Conjunto T\u00e9cnico Transferidor de G\u00e1s Passador P13 &#8211; P2 + Adaptador"},"content":{"rendered":"<p>Transferidor \/ Passador de G\u00e1s GLP do Botij\u00e3o P13 para P2 e para P13. Tamb\u00e9m pode ser transferido para o P5<br \/>\nConex\u00e3o de Entrada: 5\/8 UNF Externa Macho &#8211; Borboleta do P13<br \/>\nConex\u00e3o de Sa\u00edda : 3\/8 BSP Externa Macho &#8211; Borboleta do P2 &#8211; Acompanha um adaptador para transformar de P2 para P13 e\/ou P5.<\/p>\n<p>ATEN\u00c7\u00c3O!!!<br \/>\nAconselhamos que instala\u00e7\u00f5es de produtos para GLP\/GN dever\u00e3o ser executadas por profissionais capacitados e credenciados para evitar riscos com vazamentos que poder\u00e3o causar s\u00e9rios acidentes com risco de morte.<\/p>\n","protected":false},"excerpt":{"rendered":"<p>Transferidor \/ Passador de G\u00e1s GLP do Botij\u00e3o P13 para P2 e para P13. Tamb\u00e9m pode ser transferido para o P5 Conex\u00e3o de Entrada: 5\/8 UNF Externa Macho &#8211; Borboleta do P13 Conex\u00e3o de Sa\u00edda : 3\/8 BSP Externa Macho &#8211; Borboleta do P2 &#8211; Acompanha um adaptador para transformar de P2 para P13 e\/ou [&hellip;]<\/p>\n","protected":false},"featured_media":4745,"comment_status":"open","ping_status":"closed","template":"","meta":{"_acf_changed":false,"site-sidebar-layout":"default","site-content-layout":"","ast-site-content-layout":"default","site-content-style":"default","site-sidebar-style":"default","ast-global-header-display":"","ast-banner-title-visibility":"","ast-main-header-display":"","ast-hfb-above-header-display":"","ast-hfb-below-header-display":"","ast-hfb-mobile-header-display":"","site-post-title":"","ast-breadcrumbs-content":"","ast-featured-img":"","footer-sml-layout":"","theme-transparent-header-meta":"default","adv-header-id-meta":"","stick-header-meta":"","header-above-stick-meta":"","header-main-stick-meta":"","header-below-stick-meta":"","astra-migrate-meta-layouts":"set","ast-page-background-enabled":"default","ast-page-background-meta":{"desktop":{"background-color":"","background-image":"","background-repeat":"repeat","background-position":"center center","background-size":"auto","background-attachment":"scroll","background-type":"","background-media":"","overlay-type":"","overlay-color":"","overlay-gradient":""},"tablet":{"background-color":"","background-image":"","background-repeat":"repeat","background-position":"center center","background-size":"auto","background-attachment":"scroll","background-type":"","background-media":"","overlay-type":"","overlay-color":"","overlay-gradient":""},"mobile":{"background-color":"","background-image":"","background-repeat":"repeat","background-position":"center center","background-size":"auto","background-attachment":"scroll","background-type":"","background-media":"","overlay-type":"","overlay-color":"","overlay-gradient":""}},"ast-content-background-meta":{"desktop":{"background-color":"var(--ast-global-color-5)","background-image":"","background-repeat":"repeat","background-position":"center center","background-size":"auto","background-attachment":"scroll","background-type":"","background-media":"","overlay-type":"","overlay-color":"","overlay-gradient":""},"tablet":{"background-color":"var(--ast-global-color-5)","background-image":"","background-repeat":"repeat","background-position":"center center","background-size":"auto","background-attachment":"scroll","background-type":"","background-media":"","overlay-type":"","overlay-color":"","overlay-gradient":""},"mobile":{"background-color":"var(--ast-global-color-5)","background-image":"","background-repeat":"repeat","background-position":"center center","background-size":"auto","background-attachment":"scroll","background-type":"","background-media":"","overlay-type":"","overlay-color":"","overlay-gradient":""}}},"product_cat":[86],"product_tag":[],"class_list":{"0":"post-4744","1":"product","2":"type-product","3":"status-publish","4":"has-post-thumbnail","6":"product_cat-utilidades","7":"desktop-align-left","8":"tablet-align-left","9":"mobile-align-left","11":"first","12":"instock","13":"sale","14":"shipping-taxable","15":"purchasable","16":"product-type-simple"},"acf":[],"yoast_head":"<!-- This site is optimized with the Yoast SEO plugin v22.3 - https:\/\/yoast.com\/wordpress\/plugins\/seo\/ -->\n<title>Conjunto T\u00e9cnico Transferidor de G\u00e1s Passador P13 - P2 + Adaptador<\/title>\n<meta name=\"description\" content=\"O Conjunto T\u00e9cnico Transferidor Passador P13 - P2 + Adaptador \u00e9 um kit essencial para adaptar conex\u00f5es de g\u00e1s de diferentes tamanhos. \u00c9 especialmente \u00fatil em situa\u00e7\u00f5es onde \u00e9 necess\u00e1rio conectar um dispositivo ou mangueira de g\u00e1s que possui uma conex\u00e3o de tamanho P13 (13mm) em uma entrada que requer uma conex\u00e3o de tamanho P2 (2mm), ou vice-\" \/>\n<meta name=\"robots\" content=\"index, follow, max-snippet:-1, max-image-preview:large, max-video-preview:-1\" \/>\n<link rel=\"canonical\" href=\"https:\/\/www.isarodas.com.br\/isa\/store\/utilidades\/transferidor-de-gas\/\" \/>\n<meta property=\"og:locale\" content=\"pt_BR\" \/>\n<meta property=\"og:type\" content=\"article\" \/>\n<meta property=\"og:title\" content=\"Conjunto T\u00e9cnico Transferidor de G\u00e1s Passador P13 - P2 + Adaptador\" \/>\n<meta property=\"og:description\" content=\"O Conjunto T\u00e9cnico Transferidor Passador P13 - P2 + Adaptador \u00e9 um kit essencial para adaptar conex\u00f5es de g\u00e1s de diferentes tamanhos. \u00c9 especialmente \u00fatil em situa\u00e7\u00f5es onde \u00e9 necess\u00e1rio conectar um dispositivo ou mangueira de g\u00e1s que possui uma conex\u00e3o de tamanho P13 (13mm) em uma entrada que requer uma conex\u00e3o de tamanho P2 (2mm), ou vice-\" \/>\n<meta property=\"og:url\" content=\"https:\/\/www.isarodas.com.br\/isa\/store\/utilidades\/transferidor-de-gas\/\" \/>\n<meta property=\"og:site_name\" content=\"Isarodas\" \/>\n<meta property=\"article:publisher\" content=\"https:\/\/www.facebook.com\/isarodasoficial\/\" \/>\n<meta property=\"article:modified_time\" content=\"2024-04-05T17:41:46+00:00\" \/>\n<meta property=\"og:image\" content=\"https:\/\/www.isarodas.com.br\/isa\/wp-content\/uploads\/2024\/04\/D_NQ_NP_2X_896063-MLB31453155022_072019-F.jpg\" \/>\n\t<meta property=\"og:image:width\" content=\"668\" \/>\n\t<meta property=\"og:image:height\" content=\"536\" \/>\n\t<meta property=\"og:image:type\" content=\"image\/jpeg\" \/>\n<meta name=\"twitter:card\" content=\"summary_large_image\" \/>\n<meta name=\"twitter:label1\" content=\"Est. tempo de leitura\" \/>\n\t<meta name=\"twitter:data1\" content=\"1 minuto\" \/>\n<script type=\"application\/ld+json\" class=\"yoast-schema-graph\">{\"@context\":\"https:\/\/schema.org\",\"@graph\":[{\"@type\":\"WebPage\",\"@id\":\"https:\/\/www.isarodas.com.br\/isa\/store\/utilidades\/transferidor-de-gas\/\",\"url\":\"https:\/\/www.isarodas.com.br\/isa\/store\/utilidades\/transferidor-de-gas\/\",\"name\":\"Conjunto T\u00e9cnico Transferidor de G\u00e1s Passador P13 - P2 + Adaptador\",\"isPartOf\":{\"@id\":\"https:\/\/www.isarodas.com.br\/isa\/#website\"},\"primaryImageOfPage\":{\"@id\":\"https:\/\/www.isarodas.com.br\/isa\/store\/utilidades\/transferidor-de-gas\/#primaryimage\"},\"image\":{\"@id\":\"https:\/\/www.isarodas.com.br\/isa\/store\/utilidades\/transferidor-de-gas\/#primaryimage\"},\"thumbnailUrl\":\"https:\/\/www.isarodas.com.br\/isa\/wp-content\/uploads\/2024\/04\/D_NQ_NP_2X_896063-MLB31453155022_072019-F.jpg\",\"datePublished\":\"2024-04-05T17:40:36+00:00\",\"dateModified\":\"2024-04-05T17:41:46+00:00\",\"description\":\"O Conjunto T\u00e9cnico Transferidor Passador P13 - P2 + Adaptador \u00e9 um kit essencial para adaptar conex\u00f5es de g\u00e1s de diferentes tamanhos. \u00c9 especialmente \u00fatil em situa\u00e7\u00f5es onde \u00e9 necess\u00e1rio conectar um dispositivo ou mangueira de g\u00e1s que possui uma conex\u00e3o de tamanho P13 (13mm) em uma entrada que requer uma conex\u00e3o de tamanho P2 (2mm), ou vice-\",\"breadcrumb\":{\"@id\":\"https:\/\/www.isarodas.com.br\/isa\/store\/utilidades\/transferidor-de-gas\/#breadcrumb\"},\"inLanguage\":\"pt-BR\",\"potentialAction\":[{\"@type\":\"ReadAction\",\"target\":[\"https:\/\/www.isarodas.com.br\/isa\/store\/utilidades\/transferidor-de-gas\/\"]}]},{\"@type\":\"ImageObject\",\"inLanguage\":\"pt-BR\",\"@id\":\"https:\/\/www.isarodas.com.br\/isa\/store\/utilidades\/transferidor-de-gas\/#primaryimage\",\"url\":\"https:\/\/www.isarodas.com.br\/isa\/wp-content\/uploads\/2024\/04\/D_NQ_NP_2X_896063-MLB31453155022_072019-F.jpg\",\"contentUrl\":\"https:\/\/www.isarodas.com.br\/isa\/wp-content\/uploads\/2024\/04\/D_NQ_NP_2X_896063-MLB31453155022_072019-F.jpg\",\"width\":668,\"height\":536},{\"@type\":\"BreadcrumbList\",\"@id\":\"https:\/\/www.isarodas.com.br\/isa\/store\/utilidades\/transferidor-de-gas\/#breadcrumb\",\"itemListElement\":[{\"@type\":\"ListItem\",\"position\":1,\"name\":\"In\u00edcio\",\"item\":\"https:\/\/www.isarodas.com.br\/isa\/\"},{\"@type\":\"ListItem\",\"position\":2,\"name\":\"Store\",\"item\":\"https:\/\/www.isarodas.com.br\/isa\/store\/\"},{\"@type\":\"ListItem\",\"position\":3,\"name\":\"Conjunto T\u00e9cnico Transferidor de G\u00e1s Passador P13 &#8211; P2 + Adaptador\"}]},{\"@type\":\"WebSite\",\"@id\":\"https:\/\/www.isarodas.com.br\/isa\/#website\",\"url\":\"https:\/\/www.isarodas.com.br\/isa\/\",\"name\":\"Isarodas\",\"description\":\"Ecommerce isarodas\",\"publisher\":{\"@id\":\"https:\/\/www.isarodas.com.br\/isa\/#organization\"},\"potentialAction\":[{\"@type\":\"SearchAction\",\"target\":{\"@type\":\"EntryPoint\",\"urlTemplate\":\"https:\/\/www.isarodas.com.br\/isa\/?s={search_term_string}\"},\"query-input\":\"required name=search_term_string\"}],\"inLanguage\":\"pt-BR\"},{\"@type\":\"Organization\",\"@id\":\"https:\/\/www.isarodas.com.br\/isa\/#organization\",\"name\":\"Isarodas\",\"url\":\"https:\/\/www.isarodas.com.br\/isa\/\",\"logo\":{\"@type\":\"ImageObject\",\"inLanguage\":\"pt-BR\",\"@id\":\"https:\/\/www.isarodas.com.br\/isa\/#\/schema\/logo\/image\/\",\"url\":\"https:\/\/www.isarodas.com.br\/isa\/wp-content\/uploads\/2024\/03\/cropped-lgs-1.png\",\"contentUrl\":\"https:\/\/www.isarodas.com.br\/isa\/wp-content\/uploads\/2024\/03\/cropped-lgs-1.png\",\"width\":120,\"height\":119,\"caption\":\"Isarodas\"},\"image\":{\"@id\":\"https:\/\/www.isarodas.com.br\/isa\/#\/schema\/logo\/image\/\"},\"sameAs\":[\"https:\/\/www.facebook.com\/isarodasoficial\/\",\"https:\/\/www.youtube.com\/@isarodas9312\",\"https:\/\/www.instagram.com\/isarodasoficial\/\"]}]}<\/script>\n<!-- \/ Yoast SEO plugin. -->","yoast_head_json":{"title":"Conjunto T\u00e9cnico Transferidor de G\u00e1s Passador P13 - P2 + Adaptador","description":"O Conjunto T\u00e9cnico Transferidor Passador P13 - P2 + Adaptador \u00e9 um kit essencial para adaptar conex\u00f5es de g\u00e1s de diferentes tamanhos. \u00c9 especialmente \u00fatil em situa\u00e7\u00f5es onde \u00e9 necess\u00e1rio conectar um dispositivo ou mangueira de g\u00e1s que possui uma conex\u00e3o de tamanho P13 (13mm) em uma entrada que requer uma conex\u00e3o de tamanho P2 (2mm), ou vice-","robots":{"index":"index","follow":"follow","max-snippet":"max-snippet:-1","max-image-preview":"max-image-preview:large","max-video-preview":"max-video-preview:-1"},"canonical":"https:\/\/www.isarodas.com.br\/isa\/store\/utilidades\/transferidor-de-gas\/","og_locale":"pt_BR","og_type":"article","og_title":"Conjunto T\u00e9cnico Transferidor de G\u00e1s Passador P13 - P2 + Adaptador","og_description":"O Conjunto T\u00e9cnico Transferidor Passador P13 - P2 + Adaptador \u00e9 um kit essencial para adaptar conex\u00f5es de g\u00e1s de diferentes tamanhos. \u00c9 especialmente \u00fatil em situa\u00e7\u00f5es onde \u00e9 necess\u00e1rio conectar um dispositivo ou mangueira de g\u00e1s que possui uma conex\u00e3o de tamanho P13 (13mm) em uma entrada que requer uma conex\u00e3o de tamanho P2 (2mm), ou vice-","og_url":"https:\/\/www.isarodas.com.br\/isa\/store\/utilidades\/transferidor-de-gas\/","og_site_name":"Isarodas","article_publisher":"https:\/\/www.facebook.com\/isarodasoficial\/","article_modified_time":"2024-04-05T17:41:46+00:00","og_image":[{"width":668,"height":536,"url":"https:\/\/www.isarodas.com.br\/isa\/wp-content\/uploads\/2024\/04\/D_NQ_NP_2X_896063-MLB31453155022_072019-F.jpg","type":"image\/jpeg"}],"twitter_card":"summary_large_image","twitter_misc":{"Est. tempo de leitura":"1 minuto"},"schema":{"@context":"https:\/\/schema.org","@graph":[{"@type":"WebPage","@id":"https:\/\/www.isarodas.com.br\/isa\/store\/utilidades\/transferidor-de-gas\/","url":"https:\/\/www.isarodas.com.br\/isa\/store\/utilidades\/transferidor-de-gas\/","name":"Conjunto T\u00e9cnico Transferidor de G\u00e1s Passador P13 - P2 + Adaptador","isPartOf":{"@id":"https:\/\/www.isarodas.com.br\/isa\/#website"},"primaryImageOfPage":{"@id":"https:\/\/www.isarodas.com.br\/isa\/store\/utilidades\/transferidor-de-gas\/#primaryimage"},"image":{"@id":"https:\/\/www.isarodas.com.br\/isa\/store\/utilidades\/transferidor-de-gas\/#primaryimage"},"thumbnailUrl":"https:\/\/www.isarodas.com.br\/isa\/wp-content\/uploads\/2024\/04\/D_NQ_NP_2X_896063-MLB31453155022_072019-F.jpg","datePublished":"2024-04-05T17:40:36+00:00","dateModified":"2024-04-05T17:41:46+00:00","description":"O Conjunto T\u00e9cnico Transferidor Passador P13 - P2 + Adaptador \u00e9 um kit essencial para adaptar conex\u00f5es de g\u00e1s de diferentes tamanhos. \u00c9 especialmente \u00fatil em situa\u00e7\u00f5es onde \u00e9 necess\u00e1rio conectar um dispositivo ou mangueira de g\u00e1s que possui uma conex\u00e3o de tamanho P13 (13mm) em uma entrada que requer uma conex\u00e3o de tamanho P2 (2mm), ou vice-","breadcrumb":{"@id":"https:\/\/www.isarodas.com.br\/isa\/store\/utilidades\/transferidor-de-gas\/#breadcrumb"},"inLanguage":"pt-BR","potentialAction":[{"@type":"ReadAction","target":["https:\/\/www.isarodas.com.br\/isa\/store\/utilidades\/transferidor-de-gas\/"]}]},{"@type":"ImageObject","inLanguage":"pt-BR","@id":"https:\/\/www.isarodas.com.br\/isa\/store\/utilidades\/transferidor-de-gas\/#primaryimage","url":"https:\/\/www.isarodas.com.br\/isa\/wp-content\/uploads\/2024\/04\/D_NQ_NP_2X_896063-MLB31453155022_072019-F.jpg","contentUrl":"https:\/\/www.isarodas.com.br\/isa\/wp-content\/uploads\/2024\/04\/D_NQ_NP_2X_896063-MLB31453155022_072019-F.jpg","width":668,"height":536},{"@type":"BreadcrumbList","@id":"https:\/\/www.isarodas.com.br\/isa\/store\/utilidades\/transferidor-de-gas\/#breadcrumb","itemListElement":[{"@type":"ListItem","position":1,"name":"In\u00edcio","item":"https:\/\/www.isarodas.com.br\/isa\/"},{"@type":"ListItem","position":2,"name":"Store","item":"https:\/\/www.isarodas.com.br\/isa\/store\/"},{"@type":"ListItem","position":3,"name":"Conjunto T\u00e9cnico Transferidor de G\u00e1s Passador P13 &#8211; P2 + Adaptador"}]},{"@type":"WebSite","@id":"https:\/\/www.isarodas.com.br\/isa\/#website","url":"https:\/\/www.isarodas.com.br\/isa\/","name":"Isarodas","description":"Ecommerce isarodas","publisher":{"@id":"https:\/\/www.isarodas.com.br\/isa\/#organization"},"potentialAction":[{"@type":"SearchAction","target":{"@type":"EntryPoint","urlTemplate":"https:\/\/www.isarodas.com.br\/isa\/?s={search_term_string}"},"query-input":"required name=search_term_string"}],"inLanguage":"pt-BR"},{"@type":"Organization","@id":"https:\/\/www.isarodas.com.br\/isa\/#organization","name":"Isarodas","url":"https:\/\/www.isarodas.com.br\/isa\/","logo":{"@type":"ImageObject","inLanguage":"pt-BR","@id":"https:\/\/www.isarodas.com.br\/isa\/#\/schema\/logo\/image\/","url":"https:\/\/www.isarodas.com.br\/isa\/wp-content\/uploads\/2024\/03\/cropped-lgs-1.png","contentUrl":"https:\/\/www.isarodas.com.br\/isa\/wp-content\/uploads\/2024\/03\/cropped-lgs-1.png","width":120,"height":119,"caption":"Isarodas"},"image":{"@id":"https:\/\/www.isarodas.com.br\/isa\/#\/schema\/logo\/image\/"},"sameAs":["https:\/\/www.facebook.com\/isarodasoficial\/","https:\/\/www.youtube.com\/@isarodas9312","https:\/\/www.instagram.com\/isarodasoficial\/"]}]}},"_links":{"self":[{"href":"https:\/\/www.isarodas.com.br\/isa\/wp-json\/wp\/v2\/product\/4744","targetHints":{"allow":["GET"]}}],"collection":[{"href":"https:\/\/www.isarodas.com.br\/isa\/wp-json\/wp\/v2\/product"}],"about":[{"href":"https:\/\/www.isarodas.com.br\/isa\/wp-json\/wp\/v2\/types\/product"}],"replies":[{"embeddable":true,"href":"https:\/\/www.isarodas.com.br\/isa\/wp-json\/wp\/v2\/comments?post=4744"}],"version-history":[{"count":2,"href":"https:\/\/www.isarodas.com.br\/isa\/wp-json\/wp\/v2\/product\/4744\/revisions"}],"predecessor-version":[{"id":4748,"href":"https:\/\/www.isarodas.com.br\/isa\/wp-json\/wp\/v2\/product\/4744\/revisions\/4748"}],"wp:featuredmedia":[{"embeddable":true,"href":"https:\/\/www.isarodas.com.br\/isa\/wp-json\/wp\/v2\/media\/4745"}],"wp:attachment":[{"href":"https:\/\/www.isarodas.com.br\/isa\/wp-json\/wp\/v2\/media?parent=4744"}],"wp:term":[{"taxonomy":"product_cat","embeddable":true,"href":"https:\/\/www.isarodas.com.br\/isa\/wp-json\/wp\/v2\/product_cat?post=4744"},{"taxonomy":"product_tag","embeddable":true,"href":"https:\/\/www.isarodas.com.br\/isa\/wp-json\/wp\/v2\/product_tag?post=4744"}],"curies":[{"name":"wp","href":"https:\/\/api.w.org\/{rel}","templated":true}]}}