{"id":4706,"date":"2024-04-05T13:39:26","date_gmt":"2024-04-05T16:39:26","guid":{"rendered":"https:\/\/www.isarodas.com.br\/isa\/?post_type=product&#038;p=4706"},"modified":"2024-04-05T13:39:26","modified_gmt":"2024-04-05T16:39:26","slug":"kit-frutatinhas-velcro-13-pecas","status":"publish","type":"product","link":"https:\/\/www.isarodas.com.br\/isa\/store\/brinquedos\/kit-frutatinhas-velcro-13-pecas\/","title":{"rendered":"Kit Frutatinhas Velcro 13 Pe\u00e7as"},"content":{"rendered":"<p>Explore a divers\u00e3o sensorial e o aprendizado criativo com o Kit Frutatinhas Velcro de 13 Pe\u00e7as. Este conjunto colorido e interativo permite que as crian\u00e7as mergulhem na experi\u00eancia de cortar e montar frutas, enquanto desenvolvem habilidades motoras finas e aprendem sobre alimentos saud\u00e1veis.<\/p>\n<p>Com frutas vibrantes e dur\u00e1veis equipadas com velcro, as possibilidades s\u00e3o infinitas &#8211; desde criar sucos refrescantes at\u00e9 montar uma deliciosa salada de frutas. Ideal para brincadeiras educativas em casa, na escola ou em qualquer lugar, este kit \u00e9 uma adi\u00e7\u00e3o estimulante para o crescimento e desenvolvimento das crian\u00e7as. Deixe a imagina\u00e7\u00e3o florescer enquanto saboreia a divers\u00e3o com o Kit Frutatinhas Velcro de 13 P<\/p>\n","protected":false},"excerpt":{"rendered":"<p>Explore a divers\u00e3o sensorial e o aprendizado criativo com o Kit Frutatinhas Velcro de 13 Pe\u00e7as. Este conjunto colorido e interativo permite que as crian\u00e7as mergulhem na experi\u00eancia de cortar e montar frutas, enquanto desenvolvem habilidades motoras finas e aprendem sobre alimentos saud\u00e1veis. Com frutas vibrantes e dur\u00e1veis equipadas com velcro, as possibilidades s\u00e3o infinitas [&hellip;]<\/p>\n","protected":false},"featured_media":4707,"comment_status":"open","ping_status":"closed","template":"","meta":{"_acf_changed":false,"site-sidebar-layout":"default","site-content-layout":"","ast-site-content-layout":"default","site-content-style":"default","site-sidebar-style":"default","ast-global-header-display":"","ast-banner-title-visibility":"","ast-main-header-display":"","ast-hfb-above-header-display":"","ast-hfb-below-header-display":"","ast-hfb-mobile-header-display":"","site-post-title":"","ast-breadcrumbs-content":"","ast-featured-img":"","footer-sml-layout":"","theme-transparent-header-meta":"default","adv-header-id-meta":"","stick-header-meta":"","header-above-stick-meta":"","header-main-stick-meta":"","header-below-stick-meta":"","astra-migrate-meta-layouts":"set","ast-page-background-enabled":"default","ast-page-background-meta":{"desktop":{"background-color":"","background-image":"","background-repeat":"repeat","background-position":"center center","background-size":"auto","background-attachment":"scroll","background-type":"","background-media":"","overlay-type":"","overlay-color":"","overlay-gradient":""},"tablet":{"background-color":"","background-image":"","background-repeat":"repeat","background-position":"center center","background-size":"auto","background-attachment":"scroll","background-type":"","background-media":"","overlay-type":"","overlay-color":"","overlay-gradient":""},"mobile":{"background-color":"","background-image":"","background-repeat":"repeat","background-position":"center center","background-size":"auto","background-attachment":"scroll","background-type":"","background-media":"","overlay-type":"","overlay-color":"","overlay-gradient":""}},"ast-content-background-meta":{"desktop":{"background-color":"var(--ast-global-color-5)","background-image":"","background-repeat":"repeat","background-position":"center center","background-size":"auto","background-attachment":"scroll","background-type":"","background-media":"","overlay-type":"","overlay-color":"","overlay-gradient":""},"tablet":{"background-color":"var(--ast-global-color-5)","background-image":"","background-repeat":"repeat","background-position":"center center","background-size":"auto","background-attachment":"scroll","background-type":"","background-media":"","overlay-type":"","overlay-color":"","overlay-gradient":""},"mobile":{"background-color":"var(--ast-global-color-5)","background-image":"","background-repeat":"repeat","background-position":"center center","background-size":"auto","background-attachment":"scroll","background-type":"","background-media":"","overlay-type":"","overlay-color":"","overlay-gradient":""}}},"product_cat":[58],"product_tag":[],"class_list":{"0":"post-4706","1":"product","2":"type-product","3":"status-publish","4":"has-post-thumbnail","6":"product_cat-brinquedos","7":"desktop-align-left","8":"tablet-align-left","9":"mobile-align-left","11":"first","12":"instock","13":"sale","14":"shipping-taxable","15":"purchasable","16":"product-type-simple"},"acf":[],"yoast_head":"<!-- This site is optimized with the Yoast SEO plugin v22.3 - https:\/\/yoast.com\/wordpress\/plugins\/seo\/ -->\n<title>Kit Frutatinhas Velcro 13 Pe\u00e7as<\/title>\n<meta name=\"description\" content=\"Descubra o Kit Frutatinhas Velcro de 13 Pe\u00e7as - uma maneira divertida e educativa de desenvolver habilidades motoras e criatividade. Com frutas vibrantes equipadas com velcro, as crian\u00e7as podem montar e cortar suas pr\u00f3prias frutas enquanto aprendem sobre alimenta\u00e7\u00e3o saud\u00e1vel. Perfeito para brincadeiras educativas em casa ou na escola. Garanta agora esta experi\u00eancia sensorial e de aprendizado \u00fanico!\" \/>\n<meta name=\"robots\" content=\"index, follow, max-snippet:-1, max-image-preview:large, max-video-preview:-1\" \/>\n<link rel=\"canonical\" href=\"https:\/\/www.isarodas.com.br\/isa\/store\/brinquedos\/kit-frutatinhas-velcro-13-pecas\/\" \/>\n<meta property=\"og:locale\" content=\"pt_BR\" \/>\n<meta property=\"og:type\" content=\"article\" \/>\n<meta property=\"og:title\" content=\"Kit Frutatinhas Velcro 13 Pe\u00e7as\" \/>\n<meta property=\"og:description\" content=\"Descubra o Kit Frutatinhas Velcro de 13 Pe\u00e7as - uma maneira divertida e educativa de desenvolver habilidades motoras e criatividade. Com frutas vibrantes equipadas com velcro, as crian\u00e7as podem montar e cortar suas pr\u00f3prias frutas enquanto aprendem sobre alimenta\u00e7\u00e3o saud\u00e1vel. Perfeito para brincadeiras educativas em casa ou na escola. Garanta agora esta experi\u00eancia sensorial e de aprendizado \u00fanico!\" \/>\n<meta property=\"og:url\" content=\"https:\/\/www.isarodas.com.br\/isa\/store\/brinquedos\/kit-frutatinhas-velcro-13-pecas\/\" \/>\n<meta property=\"og:site_name\" content=\"Isarodas\" \/>\n<meta property=\"article:publisher\" content=\"https:\/\/www.facebook.com\/isarodasoficial\/\" \/>\n<meta property=\"og:image\" content=\"https:\/\/www.isarodas.com.br\/isa\/wp-content\/uploads\/2024\/04\/Frutinhas.jpg\" \/>\n\t<meta property=\"og:image:width\" content=\"403\" \/>\n\t<meta property=\"og:image:height\" content=\"500\" \/>\n\t<meta property=\"og:image:type\" content=\"image\/jpeg\" \/>\n<meta name=\"twitter:card\" content=\"summary_large_image\" \/>\n<meta name=\"twitter:label1\" content=\"Est. tempo de leitura\" \/>\n\t<meta name=\"twitter:data1\" content=\"1 minuto\" \/>\n<script type=\"application\/ld+json\" class=\"yoast-schema-graph\">{\"@context\":\"https:\/\/schema.org\",\"@graph\":[{\"@type\":\"WebPage\",\"@id\":\"https:\/\/www.isarodas.com.br\/isa\/store\/brinquedos\/kit-frutatinhas-velcro-13-pecas\/\",\"url\":\"https:\/\/www.isarodas.com.br\/isa\/store\/brinquedos\/kit-frutatinhas-velcro-13-pecas\/\",\"name\":\"Kit Frutatinhas Velcro 13 Pe\u00e7as\",\"isPartOf\":{\"@id\":\"https:\/\/www.isarodas.com.br\/isa\/#website\"},\"primaryImageOfPage\":{\"@id\":\"https:\/\/www.isarodas.com.br\/isa\/store\/brinquedos\/kit-frutatinhas-velcro-13-pecas\/#primaryimage\"},\"image\":{\"@id\":\"https:\/\/www.isarodas.com.br\/isa\/store\/brinquedos\/kit-frutatinhas-velcro-13-pecas\/#primaryimage\"},\"thumbnailUrl\":\"https:\/\/www.isarodas.com.br\/isa\/wp-content\/uploads\/2024\/04\/Frutinhas.jpg\",\"datePublished\":\"2024-04-05T16:39:26+00:00\",\"dateModified\":\"2024-04-05T16:39:26+00:00\",\"description\":\"Descubra o Kit Frutatinhas Velcro de 13 Pe\u00e7as - uma maneira divertida e educativa de desenvolver habilidades motoras e criatividade. Com frutas vibrantes equipadas com velcro, as crian\u00e7as podem montar e cortar suas pr\u00f3prias frutas enquanto aprendem sobre alimenta\u00e7\u00e3o saud\u00e1vel. Perfeito para brincadeiras educativas em casa ou na escola. Garanta agora esta experi\u00eancia sensorial e de aprendizado \u00fanico!\",\"breadcrumb\":{\"@id\":\"https:\/\/www.isarodas.com.br\/isa\/store\/brinquedos\/kit-frutatinhas-velcro-13-pecas\/#breadcrumb\"},\"inLanguage\":\"pt-BR\",\"potentialAction\":[{\"@type\":\"ReadAction\",\"target\":[\"https:\/\/www.isarodas.com.br\/isa\/store\/brinquedos\/kit-frutatinhas-velcro-13-pecas\/\"]}]},{\"@type\":\"ImageObject\",\"inLanguage\":\"pt-BR\",\"@id\":\"https:\/\/www.isarodas.com.br\/isa\/store\/brinquedos\/kit-frutatinhas-velcro-13-pecas\/#primaryimage\",\"url\":\"https:\/\/www.isarodas.com.br\/isa\/wp-content\/uploads\/2024\/04\/Frutinhas.jpg\",\"contentUrl\":\"https:\/\/www.isarodas.com.br\/isa\/wp-content\/uploads\/2024\/04\/Frutinhas.jpg\",\"width\":403,\"height\":500},{\"@type\":\"BreadcrumbList\",\"@id\":\"https:\/\/www.isarodas.com.br\/isa\/store\/brinquedos\/kit-frutatinhas-velcro-13-pecas\/#breadcrumb\",\"itemListElement\":[{\"@type\":\"ListItem\",\"position\":1,\"name\":\"In\u00edcio\",\"item\":\"https:\/\/www.isarodas.com.br\/isa\/\"},{\"@type\":\"ListItem\",\"position\":2,\"name\":\"Store\",\"item\":\"https:\/\/www.isarodas.com.br\/isa\/store\/\"},{\"@type\":\"ListItem\",\"position\":3,\"name\":\"Kit Frutatinhas Velcro 13 Pe\u00e7as\"}]},{\"@type\":\"WebSite\",\"@id\":\"https:\/\/www.isarodas.com.br\/isa\/#website\",\"url\":\"https:\/\/www.isarodas.com.br\/isa\/\",\"name\":\"Isarodas\",\"description\":\"Ecommerce isarodas\",\"publisher\":{\"@id\":\"https:\/\/www.isarodas.com.br\/isa\/#organization\"},\"potentialAction\":[{\"@type\":\"SearchAction\",\"target\":{\"@type\":\"EntryPoint\",\"urlTemplate\":\"https:\/\/www.isarodas.com.br\/isa\/?s={search_term_string}\"},\"query-input\":\"required name=search_term_string\"}],\"inLanguage\":\"pt-BR\"},{\"@type\":\"Organization\",\"@id\":\"https:\/\/www.isarodas.com.br\/isa\/#organization\",\"name\":\"Isarodas\",\"url\":\"https:\/\/www.isarodas.com.br\/isa\/\",\"logo\":{\"@type\":\"ImageObject\",\"inLanguage\":\"pt-BR\",\"@id\":\"https:\/\/www.isarodas.com.br\/isa\/#\/schema\/logo\/image\/\",\"url\":\"https:\/\/www.isarodas.com.br\/isa\/wp-content\/uploads\/2024\/03\/cropped-lgs-1.png\",\"contentUrl\":\"https:\/\/www.isarodas.com.br\/isa\/wp-content\/uploads\/2024\/03\/cropped-lgs-1.png\",\"width\":120,\"height\":119,\"caption\":\"Isarodas\"},\"image\":{\"@id\":\"https:\/\/www.isarodas.com.br\/isa\/#\/schema\/logo\/image\/\"},\"sameAs\":[\"https:\/\/www.facebook.com\/isarodasoficial\/\",\"https:\/\/www.youtube.com\/@isarodas9312\",\"https:\/\/www.instagram.com\/isarodasoficial\/\"]}]}<\/script>\n<!-- \/ Yoast SEO plugin. -->","yoast_head_json":{"title":"Kit Frutatinhas Velcro 13 Pe\u00e7as","description":"Descubra o Kit Frutatinhas Velcro de 13 Pe\u00e7as - uma maneira divertida e educativa de desenvolver habilidades motoras e criatividade. Com frutas vibrantes equipadas com velcro, as crian\u00e7as podem montar e cortar suas pr\u00f3prias frutas enquanto aprendem sobre alimenta\u00e7\u00e3o saud\u00e1vel. Perfeito para brincadeiras educativas em casa ou na escola. Garanta agora esta experi\u00eancia sensorial e de aprendizado \u00fanico!","robots":{"index":"index","follow":"follow","max-snippet":"max-snippet:-1","max-image-preview":"max-image-preview:large","max-video-preview":"max-video-preview:-1"},"canonical":"https:\/\/www.isarodas.com.br\/isa\/store\/brinquedos\/kit-frutatinhas-velcro-13-pecas\/","og_locale":"pt_BR","og_type":"article","og_title":"Kit Frutatinhas Velcro 13 Pe\u00e7as","og_description":"Descubra o Kit Frutatinhas Velcro de 13 Pe\u00e7as - uma maneira divertida e educativa de desenvolver habilidades motoras e criatividade. Com frutas vibrantes equipadas com velcro, as crian\u00e7as podem montar e cortar suas pr\u00f3prias frutas enquanto aprendem sobre alimenta\u00e7\u00e3o saud\u00e1vel. Perfeito para brincadeiras educativas em casa ou na escola. Garanta agora esta experi\u00eancia sensorial e de aprendizado \u00fanico!","og_url":"https:\/\/www.isarodas.com.br\/isa\/store\/brinquedos\/kit-frutatinhas-velcro-13-pecas\/","og_site_name":"Isarodas","article_publisher":"https:\/\/www.facebook.com\/isarodasoficial\/","og_image":[{"width":403,"height":500,"url":"https:\/\/www.isarodas.com.br\/isa\/wp-content\/uploads\/2024\/04\/Frutinhas.jpg","type":"image\/jpeg"}],"twitter_card":"summary_large_image","twitter_misc":{"Est. tempo de leitura":"1 minuto"},"schema":{"@context":"https:\/\/schema.org","@graph":[{"@type":"WebPage","@id":"https:\/\/www.isarodas.com.br\/isa\/store\/brinquedos\/kit-frutatinhas-velcro-13-pecas\/","url":"https:\/\/www.isarodas.com.br\/isa\/store\/brinquedos\/kit-frutatinhas-velcro-13-pecas\/","name":"Kit Frutatinhas Velcro 13 Pe\u00e7as","isPartOf":{"@id":"https:\/\/www.isarodas.com.br\/isa\/#website"},"primaryImageOfPage":{"@id":"https:\/\/www.isarodas.com.br\/isa\/store\/brinquedos\/kit-frutatinhas-velcro-13-pecas\/#primaryimage"},"image":{"@id":"https:\/\/www.isarodas.com.br\/isa\/store\/brinquedos\/kit-frutatinhas-velcro-13-pecas\/#primaryimage"},"thumbnailUrl":"https:\/\/www.isarodas.com.br\/isa\/wp-content\/uploads\/2024\/04\/Frutinhas.jpg","datePublished":"2024-04-05T16:39:26+00:00","dateModified":"2024-04-05T16:39:26+00:00","description":"Descubra o Kit Frutatinhas Velcro de 13 Pe\u00e7as - uma maneira divertida e educativa de desenvolver habilidades motoras e criatividade. Com frutas vibrantes equipadas com velcro, as crian\u00e7as podem montar e cortar suas pr\u00f3prias frutas enquanto aprendem sobre alimenta\u00e7\u00e3o saud\u00e1vel. Perfeito para brincadeiras educativas em casa ou na escola. Garanta agora esta experi\u00eancia sensorial e de aprendizado \u00fanico!","breadcrumb":{"@id":"https:\/\/www.isarodas.com.br\/isa\/store\/brinquedos\/kit-frutatinhas-velcro-13-pecas\/#breadcrumb"},"inLanguage":"pt-BR","potentialAction":[{"@type":"ReadAction","target":["https:\/\/www.isarodas.com.br\/isa\/store\/brinquedos\/kit-frutatinhas-velcro-13-pecas\/"]}]},{"@type":"ImageObject","inLanguage":"pt-BR","@id":"https:\/\/www.isarodas.com.br\/isa\/store\/brinquedos\/kit-frutatinhas-velcro-13-pecas\/#primaryimage","url":"https:\/\/www.isarodas.com.br\/isa\/wp-content\/uploads\/2024\/04\/Frutinhas.jpg","contentUrl":"https:\/\/www.isarodas.com.br\/isa\/wp-content\/uploads\/2024\/04\/Frutinhas.jpg","width":403,"height":500},{"@type":"BreadcrumbList","@id":"https:\/\/www.isarodas.com.br\/isa\/store\/brinquedos\/kit-frutatinhas-velcro-13-pecas\/#breadcrumb","itemListElement":[{"@type":"ListItem","position":1,"name":"In\u00edcio","item":"https:\/\/www.isarodas.com.br\/isa\/"},{"@type":"ListItem","position":2,"name":"Store","item":"https:\/\/www.isarodas.com.br\/isa\/store\/"},{"@type":"ListItem","position":3,"name":"Kit Frutatinhas Velcro 13 Pe\u00e7as"}]},{"@type":"WebSite","@id":"https:\/\/www.isarodas.com.br\/isa\/#website","url":"https:\/\/www.isarodas.com.br\/isa\/","name":"Isarodas","description":"Ecommerce isarodas","publisher":{"@id":"https:\/\/www.isarodas.com.br\/isa\/#organization"},"potentialAction":[{"@type":"SearchAction","target":{"@type":"EntryPoint","urlTemplate":"https:\/\/www.isarodas.com.br\/isa\/?s={search_term_string}"},"query-input":"required name=search_term_string"}],"inLanguage":"pt-BR"},{"@type":"Organization","@id":"https:\/\/www.isarodas.com.br\/isa\/#organization","name":"Isarodas","url":"https:\/\/www.isarodas.com.br\/isa\/","logo":{"@type":"ImageObject","inLanguage":"pt-BR","@id":"https:\/\/www.isarodas.com.br\/isa\/#\/schema\/logo\/image\/","url":"https:\/\/www.isarodas.com.br\/isa\/wp-content\/uploads\/2024\/03\/cropped-lgs-1.png","contentUrl":"https:\/\/www.isarodas.com.br\/isa\/wp-content\/uploads\/2024\/03\/cropped-lgs-1.png","width":120,"height":119,"caption":"Isarodas"},"image":{"@id":"https:\/\/www.isarodas.com.br\/isa\/#\/schema\/logo\/image\/"},"sameAs":["https:\/\/www.facebook.com\/isarodasoficial\/","https:\/\/www.youtube.com\/@isarodas9312","https:\/\/www.instagram.com\/isarodasoficial\/"]}]}},"_links":{"self":[{"href":"https:\/\/www.isarodas.com.br\/isa\/wp-json\/wp\/v2\/product\/4706","targetHints":{"allow":["GET"]}}],"collection":[{"href":"https:\/\/www.isarodas.com.br\/isa\/wp-json\/wp\/v2\/product"}],"about":[{"href":"https:\/\/www.isarodas.com.br\/isa\/wp-json\/wp\/v2\/types\/product"}],"replies":[{"embeddable":true,"href":"https:\/\/www.isarodas.com.br\/isa\/wp-json\/wp\/v2\/comments?post=4706"}],"version-history":[{"count":1,"href":"https:\/\/www.isarodas.com.br\/isa\/wp-json\/wp\/v2\/product\/4706\/revisions"}],"predecessor-version":[{"id":4708,"href":"https:\/\/www.isarodas.com.br\/isa\/wp-json\/wp\/v2\/product\/4706\/revisions\/4708"}],"wp:featuredmedia":[{"embeddable":true,"href":"https:\/\/www.isarodas.com.br\/isa\/wp-json\/wp\/v2\/media\/4707"}],"wp:attachment":[{"href":"https:\/\/www.isarodas.com.br\/isa\/wp-json\/wp\/v2\/media?parent=4706"}],"wp:term":[{"taxonomy":"product_cat","embeddable":true,"href":"https:\/\/www.isarodas.com.br\/isa\/wp-json\/wp\/v2\/product_cat?post=4706"},{"taxonomy":"product_tag","embeddable":true,"href":"https:\/\/www.isarodas.com.br\/isa\/wp-json\/wp\/v2\/product_tag?post=4706"}],"curies":[{"name":"wp","href":"https:\/\/api.w.org\/{rel}","templated":true}]}}