{"id":4683,"date":"2024-04-05T13:12:05","date_gmt":"2024-04-05T16:12:05","guid":{"rendered":"https:\/\/www.isarodas.com.br\/isa\/?post_type=product&#038;p=4683"},"modified":"2024-04-05T13:12:05","modified_gmt":"2024-04-05T16:12:05","slug":"impermeabilizante-de-tecidos-325ml-ultralub","status":"publish","type":"product","link":"https:\/\/www.isarodas.com.br\/isa\/store\/utilidades\/impermeabilizante-de-tecidos-325ml-ultralub\/","title":{"rendered":"Impermeabilizante De Tecidos 325ml Ultralub"},"content":{"rendered":"<p><strong>Impermeabilizante De Tecidos 325ml Ultralub &#8211; 23342<\/strong>.<\/p>\n<p>O produto protege tecidos e estofados contra umidade e manchas decorrentes de produtos aquosos como \u00e1gua suja, caf\u00e9, leite ou sucos.<br \/>\n\u00c9 indicado tamb\u00e9m como impermeabiliza\u00e7\u00e3o tempor\u00e1ria de luvas, t\u00eanis e pe\u00e7as de vestu\u00e1rio ou tecidos sujeitos \u00e0 a\u00e7\u00e3o da \u00e1gua.<br \/>\n\u00c9 aconselh\u00e1vel testar a compatibilidade entre o produto e o tecido antes de sua aplica\u00e7\u00e3o.<\/p>\n<p><strong>MODO DE APLICA\u00c7\u00c3O<\/strong><\/p>\n<p>Pulverize o produto a uma dist\u00e2ncia de 20 cm aproximadamente, recobrindo toda \u00e1rea a ser protegida com uma fina camada; aguardar a secagem por um per\u00edodo aproximado de 24 horas, para uma completa polimeriza\u00e7\u00e3o.<br \/>\nRendimento ser\u00e1 espec\u00edfico de cada tipo de tecido e as camadas de aplica\u00e7\u00f5es realizadas.<br \/>\nUma nova aplica\u00e7\u00e3o dever\u00e1 ser avaliada e est\u00e1 em fun\u00e7\u00e3o da frequ\u00eancia do uso ou quando<br \/>\nesta perder o poder de repel\u00eancia de l\u00edquidos.<\/p>\n<p><strong>IMPORTANTE<\/strong>: Esse produto n\u00e3o \u00e9 eficaz quando sujeito \u00e0 imers\u00e3o.<\/p>\n<p><strong>SEGURAN\u00c7A, PRECAU\u00c7\u00d5ES E ARMAZENAGEM:<\/strong><\/p>\n<p>Conte\u00fado sob press\u00e3o. <strong>PRODUTO INFLAM\u00c1VEL<\/strong>. Mantenha fora do alcance de crian\u00e7as. N\u00e3o use nem guarde em local acima de 50\u00baC. Ap\u00f3s o uso n\u00e3o destrua a lata. N\u00e3o fure nem jogue ao fogo, mesmo quando vazia. Em caso de contato com os olhos, lave-os com \u00e1gua em abund\u00e2ncia e procure assist\u00eancia m\u00e9dica.<br \/>\n<strong>DEVE SER ARMAZENADO EM LOCAL SECO, FRESCO E VENTILADO.<\/strong><br \/>\nAntes de usar o produto leia o FISPQ (Ficha de Seguran\u00e7a de Produtos Qu\u00edmicos).<br \/>\n<strong>COMPOSI\u00c7\u00c3O QU\u00cdMICA<\/strong><\/p>\n<p>Polidimetilsiloxano, solventes org\u00e2nicos, g\u00e1s propelente butano.<br \/>\n<strong>MEIO AMBIENTE<\/strong><\/p>\n<p>O propelente utilizado \u00e9 isento de CFC e n\u00e3o agride a camada de oz\u00f4nio. Todos os componentes de sua embalagem s\u00e3o compostos por produtos 100% recicl\u00e1veis.<br \/>\nEMBALAGENS<\/p>\n<p>O produto cont\u00e9m 325ml<\/p>\n","protected":false},"excerpt":{"rendered":"<p>Impermeabilizante De Tecidos 325ml Ultralub &#8211; 23342. O produto protege tecidos e estofados contra umidade e manchas decorrentes de produtos aquosos como \u00e1gua suja, caf\u00e9, leite ou sucos. \u00c9 indicado tamb\u00e9m como impermeabiliza\u00e7\u00e3o tempor\u00e1ria de luvas, t\u00eanis e pe\u00e7as de vestu\u00e1rio ou tecidos sujeitos \u00e0 a\u00e7\u00e3o da \u00e1gua. \u00c9 aconselh\u00e1vel testar a compatibilidade entre o [&hellip;]<\/p>\n","protected":false},"featured_media":4684,"comment_status":"open","ping_status":"closed","template":"","meta":{"_acf_changed":false,"site-sidebar-layout":"default","site-content-layout":"","ast-site-content-layout":"default","site-content-style":"default","site-sidebar-style":"default","ast-global-header-display":"","ast-banner-title-visibility":"","ast-main-header-display":"","ast-hfb-above-header-display":"","ast-hfb-below-header-display":"","ast-hfb-mobile-header-display":"","site-post-title":"","ast-breadcrumbs-content":"","ast-featured-img":"","footer-sml-layout":"","theme-transparent-header-meta":"default","adv-header-id-meta":"","stick-header-meta":"","header-above-stick-meta":"","header-main-stick-meta":"","header-below-stick-meta":"","astra-migrate-meta-layouts":"set","ast-page-background-enabled":"default","ast-page-background-meta":{"desktop":{"background-color":"","background-image":"","background-repeat":"repeat","background-position":"center center","background-size":"auto","background-attachment":"scroll","background-type":"","background-media":"","overlay-type":"","overlay-color":"","overlay-gradient":""},"tablet":{"background-color":"","background-image":"","background-repeat":"repeat","background-position":"center center","background-size":"auto","background-attachment":"scroll","background-type":"","background-media":"","overlay-type":"","overlay-color":"","overlay-gradient":""},"mobile":{"background-color":"","background-image":"","background-repeat":"repeat","background-position":"center center","background-size":"auto","background-attachment":"scroll","background-type":"","background-media":"","overlay-type":"","overlay-color":"","overlay-gradient":""}},"ast-content-background-meta":{"desktop":{"background-color":"var(--ast-global-color-5)","background-image":"","background-repeat":"repeat","background-position":"center center","background-size":"auto","background-attachment":"scroll","background-type":"","background-media":"","overlay-type":"","overlay-color":"","overlay-gradient":""},"tablet":{"background-color":"var(--ast-global-color-5)","background-image":"","background-repeat":"repeat","background-position":"center center","background-size":"auto","background-attachment":"scroll","background-type":"","background-media":"","overlay-type":"","overlay-color":"","overlay-gradient":""},"mobile":{"background-color":"var(--ast-global-color-5)","background-image":"","background-repeat":"repeat","background-position":"center center","background-size":"auto","background-attachment":"scroll","background-type":"","background-media":"","overlay-type":"","overlay-color":"","overlay-gradient":""}}},"product_cat":[86],"product_tag":[],"class_list":{"0":"post-4683","1":"product","2":"type-product","3":"status-publish","4":"has-post-thumbnail","6":"product_cat-utilidades","7":"desktop-align-left","8":"tablet-align-left","9":"mobile-align-left","11":"first","12":"instock","13":"sale","14":"shipping-taxable","15":"purchasable","16":"product-type-simple"},"acf":[],"yoast_head":"<!-- This site is optimized with the Yoast SEO plugin v22.3 - https:\/\/yoast.com\/wordpress\/plugins\/seo\/ -->\n<title>Impermeabilizante De Tecidos 325ml Ultralub<\/title>\n<meta name=\"description\" content=\"O Impermeabilizante de Tecidos 325ml Ultralub \u00e9 um produto utilizado para proteger tecidos contra a penetra\u00e7\u00e3o de l\u00edquidos e sujeira. Ele cria uma camada protetora que repele \u00e1gua, \u00f3leo e outras subst\u00e2ncias, ajudando a preservar a apar\u00eancia e a durabilidade dos tecidos. Esse tipo de impermeabilizante \u00e9 comumente utilizado em estofados, sof\u00e1s, cadeiras, tapetes, almofadas, roupas e outros itens t\u00eaxteis. \u00c9 importante seguir as instru\u00e7\u00f5es de uso do fabricante para garantir a efic\u00e1cia do produto e evitar danos aos tecidos.\" \/>\n<meta name=\"robots\" content=\"index, follow, max-snippet:-1, max-image-preview:large, max-video-preview:-1\" \/>\n<link rel=\"canonical\" href=\"https:\/\/www.isarodas.com.br\/isa\/store\/utilidades\/impermeabilizante-de-tecidos-325ml-ultralub\/\" \/>\n<meta property=\"og:locale\" content=\"pt_BR\" \/>\n<meta property=\"og:type\" content=\"article\" \/>\n<meta property=\"og:title\" content=\"Impermeabilizante De Tecidos 325ml Ultralub\" \/>\n<meta property=\"og:description\" content=\"O Impermeabilizante de Tecidos 325ml Ultralub \u00e9 um produto utilizado para proteger tecidos contra a penetra\u00e7\u00e3o de l\u00edquidos e sujeira. Ele cria uma camada protetora que repele \u00e1gua, \u00f3leo e outras subst\u00e2ncias, ajudando a preservar a apar\u00eancia e a durabilidade dos tecidos. Esse tipo de impermeabilizante \u00e9 comumente utilizado em estofados, sof\u00e1s, cadeiras, tapetes, almofadas, roupas e outros itens t\u00eaxteis. \u00c9 importante seguir as instru\u00e7\u00f5es de uso do fabricante para garantir a efic\u00e1cia do produto e evitar danos aos tecidos.\" \/>\n<meta property=\"og:url\" content=\"https:\/\/www.isarodas.com.br\/isa\/store\/utilidades\/impermeabilizante-de-tecidos-325ml-ultralub\/\" \/>\n<meta property=\"og:site_name\" content=\"Isarodas\" \/>\n<meta property=\"article:publisher\" content=\"https:\/\/www.facebook.com\/isarodasoficial\/\" \/>\n<meta property=\"og:image\" content=\"https:\/\/www.isarodas.com.br\/isa\/wp-content\/uploads\/2024\/04\/impermeabilizante.jpg\" \/>\n\t<meta property=\"og:image:width\" content=\"579\" \/>\n\t<meta property=\"og:image:height\" content=\"1200\" \/>\n\t<meta property=\"og:image:type\" content=\"image\/jpeg\" \/>\n<meta name=\"twitter:card\" content=\"summary_large_image\" \/>\n<meta name=\"twitter:label1\" content=\"Est. tempo de leitura\" \/>\n\t<meta name=\"twitter:data1\" content=\"2 minutos\" \/>\n<script type=\"application\/ld+json\" class=\"yoast-schema-graph\">{\"@context\":\"https:\/\/schema.org\",\"@graph\":[{\"@type\":\"WebPage\",\"@id\":\"https:\/\/www.isarodas.com.br\/isa\/store\/utilidades\/impermeabilizante-de-tecidos-325ml-ultralub\/\",\"url\":\"https:\/\/www.isarodas.com.br\/isa\/store\/utilidades\/impermeabilizante-de-tecidos-325ml-ultralub\/\",\"name\":\"Impermeabilizante De Tecidos 325ml Ultralub\",\"isPartOf\":{\"@id\":\"https:\/\/www.isarodas.com.br\/isa\/#website\"},\"primaryImageOfPage\":{\"@id\":\"https:\/\/www.isarodas.com.br\/isa\/store\/utilidades\/impermeabilizante-de-tecidos-325ml-ultralub\/#primaryimage\"},\"image\":{\"@id\":\"https:\/\/www.isarodas.com.br\/isa\/store\/utilidades\/impermeabilizante-de-tecidos-325ml-ultralub\/#primaryimage\"},\"thumbnailUrl\":\"https:\/\/www.isarodas.com.br\/isa\/wp-content\/uploads\/2024\/04\/impermeabilizante.jpg\",\"datePublished\":\"2024-04-05T16:12:05+00:00\",\"dateModified\":\"2024-04-05T16:12:05+00:00\",\"description\":\"O Impermeabilizante de Tecidos 325ml Ultralub \u00e9 um produto utilizado para proteger tecidos contra a penetra\u00e7\u00e3o de l\u00edquidos e sujeira. Ele cria uma camada protetora que repele \u00e1gua, \u00f3leo e outras subst\u00e2ncias, ajudando a preservar a apar\u00eancia e a durabilidade dos tecidos. Esse tipo de impermeabilizante \u00e9 comumente utilizado em estofados, sof\u00e1s, cadeiras, tapetes, almofadas, roupas e outros itens t\u00eaxteis. \u00c9 importante seguir as instru\u00e7\u00f5es de uso do fabricante para garantir a efic\u00e1cia do produto e evitar danos aos tecidos.\",\"breadcrumb\":{\"@id\":\"https:\/\/www.isarodas.com.br\/isa\/store\/utilidades\/impermeabilizante-de-tecidos-325ml-ultralub\/#breadcrumb\"},\"inLanguage\":\"pt-BR\",\"potentialAction\":[{\"@type\":\"ReadAction\",\"target\":[\"https:\/\/www.isarodas.com.br\/isa\/store\/utilidades\/impermeabilizante-de-tecidos-325ml-ultralub\/\"]}]},{\"@type\":\"ImageObject\",\"inLanguage\":\"pt-BR\",\"@id\":\"https:\/\/www.isarodas.com.br\/isa\/store\/utilidades\/impermeabilizante-de-tecidos-325ml-ultralub\/#primaryimage\",\"url\":\"https:\/\/www.isarodas.com.br\/isa\/wp-content\/uploads\/2024\/04\/impermeabilizante.jpg\",\"contentUrl\":\"https:\/\/www.isarodas.com.br\/isa\/wp-content\/uploads\/2024\/04\/impermeabilizante.jpg\",\"width\":579,\"height\":1200},{\"@type\":\"BreadcrumbList\",\"@id\":\"https:\/\/www.isarodas.com.br\/isa\/store\/utilidades\/impermeabilizante-de-tecidos-325ml-ultralub\/#breadcrumb\",\"itemListElement\":[{\"@type\":\"ListItem\",\"position\":1,\"name\":\"In\u00edcio\",\"item\":\"https:\/\/www.isarodas.com.br\/isa\/\"},{\"@type\":\"ListItem\",\"position\":2,\"name\":\"Store\",\"item\":\"https:\/\/www.isarodas.com.br\/isa\/store\/\"},{\"@type\":\"ListItem\",\"position\":3,\"name\":\"Impermeabilizante De Tecidos 325ml Ultralub\"}]},{\"@type\":\"WebSite\",\"@id\":\"https:\/\/www.isarodas.com.br\/isa\/#website\",\"url\":\"https:\/\/www.isarodas.com.br\/isa\/\",\"name\":\"Isarodas\",\"description\":\"Ecommerce isarodas\",\"publisher\":{\"@id\":\"https:\/\/www.isarodas.com.br\/isa\/#organization\"},\"potentialAction\":[{\"@type\":\"SearchAction\",\"target\":{\"@type\":\"EntryPoint\",\"urlTemplate\":\"https:\/\/www.isarodas.com.br\/isa\/?s={search_term_string}\"},\"query-input\":\"required name=search_term_string\"}],\"inLanguage\":\"pt-BR\"},{\"@type\":\"Organization\",\"@id\":\"https:\/\/www.isarodas.com.br\/isa\/#organization\",\"name\":\"Isarodas\",\"url\":\"https:\/\/www.isarodas.com.br\/isa\/\",\"logo\":{\"@type\":\"ImageObject\",\"inLanguage\":\"pt-BR\",\"@id\":\"https:\/\/www.isarodas.com.br\/isa\/#\/schema\/logo\/image\/\",\"url\":\"https:\/\/www.isarodas.com.br\/isa\/wp-content\/uploads\/2024\/03\/cropped-lgs-1.png\",\"contentUrl\":\"https:\/\/www.isarodas.com.br\/isa\/wp-content\/uploads\/2024\/03\/cropped-lgs-1.png\",\"width\":120,\"height\":119,\"caption\":\"Isarodas\"},\"image\":{\"@id\":\"https:\/\/www.isarodas.com.br\/isa\/#\/schema\/logo\/image\/\"},\"sameAs\":[\"https:\/\/www.facebook.com\/isarodasoficial\/\",\"https:\/\/www.youtube.com\/@isarodas9312\",\"https:\/\/www.instagram.com\/isarodasoficial\/\"]}]}<\/script>\n<!-- \/ Yoast SEO plugin. -->","yoast_head_json":{"title":"Impermeabilizante De Tecidos 325ml Ultralub","description":"O Impermeabilizante de Tecidos 325ml Ultralub \u00e9 um produto utilizado para proteger tecidos contra a penetra\u00e7\u00e3o de l\u00edquidos e sujeira. Ele cria uma camada protetora que repele \u00e1gua, \u00f3leo e outras subst\u00e2ncias, ajudando a preservar a apar\u00eancia e a durabilidade dos tecidos. Esse tipo de impermeabilizante \u00e9 comumente utilizado em estofados, sof\u00e1s, cadeiras, tapetes, almofadas, roupas e outros itens t\u00eaxteis. \u00c9 importante seguir as instru\u00e7\u00f5es de uso do fabricante para garantir a efic\u00e1cia do produto e evitar danos aos tecidos.","robots":{"index":"index","follow":"follow","max-snippet":"max-snippet:-1","max-image-preview":"max-image-preview:large","max-video-preview":"max-video-preview:-1"},"canonical":"https:\/\/www.isarodas.com.br\/isa\/store\/utilidades\/impermeabilizante-de-tecidos-325ml-ultralub\/","og_locale":"pt_BR","og_type":"article","og_title":"Impermeabilizante De Tecidos 325ml Ultralub","og_description":"O Impermeabilizante de Tecidos 325ml Ultralub \u00e9 um produto utilizado para proteger tecidos contra a penetra\u00e7\u00e3o de l\u00edquidos e sujeira. Ele cria uma camada protetora que repele \u00e1gua, \u00f3leo e outras subst\u00e2ncias, ajudando a preservar a apar\u00eancia e a durabilidade dos tecidos. Esse tipo de impermeabilizante \u00e9 comumente utilizado em estofados, sof\u00e1s, cadeiras, tapetes, almofadas, roupas e outros itens t\u00eaxteis. \u00c9 importante seguir as instru\u00e7\u00f5es de uso do fabricante para garantir a efic\u00e1cia do produto e evitar danos aos tecidos.","og_url":"https:\/\/www.isarodas.com.br\/isa\/store\/utilidades\/impermeabilizante-de-tecidos-325ml-ultralub\/","og_site_name":"Isarodas","article_publisher":"https:\/\/www.facebook.com\/isarodasoficial\/","og_image":[{"width":579,"height":1200,"url":"https:\/\/www.isarodas.com.br\/isa\/wp-content\/uploads\/2024\/04\/impermeabilizante.jpg","type":"image\/jpeg"}],"twitter_card":"summary_large_image","twitter_misc":{"Est. tempo de leitura":"2 minutos"},"schema":{"@context":"https:\/\/schema.org","@graph":[{"@type":"WebPage","@id":"https:\/\/www.isarodas.com.br\/isa\/store\/utilidades\/impermeabilizante-de-tecidos-325ml-ultralub\/","url":"https:\/\/www.isarodas.com.br\/isa\/store\/utilidades\/impermeabilizante-de-tecidos-325ml-ultralub\/","name":"Impermeabilizante De Tecidos 325ml Ultralub","isPartOf":{"@id":"https:\/\/www.isarodas.com.br\/isa\/#website"},"primaryImageOfPage":{"@id":"https:\/\/www.isarodas.com.br\/isa\/store\/utilidades\/impermeabilizante-de-tecidos-325ml-ultralub\/#primaryimage"},"image":{"@id":"https:\/\/www.isarodas.com.br\/isa\/store\/utilidades\/impermeabilizante-de-tecidos-325ml-ultralub\/#primaryimage"},"thumbnailUrl":"https:\/\/www.isarodas.com.br\/isa\/wp-content\/uploads\/2024\/04\/impermeabilizante.jpg","datePublished":"2024-04-05T16:12:05+00:00","dateModified":"2024-04-05T16:12:05+00:00","description":"O Impermeabilizante de Tecidos 325ml Ultralub \u00e9 um produto utilizado para proteger tecidos contra a penetra\u00e7\u00e3o de l\u00edquidos e sujeira. Ele cria uma camada protetora que repele \u00e1gua, \u00f3leo e outras subst\u00e2ncias, ajudando a preservar a apar\u00eancia e a durabilidade dos tecidos. Esse tipo de impermeabilizante \u00e9 comumente utilizado em estofados, sof\u00e1s, cadeiras, tapetes, almofadas, roupas e outros itens t\u00eaxteis. \u00c9 importante seguir as instru\u00e7\u00f5es de uso do fabricante para garantir a efic\u00e1cia do produto e evitar danos aos tecidos.","breadcrumb":{"@id":"https:\/\/www.isarodas.com.br\/isa\/store\/utilidades\/impermeabilizante-de-tecidos-325ml-ultralub\/#breadcrumb"},"inLanguage":"pt-BR","potentialAction":[{"@type":"ReadAction","target":["https:\/\/www.isarodas.com.br\/isa\/store\/utilidades\/impermeabilizante-de-tecidos-325ml-ultralub\/"]}]},{"@type":"ImageObject","inLanguage":"pt-BR","@id":"https:\/\/www.isarodas.com.br\/isa\/store\/utilidades\/impermeabilizante-de-tecidos-325ml-ultralub\/#primaryimage","url":"https:\/\/www.isarodas.com.br\/isa\/wp-content\/uploads\/2024\/04\/impermeabilizante.jpg","contentUrl":"https:\/\/www.isarodas.com.br\/isa\/wp-content\/uploads\/2024\/04\/impermeabilizante.jpg","width":579,"height":1200},{"@type":"BreadcrumbList","@id":"https:\/\/www.isarodas.com.br\/isa\/store\/utilidades\/impermeabilizante-de-tecidos-325ml-ultralub\/#breadcrumb","itemListElement":[{"@type":"ListItem","position":1,"name":"In\u00edcio","item":"https:\/\/www.isarodas.com.br\/isa\/"},{"@type":"ListItem","position":2,"name":"Store","item":"https:\/\/www.isarodas.com.br\/isa\/store\/"},{"@type":"ListItem","position":3,"name":"Impermeabilizante De Tecidos 325ml Ultralub"}]},{"@type":"WebSite","@id":"https:\/\/www.isarodas.com.br\/isa\/#website","url":"https:\/\/www.isarodas.com.br\/isa\/","name":"Isarodas","description":"Ecommerce isarodas","publisher":{"@id":"https:\/\/www.isarodas.com.br\/isa\/#organization"},"potentialAction":[{"@type":"SearchAction","target":{"@type":"EntryPoint","urlTemplate":"https:\/\/www.isarodas.com.br\/isa\/?s={search_term_string}"},"query-input":"required name=search_term_string"}],"inLanguage":"pt-BR"},{"@type":"Organization","@id":"https:\/\/www.isarodas.com.br\/isa\/#organization","name":"Isarodas","url":"https:\/\/www.isarodas.com.br\/isa\/","logo":{"@type":"ImageObject","inLanguage":"pt-BR","@id":"https:\/\/www.isarodas.com.br\/isa\/#\/schema\/logo\/image\/","url":"https:\/\/www.isarodas.com.br\/isa\/wp-content\/uploads\/2024\/03\/cropped-lgs-1.png","contentUrl":"https:\/\/www.isarodas.com.br\/isa\/wp-content\/uploads\/2024\/03\/cropped-lgs-1.png","width":120,"height":119,"caption":"Isarodas"},"image":{"@id":"https:\/\/www.isarodas.com.br\/isa\/#\/schema\/logo\/image\/"},"sameAs":["https:\/\/www.facebook.com\/isarodasoficial\/","https:\/\/www.youtube.com\/@isarodas9312","https:\/\/www.instagram.com\/isarodasoficial\/"]}]}},"_links":{"self":[{"href":"https:\/\/www.isarodas.com.br\/isa\/wp-json\/wp\/v2\/product\/4683","targetHints":{"allow":["GET"]}}],"collection":[{"href":"https:\/\/www.isarodas.com.br\/isa\/wp-json\/wp\/v2\/product"}],"about":[{"href":"https:\/\/www.isarodas.com.br\/isa\/wp-json\/wp\/v2\/types\/product"}],"replies":[{"embeddable":true,"href":"https:\/\/www.isarodas.com.br\/isa\/wp-json\/wp\/v2\/comments?post=4683"}],"version-history":[{"count":1,"href":"https:\/\/www.isarodas.com.br\/isa\/wp-json\/wp\/v2\/product\/4683\/revisions"}],"predecessor-version":[{"id":4685,"href":"https:\/\/www.isarodas.com.br\/isa\/wp-json\/wp\/v2\/product\/4683\/revisions\/4685"}],"wp:featuredmedia":[{"embeddable":true,"href":"https:\/\/www.isarodas.com.br\/isa\/wp-json\/wp\/v2\/media\/4684"}],"wp:attachment":[{"href":"https:\/\/www.isarodas.com.br\/isa\/wp-json\/wp\/v2\/media?parent=4683"}],"wp:term":[{"taxonomy":"product_cat","embeddable":true,"href":"https:\/\/www.isarodas.com.br\/isa\/wp-json\/wp\/v2\/product_cat?post=4683"},{"taxonomy":"product_tag","embeddable":true,"href":"https:\/\/www.isarodas.com.br\/isa\/wp-json\/wp\/v2\/product_tag?post=4683"}],"curies":[{"name":"wp","href":"https:\/\/api.w.org\/{rel}","templated":true}]}}