{"id":4613,"date":"2024-04-04T15:45:18","date_gmt":"2024-04-04T18:45:18","guid":{"rendered":"https:\/\/www.isarodas.com.br\/isa\/?post_type=product&#038;p=4613"},"modified":"2024-04-04T15:45:19","modified_gmt":"2024-04-04T18:45:19","slug":"kit-com-20-dinossauro-borracha-miniatura-bichos-animais","status":"publish","type":"product","link":"https:\/\/www.isarodas.com.br\/isa\/store\/brinquedos\/kit-com-20-dinossauro-borracha-miniatura-bichos-animais\/","title":{"rendered":"Kit Com 20 Dinossauro Borracha Miniatura Bichos Animais"},"content":{"rendered":"<div class=\"flex-1 overflow-hidden\">\n<div class=\"react-scroll-to-bottom--css-vmqtn-79elbk h-full\">\n<div class=\"react-scroll-to-bottom--css-vmqtn-1n7m0yu\">\n<div>\n<div class=\"flex flex-col text-sm pb-9\">\n<div class=\"w-full text-token-text-primary\" data-testid=\"conversation-turn-55\">\n<div class=\"px-4 py-2 justify-center text-base md:gap-6 m-auto\">\n<div class=\"flex flex-1 text-base mx-auto gap-3 md:px-5 lg:px-1 xl:px-5 md:max-w-3xl lg:max-w-[40rem] xl:max-w-[48rem] group final-completion\">\n<div class=\"relative flex w-full flex-col agent-turn\">\n<div class=\"flex-col gap-1 md:gap-3\">\n<div class=\"flex flex-grow flex-col max-w-full\">\n<div class=\"min-h-[20px] text-message flex flex-col items-start gap-3 whitespace-pre-wrap break-words [.text-message+&amp;]:mt-5 overflow-x-auto\" data-message-author-role=\"assistant\" data-message-id=\"bf70703b-11f5-4ad2-aeb0-f39020161b08\">\n<div class=\"markdown prose w-full break-words dark:prose-invert light\">\n<p>Entre em uma aventura pr\u00e9-hist\u00f3rica com o Kit de 20 Dinossauros em Miniatura! Este conjunto encantador apresenta uma variedade de dinossauros em miniatura, cada um detalhado com precis\u00e3o para recriar as criaturas majestosas que habitavam a Terra h\u00e1 milh\u00f5es de anos.<\/p>\n<p>Feitos de borracha dur\u00e1vel, esses dinossauros s\u00e3o perfeitos para brincar, colecionar e at\u00e9 mesmo usar em atividades educativas. Deixe a imagina\u00e7\u00e3o correr solta enquanto as crian\u00e7as exploram o mundo fascinante dos dinossauros com este kit emocionante de miniaturas de animais!<\/p>\n<\/div>\n<\/div>\n<\/div>\n<\/div>\n<\/div>\n<\/div>\n<\/div>\n<\/div>\n<\/div>\n<\/div>\n<\/div>\n<\/div>\n<\/div>\n","protected":false},"excerpt":{"rendered":"<p>Entre em uma aventura pr\u00e9-hist\u00f3rica com o Kit de 20 Dinossauros em Miniatura! Este conjunto encantador apresenta uma variedade de dinossauros em miniatura, cada um detalhado com precis\u00e3o para recriar as criaturas majestosas que habitavam a Terra h\u00e1 milh\u00f5es de anos. Feitos de borracha dur\u00e1vel, esses dinossauros s\u00e3o perfeitos para brincar, colecionar e at\u00e9 mesmo [&hellip;]<\/p>\n","protected":false},"featured_media":4614,"comment_status":"open","ping_status":"closed","template":"","meta":{"_acf_changed":false,"site-sidebar-layout":"default","site-content-layout":"","ast-site-content-layout":"default","site-content-style":"default","site-sidebar-style":"default","ast-global-header-display":"","ast-banner-title-visibility":"","ast-main-header-display":"","ast-hfb-above-header-display":"","ast-hfb-below-header-display":"","ast-hfb-mobile-header-display":"","site-post-title":"","ast-breadcrumbs-content":"","ast-featured-img":"","footer-sml-layout":"","theme-transparent-header-meta":"default","adv-header-id-meta":"","stick-header-meta":"","header-above-stick-meta":"","header-main-stick-meta":"","header-below-stick-meta":"","astra-migrate-meta-layouts":"set","ast-page-background-enabled":"default","ast-page-background-meta":{"desktop":{"background-color":"","background-image":"","background-repeat":"repeat","background-position":"center center","background-size":"auto","background-attachment":"scroll","background-type":"","background-media":"","overlay-type":"","overlay-color":"","overlay-gradient":""},"tablet":{"background-color":"","background-image":"","background-repeat":"repeat","background-position":"center center","background-size":"auto","background-attachment":"scroll","background-type":"","background-media":"","overlay-type":"","overlay-color":"","overlay-gradient":""},"mobile":{"background-color":"","background-image":"","background-repeat":"repeat","background-position":"center center","background-size":"auto","background-attachment":"scroll","background-type":"","background-media":"","overlay-type":"","overlay-color":"","overlay-gradient":""}},"ast-content-background-meta":{"desktop":{"background-color":"var(--ast-global-color-5)","background-image":"","background-repeat":"repeat","background-position":"center center","background-size":"auto","background-attachment":"scroll","background-type":"","background-media":"","overlay-type":"","overlay-color":"","overlay-gradient":""},"tablet":{"background-color":"var(--ast-global-color-5)","background-image":"","background-repeat":"repeat","background-position":"center center","background-size":"auto","background-attachment":"scroll","background-type":"","background-media":"","overlay-type":"","overlay-color":"","overlay-gradient":""},"mobile":{"background-color":"var(--ast-global-color-5)","background-image":"","background-repeat":"repeat","background-position":"center center","background-size":"auto","background-attachment":"scroll","background-type":"","background-media":"","overlay-type":"","overlay-color":"","overlay-gradient":""}}},"product_cat":[58],"product_tag":[],"class_list":{"0":"post-4613","1":"product","2":"type-product","3":"status-publish","4":"has-post-thumbnail","6":"product_cat-brinquedos","7":"desktop-align-left","8":"tablet-align-left","9":"mobile-align-left","11":"first","12":"instock","13":"sale","14":"shipping-taxable","15":"purchasable","16":"product-type-simple"},"acf":[],"yoast_head":"<!-- This site is optimized with the Yoast SEO plugin v22.3 - https:\/\/yoast.com\/wordpress\/plugins\/seo\/ -->\n<title>Kit Com 20 Dinossauro Borracha Miniatura Bichos Animais<\/title>\n<meta name=\"description\" content=\"Explore a era dos dinossauros com o Kit de 20 Dinossauros em Miniatura! Feitos de borracha dur\u00e1vel, estes dinossauros detalhados s\u00e3o perfeitos para brincar, colecionar e aprender sobre essas criaturas fascinantes. Deixe as crian\u00e7as embarcarem em uma aventura pr\u00e9-hist\u00f3rica cheia de divers\u00e3o e descobertas com este emocionante conjunto de miniaturas de animais. Adquira j\u00e1 e d\u00ea vida \u00e0 imagina\u00e7\u00e3o!\" \/>\n<meta name=\"robots\" content=\"index, follow, max-snippet:-1, max-image-preview:large, max-video-preview:-1\" \/>\n<link rel=\"canonical\" href=\"https:\/\/www.isarodas.com.br\/isa\/store\/brinquedos\/kit-com-20-dinossauro-borracha-miniatura-bichos-animais\/\" \/>\n<meta property=\"og:locale\" content=\"pt_BR\" \/>\n<meta property=\"og:type\" content=\"article\" \/>\n<meta property=\"og:title\" content=\"Kit Com 20 Dinossauro Borracha Miniatura Bichos Animais\" \/>\n<meta property=\"og:description\" content=\"Explore a era dos dinossauros com o Kit de 20 Dinossauros em Miniatura! Feitos de borracha dur\u00e1vel, estes dinossauros detalhados s\u00e3o perfeitos para brincar, colecionar e aprender sobre essas criaturas fascinantes. Deixe as crian\u00e7as embarcarem em uma aventura pr\u00e9-hist\u00f3rica cheia de divers\u00e3o e descobertas com este emocionante conjunto de miniaturas de animais. Adquira j\u00e1 e d\u00ea vida \u00e0 imagina\u00e7\u00e3o!\" \/>\n<meta property=\"og:url\" content=\"https:\/\/www.isarodas.com.br\/isa\/store\/brinquedos\/kit-com-20-dinossauro-borracha-miniatura-bichos-animais\/\" \/>\n<meta property=\"og:site_name\" content=\"Isarodas\" \/>\n<meta property=\"article:publisher\" content=\"https:\/\/www.facebook.com\/isarodasoficial\/\" \/>\n<meta property=\"article:modified_time\" content=\"2024-04-04T18:45:19+00:00\" \/>\n<meta property=\"og:image\" content=\"https:\/\/www.isarodas.com.br\/isa\/wp-content\/uploads\/2024\/04\/7b153c11ffd1a4fcb5ab27b897e1e0b4.jpg\" \/>\n\t<meta property=\"og:image:width\" content=\"500\" \/>\n\t<meta property=\"og:image:height\" content=\"500\" \/>\n\t<meta property=\"og:image:type\" content=\"image\/jpeg\" \/>\n<meta name=\"twitter:card\" content=\"summary_large_image\" \/>\n<meta name=\"twitter:label1\" content=\"Est. tempo de leitura\" \/>\n\t<meta name=\"twitter:data1\" content=\"1 minuto\" \/>\n<script type=\"application\/ld+json\" class=\"yoast-schema-graph\">{\"@context\":\"https:\/\/schema.org\",\"@graph\":[{\"@type\":\"WebPage\",\"@id\":\"https:\/\/www.isarodas.com.br\/isa\/store\/brinquedos\/kit-com-20-dinossauro-borracha-miniatura-bichos-animais\/\",\"url\":\"https:\/\/www.isarodas.com.br\/isa\/store\/brinquedos\/kit-com-20-dinossauro-borracha-miniatura-bichos-animais\/\",\"name\":\"Kit Com 20 Dinossauro Borracha Miniatura Bichos Animais\",\"isPartOf\":{\"@id\":\"https:\/\/www.isarodas.com.br\/isa\/#website\"},\"primaryImageOfPage\":{\"@id\":\"https:\/\/www.isarodas.com.br\/isa\/store\/brinquedos\/kit-com-20-dinossauro-borracha-miniatura-bichos-animais\/#primaryimage\"},\"image\":{\"@id\":\"https:\/\/www.isarodas.com.br\/isa\/store\/brinquedos\/kit-com-20-dinossauro-borracha-miniatura-bichos-animais\/#primaryimage\"},\"thumbnailUrl\":\"https:\/\/www.isarodas.com.br\/isa\/wp-content\/uploads\/2024\/04\/7b153c11ffd1a4fcb5ab27b897e1e0b4.jpg\",\"datePublished\":\"2024-04-04T18:45:18+00:00\",\"dateModified\":\"2024-04-04T18:45:19+00:00\",\"description\":\"Explore a era dos dinossauros com o Kit de 20 Dinossauros em Miniatura! Feitos de borracha dur\u00e1vel, estes dinossauros detalhados s\u00e3o perfeitos para brincar, colecionar e aprender sobre essas criaturas fascinantes. Deixe as crian\u00e7as embarcarem em uma aventura pr\u00e9-hist\u00f3rica cheia de divers\u00e3o e descobertas com este emocionante conjunto de miniaturas de animais. Adquira j\u00e1 e d\u00ea vida \u00e0 imagina\u00e7\u00e3o!\",\"breadcrumb\":{\"@id\":\"https:\/\/www.isarodas.com.br\/isa\/store\/brinquedos\/kit-com-20-dinossauro-borracha-miniatura-bichos-animais\/#breadcrumb\"},\"inLanguage\":\"pt-BR\",\"potentialAction\":[{\"@type\":\"ReadAction\",\"target\":[\"https:\/\/www.isarodas.com.br\/isa\/store\/brinquedos\/kit-com-20-dinossauro-borracha-miniatura-bichos-animais\/\"]}]},{\"@type\":\"ImageObject\",\"inLanguage\":\"pt-BR\",\"@id\":\"https:\/\/www.isarodas.com.br\/isa\/store\/brinquedos\/kit-com-20-dinossauro-borracha-miniatura-bichos-animais\/#primaryimage\",\"url\":\"https:\/\/www.isarodas.com.br\/isa\/wp-content\/uploads\/2024\/04\/7b153c11ffd1a4fcb5ab27b897e1e0b4.jpg\",\"contentUrl\":\"https:\/\/www.isarodas.com.br\/isa\/wp-content\/uploads\/2024\/04\/7b153c11ffd1a4fcb5ab27b897e1e0b4.jpg\",\"width\":500,\"height\":500},{\"@type\":\"BreadcrumbList\",\"@id\":\"https:\/\/www.isarodas.com.br\/isa\/store\/brinquedos\/kit-com-20-dinossauro-borracha-miniatura-bichos-animais\/#breadcrumb\",\"itemListElement\":[{\"@type\":\"ListItem\",\"position\":1,\"name\":\"In\u00edcio\",\"item\":\"https:\/\/www.isarodas.com.br\/isa\/\"},{\"@type\":\"ListItem\",\"position\":2,\"name\":\"Store\",\"item\":\"https:\/\/www.isarodas.com.br\/isa\/store\/\"},{\"@type\":\"ListItem\",\"position\":3,\"name\":\"Kit Com 20 Dinossauro Borracha Miniatura Bichos Animais\"}]},{\"@type\":\"WebSite\",\"@id\":\"https:\/\/www.isarodas.com.br\/isa\/#website\",\"url\":\"https:\/\/www.isarodas.com.br\/isa\/\",\"name\":\"Isarodas\",\"description\":\"Ecommerce isarodas\",\"publisher\":{\"@id\":\"https:\/\/www.isarodas.com.br\/isa\/#organization\"},\"potentialAction\":[{\"@type\":\"SearchAction\",\"target\":{\"@type\":\"EntryPoint\",\"urlTemplate\":\"https:\/\/www.isarodas.com.br\/isa\/?s={search_term_string}\"},\"query-input\":\"required name=search_term_string\"}],\"inLanguage\":\"pt-BR\"},{\"@type\":\"Organization\",\"@id\":\"https:\/\/www.isarodas.com.br\/isa\/#organization\",\"name\":\"Isarodas\",\"url\":\"https:\/\/www.isarodas.com.br\/isa\/\",\"logo\":{\"@type\":\"ImageObject\",\"inLanguage\":\"pt-BR\",\"@id\":\"https:\/\/www.isarodas.com.br\/isa\/#\/schema\/logo\/image\/\",\"url\":\"https:\/\/www.isarodas.com.br\/isa\/wp-content\/uploads\/2024\/03\/cropped-lgs-1.png\",\"contentUrl\":\"https:\/\/www.isarodas.com.br\/isa\/wp-content\/uploads\/2024\/03\/cropped-lgs-1.png\",\"width\":120,\"height\":119,\"caption\":\"Isarodas\"},\"image\":{\"@id\":\"https:\/\/www.isarodas.com.br\/isa\/#\/schema\/logo\/image\/\"},\"sameAs\":[\"https:\/\/www.facebook.com\/isarodasoficial\/\",\"https:\/\/www.youtube.com\/@isarodas9312\",\"https:\/\/www.instagram.com\/isarodasoficial\/\"]}]}<\/script>\n<!-- \/ Yoast SEO plugin. -->","yoast_head_json":{"title":"Kit Com 20 Dinossauro Borracha Miniatura Bichos Animais","description":"Explore a era dos dinossauros com o Kit de 20 Dinossauros em Miniatura! Feitos de borracha dur\u00e1vel, estes dinossauros detalhados s\u00e3o perfeitos para brincar, colecionar e aprender sobre essas criaturas fascinantes. Deixe as crian\u00e7as embarcarem em uma aventura pr\u00e9-hist\u00f3rica cheia de divers\u00e3o e descobertas com este emocionante conjunto de miniaturas de animais. Adquira j\u00e1 e d\u00ea vida \u00e0 imagina\u00e7\u00e3o!","robots":{"index":"index","follow":"follow","max-snippet":"max-snippet:-1","max-image-preview":"max-image-preview:large","max-video-preview":"max-video-preview:-1"},"canonical":"https:\/\/www.isarodas.com.br\/isa\/store\/brinquedos\/kit-com-20-dinossauro-borracha-miniatura-bichos-animais\/","og_locale":"pt_BR","og_type":"article","og_title":"Kit Com 20 Dinossauro Borracha Miniatura Bichos Animais","og_description":"Explore a era dos dinossauros com o Kit de 20 Dinossauros em Miniatura! Feitos de borracha dur\u00e1vel, estes dinossauros detalhados s\u00e3o perfeitos para brincar, colecionar e aprender sobre essas criaturas fascinantes. Deixe as crian\u00e7as embarcarem em uma aventura pr\u00e9-hist\u00f3rica cheia de divers\u00e3o e descobertas com este emocionante conjunto de miniaturas de animais. Adquira j\u00e1 e d\u00ea vida \u00e0 imagina\u00e7\u00e3o!","og_url":"https:\/\/www.isarodas.com.br\/isa\/store\/brinquedos\/kit-com-20-dinossauro-borracha-miniatura-bichos-animais\/","og_site_name":"Isarodas","article_publisher":"https:\/\/www.facebook.com\/isarodasoficial\/","article_modified_time":"2024-04-04T18:45:19+00:00","og_image":[{"width":500,"height":500,"url":"https:\/\/www.isarodas.com.br\/isa\/wp-content\/uploads\/2024\/04\/7b153c11ffd1a4fcb5ab27b897e1e0b4.jpg","type":"image\/jpeg"}],"twitter_card":"summary_large_image","twitter_misc":{"Est. tempo de leitura":"1 minuto"},"schema":{"@context":"https:\/\/schema.org","@graph":[{"@type":"WebPage","@id":"https:\/\/www.isarodas.com.br\/isa\/store\/brinquedos\/kit-com-20-dinossauro-borracha-miniatura-bichos-animais\/","url":"https:\/\/www.isarodas.com.br\/isa\/store\/brinquedos\/kit-com-20-dinossauro-borracha-miniatura-bichos-animais\/","name":"Kit Com 20 Dinossauro Borracha Miniatura Bichos Animais","isPartOf":{"@id":"https:\/\/www.isarodas.com.br\/isa\/#website"},"primaryImageOfPage":{"@id":"https:\/\/www.isarodas.com.br\/isa\/store\/brinquedos\/kit-com-20-dinossauro-borracha-miniatura-bichos-animais\/#primaryimage"},"image":{"@id":"https:\/\/www.isarodas.com.br\/isa\/store\/brinquedos\/kit-com-20-dinossauro-borracha-miniatura-bichos-animais\/#primaryimage"},"thumbnailUrl":"https:\/\/www.isarodas.com.br\/isa\/wp-content\/uploads\/2024\/04\/7b153c11ffd1a4fcb5ab27b897e1e0b4.jpg","datePublished":"2024-04-04T18:45:18+00:00","dateModified":"2024-04-04T18:45:19+00:00","description":"Explore a era dos dinossauros com o Kit de 20 Dinossauros em Miniatura! Feitos de borracha dur\u00e1vel, estes dinossauros detalhados s\u00e3o perfeitos para brincar, colecionar e aprender sobre essas criaturas fascinantes. Deixe as crian\u00e7as embarcarem em uma aventura pr\u00e9-hist\u00f3rica cheia de divers\u00e3o e descobertas com este emocionante conjunto de miniaturas de animais. Adquira j\u00e1 e d\u00ea vida \u00e0 imagina\u00e7\u00e3o!","breadcrumb":{"@id":"https:\/\/www.isarodas.com.br\/isa\/store\/brinquedos\/kit-com-20-dinossauro-borracha-miniatura-bichos-animais\/#breadcrumb"},"inLanguage":"pt-BR","potentialAction":[{"@type":"ReadAction","target":["https:\/\/www.isarodas.com.br\/isa\/store\/brinquedos\/kit-com-20-dinossauro-borracha-miniatura-bichos-animais\/"]}]},{"@type":"ImageObject","inLanguage":"pt-BR","@id":"https:\/\/www.isarodas.com.br\/isa\/store\/brinquedos\/kit-com-20-dinossauro-borracha-miniatura-bichos-animais\/#primaryimage","url":"https:\/\/www.isarodas.com.br\/isa\/wp-content\/uploads\/2024\/04\/7b153c11ffd1a4fcb5ab27b897e1e0b4.jpg","contentUrl":"https:\/\/www.isarodas.com.br\/isa\/wp-content\/uploads\/2024\/04\/7b153c11ffd1a4fcb5ab27b897e1e0b4.jpg","width":500,"height":500},{"@type":"BreadcrumbList","@id":"https:\/\/www.isarodas.com.br\/isa\/store\/brinquedos\/kit-com-20-dinossauro-borracha-miniatura-bichos-animais\/#breadcrumb","itemListElement":[{"@type":"ListItem","position":1,"name":"In\u00edcio","item":"https:\/\/www.isarodas.com.br\/isa\/"},{"@type":"ListItem","position":2,"name":"Store","item":"https:\/\/www.isarodas.com.br\/isa\/store\/"},{"@type":"ListItem","position":3,"name":"Kit Com 20 Dinossauro Borracha Miniatura Bichos Animais"}]},{"@type":"WebSite","@id":"https:\/\/www.isarodas.com.br\/isa\/#website","url":"https:\/\/www.isarodas.com.br\/isa\/","name":"Isarodas","description":"Ecommerce isarodas","publisher":{"@id":"https:\/\/www.isarodas.com.br\/isa\/#organization"},"potentialAction":[{"@type":"SearchAction","target":{"@type":"EntryPoint","urlTemplate":"https:\/\/www.isarodas.com.br\/isa\/?s={search_term_string}"},"query-input":"required name=search_term_string"}],"inLanguage":"pt-BR"},{"@type":"Organization","@id":"https:\/\/www.isarodas.com.br\/isa\/#organization","name":"Isarodas","url":"https:\/\/www.isarodas.com.br\/isa\/","logo":{"@type":"ImageObject","inLanguage":"pt-BR","@id":"https:\/\/www.isarodas.com.br\/isa\/#\/schema\/logo\/image\/","url":"https:\/\/www.isarodas.com.br\/isa\/wp-content\/uploads\/2024\/03\/cropped-lgs-1.png","contentUrl":"https:\/\/www.isarodas.com.br\/isa\/wp-content\/uploads\/2024\/03\/cropped-lgs-1.png","width":120,"height":119,"caption":"Isarodas"},"image":{"@id":"https:\/\/www.isarodas.com.br\/isa\/#\/schema\/logo\/image\/"},"sameAs":["https:\/\/www.facebook.com\/isarodasoficial\/","https:\/\/www.youtube.com\/@isarodas9312","https:\/\/www.instagram.com\/isarodasoficial\/"]}]}},"_links":{"self":[{"href":"https:\/\/www.isarodas.com.br\/isa\/wp-json\/wp\/v2\/product\/4613","targetHints":{"allow":["GET"]}}],"collection":[{"href":"https:\/\/www.isarodas.com.br\/isa\/wp-json\/wp\/v2\/product"}],"about":[{"href":"https:\/\/www.isarodas.com.br\/isa\/wp-json\/wp\/v2\/types\/product"}],"replies":[{"embeddable":true,"href":"https:\/\/www.isarodas.com.br\/isa\/wp-json\/wp\/v2\/comments?post=4613"}],"version-history":[{"count":1,"href":"https:\/\/www.isarodas.com.br\/isa\/wp-json\/wp\/v2\/product\/4613\/revisions"}],"predecessor-version":[{"id":4616,"href":"https:\/\/www.isarodas.com.br\/isa\/wp-json\/wp\/v2\/product\/4613\/revisions\/4616"}],"wp:featuredmedia":[{"embeddable":true,"href":"https:\/\/www.isarodas.com.br\/isa\/wp-json\/wp\/v2\/media\/4614"}],"wp:attachment":[{"href":"https:\/\/www.isarodas.com.br\/isa\/wp-json\/wp\/v2\/media?parent=4613"}],"wp:term":[{"taxonomy":"product_cat","embeddable":true,"href":"https:\/\/www.isarodas.com.br\/isa\/wp-json\/wp\/v2\/product_cat?post=4613"},{"taxonomy":"product_tag","embeddable":true,"href":"https:\/\/www.isarodas.com.br\/isa\/wp-json\/wp\/v2\/product_tag?post=4613"}],"curies":[{"name":"wp","href":"https:\/\/api.w.org\/{rel}","templated":true}]}}